File: /var/www/vhosts/followyourears.com/logs/access_ssl_log
79.117.157.62 - - [11/Jun/2026:00:52:49 -0500] "GET /sitemap353.xml HTTP/1.1" 200 114561 "-" "Mozilla/5.0 (Macintosh; Intel Mac OS X 13.5; rv:131.0) Gecko/20100101 Firefox/131.0"
45.94.101.44 - - [11/Jun/2026:00:58:31 -0500] "GET /sitemap900.xml HTTP/1.1" 200 544733 "-" "Mozilla/5.0 (Macintosh; Intel Mac OS X 11_5_0) AppleWebKit/537.36 (KHTML, like Gecko) Chrome/132.0.6834.110 Safari/537.36"
31.36.219.208 - - [11/Jun/2026:00:59:11 -0500] "GET /products/181014707 HTTP/1.1" 200 114546 "-" "Mozilla/5.0 (Macintosh; Intel Mac OS X 10.15; rv:134.0) Gecko/20100101 Firefox/134.0"
69.30.223.218 - - [11/Jun/2026:01:01:09 -0500] "GET /wp-content/themes/twentytwentyone/assets/sass/05-blocks/file/62/index.php HTTP/1.1" 200 4926 "https://followyourears.com/wp-content/themes/twentytwentyone/assets/sass/05-blocks/file/62/index.php" "Mozilla/5.0 (Windows NT 10.0; Win64; x64) AppleWebKit/537.36 (KHTML, like Gecko) Chrome/58.0.3029.110 Safari/537.3"
69.30.223.218 - - [11/Jun/2026:01:01:13 -0500] "GET /wp-content/themes/twentytwentyone/assets/sass/05-blocks/file/62/index.php HTTP/1.1" 200 4924 "https://followyourears.com/wp-content/themes/twentytwentyone/assets/sass/05-blocks/file/62/index.php" "Mozilla/5.0 (Windows NT 10.0; Win64; x64) AppleWebKit/537.36 (KHTML, like Gecko) Chrome/58.0.3029.110 Safari/537.3"
69.30.223.218 - - [11/Jun/2026:01:01:10 -0500] "GET /wp-content/themes/twentytwentyone/assets/sass/05-blocks/file/62/index.php HTTP/1.1" 500 5387 "https://followyourears.com/wp-content/themes/twentytwentyone/assets/sass/05-blocks/file/62/index.php" "Mozilla/5.0 (Windows NT 10.0; Win64; x64) AppleWebKit/537.36 (KHTML, like Gecko) Chrome/58.0.3029.110 Safari/537.3"
31.38.204.36 - - [11/Jun/2026:01:02:02 -0500] "GET /products/215038733 HTTP/1.1" 200 114546 "-" "Mozilla/5.0 (Windows NT 10.0; Win64; x64; rv:126.0) Gecko/20100101 Firefox/126.0"
74.7.227.27 - - [11/Jun/2026:01:02:57 -0500] "GET /?k=dxwy28l8cwbnyrs_gkind45331 HTTP/1.1" 403 5113 "https://followyourears.com/?sitemap241.xml" "Mozilla/5.0 AppleWebKit/537.36 (KHTML, like Gecko; compatible; GPTBot/1.4; +https://openai.com/gptbot)"
114.119.158.143 - - [11/Jun/2026:01:03:52 -0500] "GET /tag/michael-apted/ HTTP/1.1" 200 114546 "https://www.followyourears.com/wp-sitemap-taxonomies-post_tag-1.xml" "Mozilla/5.0 (Linux; Android 7.0;) AppleWebKit/537.36 (HTML, like Gecko) Mobile Safari/537.36 (compatible; PetalBot;+https://webmaster.petalsearch.com/site/petalbot)"
74.7.227.27 - - [11/Jun/2026:01:04:02 -0500] "GET /?x=hmh149aex6kamnyb_gkind8050 HTTP/1.1" 403 5113 "https://followyourears.com/?sitemap241.xml" "Mozilla/5.0 AppleWebKit/537.36 (KHTML, like Gecko; compatible; GPTBot/1.4; +https://openai.com/gptbot)"
31.181.101.38 - - [11/Jun/2026:01:04:54 -0500] "GET /products/221019261 HTTP/1.1" 200 114546 "-" "Mozilla/5.0 (Windows NT 10.0; Win64; x64) AppleWebKit/537.36 (KHTML, like Gecko) Chrome/133.0.6943.141 Safari/537.36"
142.44.233.234 - - [11/Jun/2026:01:04:39 -0500] "GET /search.php?sitemap283.xml HTTP/1.1" 200 4933 "-" "Mozilla/5.0 (compatible; AhrefsBot/7.0; +http://ahrefs.com/robot/)"
74.7.227.27 - - [11/Jun/2026:01:05:03 -0500] "GET /?j=gqy272ze5wvvfnbi_gkind1651 HTTP/1.1" 403 5113 "https://followyourears.com/?sitemap241.xml" "Mozilla/5.0 AppleWebKit/537.36 (KHTML, like Gecko; compatible; GPTBot/1.4; +https://openai.com/gptbot)"
114.119.151.131 - - [11/Jun/2026:01:05:16 -0500] "GET /category/cyberstalking/?path=/var/www/vhosts/followyourears.com/anon_ftp HTTP/1.1" 200 22118 "https://www.followyourears.com/category/cyberstalking/?path=/var/www/vhosts/followyourears.com/anon_ftp/pub" "Mozilla/5.0 (Linux; Android 7.0;) AppleWebKit/537.36 (HTML, like Gecko) Mobile Safari/537.36 (compatible; PetalBot;+https://webmaster.petalsearch.com/site/petalbot)"
74.7.230.32 - - [11/Jun/2026:01:06:14 -0500] "GET /robots.txt HTTP/1.1" 200 5320 "-" "Mozilla/5.0 (Macintosh; Intel Mac OS X 10_15_7) AppleWebKit/537.36 (KHTML, like Gecko) Chrome/131.0.0.0 Safari/537.36; compatible; OAI-SearchBot/1.4; robots.txt; +https://openai.com/searchbot"
41.223.75.46 - - [11/Jun/2026:01:09:56 -0500] "GET /?shop%2Fshowerful%2Fambuscado381759257436.phtml%3Fpath=%2Fvar%2Fwww%2Fvhosts%2Ffollowyourears.com%2Fhttpdocs%2Fwp-includes HTTP/1.1" 403 5113 "-" "Mozilla/5.0 (Macintosh; Intel Mac OS X 10_11_6) AppleWebKit/537.36 (KHTML, like Gecko) Chrome/97.0.4692.99 Safari/537.36"
91.245.207.252 - - [11/Jun/2026:01:10:36 -0500] "GET /products/272027024 HTTP/1.1" 200 114546 "-" "Mozilla/4.0 (compatible; MSIE 5.0; Windows 98; Hotbar 3.0)"
18.97.14.85 - - [11/Jun/2026:01:12:23 -0500] "GET /robots.txt HTTP/1.1" 200 5320 "-" "CCBot/2.0 (https://commoncrawl.org/faq/)"
18.97.14.85 - - [11/Jun/2026:01:12:23 -0500] "GET /products/043031677 HTTP/1.1" 200 114546 "-" "CCBot/2.0 (https://commoncrawl.org/faq/)"
18.97.14.85 - - [11/Jun/2026:01:13:03 -0500] "GET /?y=mqpb24t67162acsmonb_gkind20337 HTTP/1.1" 403 5113 "-" "CCBot/2.0 (https://commoncrawl.org/faq/)"
41.132.48.18 - - [11/Jun/2026:01:13:27 -0500] "GET /products/294001678 HTTP/1.1" 200 114546 "-" "Mozilla/5.0 (Macintosh; Intel Mac OS X 13_7_0) AppleWebKit/537.36 (KHTML, like Gecko) Chrome/132.0.6834.110 Safari/537.36"
114.119.156.95 - - [11/Jun/2026:01:13:37 -0500] "GET /comments/feed/?path=/var/www/vhosts/followyourears.com/error_docs HTTP/1.1" 200 38754 "https://www.followyourears.com/comments/feed/?path=/var/www/vhosts/followyourears.com" "Mozilla/5.0 (Linux; Android 7.0;) AppleWebKit/537.36 (HTML, like Gecko) Mobile Safari/537.36 (compatible; PetalBot;+https://webmaster.petalsearch.com/site/petalbot)"
51.161.37.156 - - [11/Jun/2026:01:14:17 -0500] "GET /about/ HTTP/1.1" 200 114546 "-" "Mozilla/5.0 (compatible; AhrefsBot/7.0; +http://ahrefs.com/robot/)"
114.119.158.143 - - [11/Jun/2026:01:15:01 -0500] "GET /category/lasdun-james/?path=/var/www HTTP/1.1" 200 17640 "https://www.followyourears.com/category/lasdun-james/?path=/var/www/vhosts/followyourears.com/wordpress-backups" "Mozilla/5.0 (Linux; Android 7.0;) AppleWebKit/537.36 (HTML, like Gecko) Mobile Safari/537.36 (compatible; PetalBot;+https://webmaster.petalsearch.com/site/petalbot)"
18.97.14.85 - - [11/Jun/2026:01:15:23 -0500] "GET /products/041049675 HTTP/1.1" 200 114546 "-" "CCBot/2.0 (https://commoncrawl.org/faq/)"
198.204.224.34 - - [11/Jun/2026:01:15:51 -0500] "GET /wp-content/themes/twentytwentyone/assets/sass/05-blocks/file/62/index.php HTTP/1.1" 200 4926 "https://followyourears.com/wp-content/themes/twentytwentyone/assets/sass/05-blocks/file/62/index.php" "Mozilla/5.0 (Windows NT 10.0; Win64; x64) AppleWebKit/537.36 (KHTML, like Gecko) Chrome/58.0.3029.110 Safari/537.3"
89.40.74.24 - - [11/Jun/2026:01:16:15 -0500] "GET /sitemap807.xml HTTP/1.1" 200 544982 "-" "Mozilla/5.0 (Windows NT 10.0; Win64; x64) AppleWebKit/537.36 (KHTML, like Gecko) Chrome/124.0.6367.207 Safari/537.36"
74.7.227.27 - - [11/Jun/2026:01:16:30 -0500] "GET /products/246041318?path=/var HTTP/1.1" 200 17607 "https://followyourears.com/products/246041318" "Mozilla/5.0 AppleWebKit/537.36 (KHTML, like Gecko; compatible; GPTBot/1.4; +https://openai.com/gptbot)"
198.204.224.34 - - [11/Jun/2026:01:15:51 -0500] "GET /wp-content/themes/twentytwentyone/assets/sass/05-blocks/file/62/index.php HTTP/1.1" 500 5387 "https://followyourears.com/wp-content/themes/twentytwentyone/assets/sass/05-blocks/file/62/index.php" "Mozilla/5.0 (Windows NT 10.0; Win64; x64) AppleWebKit/537.36 (KHTML, like Gecko) Chrome/58.0.3029.110 Safari/537.3"
223.233.69.5 - - [11/Jun/2026:01:16:31 -0500] "GET /*?path=/var/www/vhosts/followyourears.com/httpdocs/wp-content/cache/podlove HTTP/1.1" 200 82145 "-" "Mozilla/5.0 (Macintosh; U; PPC Mac OS X; en-us) AppleWebKit/412 (KHTML, like Gecko) Safari/412 Privoxy/3.0"
198.204.224.34 - - [11/Jun/2026:01:15:54 -0500] "GET /wp-content/themes/twentytwentyone/assets/sass/05-blocks/file/62/index.php HTTP/1.1" 500 5387 "https://followyourears.com/wp-content/themes/twentytwentyone/assets/sass/05-blocks/file/62/index.php" "Mozilla/5.0 (Windows NT 10.0; Win64; x64) AppleWebKit/537.36 (KHTML, like Gecko) Chrome/58.0.3029.110 Safari/537.3"
148.113.130.216 - - [11/Jun/2026:01:16:54 -0500] "GET /guests-a-z/ HTTP/1.1" 200 114546 "-" "Mozilla/5.0 (compatible; AhrefsBot/7.0; +http://ahrefs.com/robot/)"
18.97.14.85 - - [11/Jun/2026:01:17:07 -0500] "GET /products/067043529 HTTP/1.1" 200 114546 "-" "CCBot/2.0 (https://commoncrawl.org/faq/)"
77.40.61.129 - - [11/Jun/2026:01:17:23 -0500] "GET /sitemap737.xml HTTP/1.1" 200 544547 "-" "Mozilla/5.0 (Windows NT 10.0; Win64; x64) AppleWebKit/537.36 (KHTML, like Gecko) Chrome/132.0.6834.83 Safari/537.36"
74.7.227.27 - - [11/Jun/2026:01:17:34 -0500] "GET /products/235011857?path=/var HTTP/1.1" 200 17607 "https://followyourears.com/products/235011857" "Mozilla/5.0 AppleWebKit/537.36 (KHTML, like Gecko; compatible; GPTBot/1.4; +https://openai.com/gptbot)"
114.119.138.99 - - [11/Jun/2026:01:17:47 -0500] "GET /category/bullies?fileloc=/var/www/vhosts/followyourears.com/postnews.php&path=/var/www/vhosts/followyourears.com HTTP/1.1" 200 23343 "https://www.followyourears.com/category/bullies?path=/var/www/vhosts/followyourears.com" "Mozilla/5.0 (Linux; Android 7.0;) AppleWebKit/537.36 (HTML, like Gecko) Mobile Safari/537.36 (compatible; PetalBot;+https://webmaster.petalsearch.com/site/petalbot)"
18.97.14.85 - - [11/Jun/2026:01:18:24 -0500] "GET /?l=kwus64w37795ficzbl_gkind13439 HTTP/1.1" 403 5113 "-" "CCBot/2.0 (https://commoncrawl.org/faq/)"
90.194.101.167 - - [11/Jun/2026:01:18:25 -0500] "GET /sitemap63.xml HTTP/1.1" 200 543726 "-" "Mozilla/5.0 (Macintosh; Intel Mac OS X 11_7_0) AppleWebKit/537.36 (KHTML, like Gecko) Chrome/131.0.6778.265 Safari/537.36"
74.7.227.27 - - [11/Jun/2026:01:18:32 -0500] "GET /products/209035281?path=/var HTTP/1.1" 200 17607 "https://followyourears.com/products/209035281" "Mozilla/5.0 AppleWebKit/537.36 (KHTML, like Gecko; compatible; GPTBot/1.4; +https://openai.com/gptbot)"
114.119.138.99 - - [11/Jun/2026:01:19:11 -0500] "GET /category/bicycles?path=/var/www/vhosts/followyourears.com/anon_ftp/incoming HTTP/1.1" 200 17912 "https://www.followyourears.com/category/bicycles?path=/var/www/vhosts/followyourears.com/anon_ftp" "Mozilla/5.0 (Linux; Android 7.0;) AppleWebKit/537.36 (HTML, like Gecko) Mobile Safari/537.36 (compatible; PetalBot;+https://webmaster.petalsearch.com/site/petalbot)"
74.7.227.27 - - [11/Jun/2026:01:19:25 -0500] "GET /products/018036564?path=/var HTTP/1.1" 200 17607 "https://followyourears.com/products/018036564" "Mozilla/5.0 AppleWebKit/537.36 (KHTML, like Gecko; compatible; GPTBot/1.4; +https://openai.com/gptbot)"
74.7.227.27 - - [11/Jun/2026:01:20:12 -0500] "GET /products/144015396?path=/var HTTP/1.1" 200 17607 "https://followyourears.com/products/144015396" "Mozilla/5.0 AppleWebKit/537.36 (KHTML, like Gecko; compatible; GPTBot/1.4; +https://openai.com/gptbot)"
74.7.227.27 - - [11/Jun/2026:01:20:54 -0500] "GET /products/085012695?path=/var HTTP/1.1" 200 17607 "https://followyourears.com/products/085012695" "Mozilla/5.0 AppleWebKit/537.36 (KHTML, like Gecko; compatible; GPTBot/1.4; +https://openai.com/gptbot)"
74.7.227.27 - - [11/Jun/2026:01:21:30 -0500] "GET /products/241041693?path=/var HTTP/1.1" 200 17607 "https://followyourears.com/products/241041693" "Mozilla/5.0 AppleWebKit/537.36 (KHTML, like Gecko; compatible; GPTBot/1.4; +https://openai.com/gptbot)"
18.97.14.85 - - [11/Jun/2026:01:21:37 -0500] "GET /?w=vxrsf35bu70jfeamh_gkind6108 HTTP/1.1" 403 5113 "-" "CCBot/2.0 (https://commoncrawl.org/faq/)"
74.7.227.27 - - [11/Jun/2026:01:22:03 -0500] "GET /products/255034467?path=/var HTTP/1.1" 200 17607 "https://followyourears.com/products/255034467" "Mozilla/5.0 AppleWebKit/537.36 (KHTML, like Gecko; compatible; GPTBot/1.4; +https://openai.com/gptbot)"
74.7.227.27 - - [11/Jun/2026:01:22:33 -0500] "GET /products/023015863?path=/var HTTP/1.1" 200 17607 "https://followyourears.com/products/023015863" "Mozilla/5.0 AppleWebKit/537.36 (KHTML, like Gecko; compatible; GPTBot/1.4; +https://openai.com/gptbot)"
74.7.227.27 - - [11/Jun/2026:01:23:00 -0500] "GET /products/121028395?path=/var HTTP/1.1" 200 17607 "https://followyourears.com/products/121028395" "Mozilla/5.0 AppleWebKit/537.36 (KHTML, like Gecko; compatible; GPTBot/1.4; +https://openai.com/gptbot)"
74.7.227.27 - - [11/Jun/2026:01:23:25 -0500] "GET /products/062045998?path=/var HTTP/1.1" 200 17607 "https://followyourears.com/products/062045998" "Mozilla/5.0 AppleWebKit/537.36 (KHTML, like Gecko; compatible; GPTBot/1.4; +https://openai.com/gptbot)"
74.7.227.27 - - [11/Jun/2026:01:23:47 -0500] "GET /products/183002757?path=/var HTTP/1.1" 200 17607 "https://followyourears.com/products/183002757" "Mozilla/5.0 AppleWebKit/537.36 (KHTML, like Gecko; compatible; GPTBot/1.4; +https://openai.com/gptbot)"
74.7.227.27 - - [11/Jun/2026:01:24:07 -0500] "GET /products/197038749?path=/var HTTP/1.1" 200 17607 "https://followyourears.com/products/197038749" "Mozilla/5.0 AppleWebKit/537.36 (KHTML, like Gecko; compatible; GPTBot/1.4; +https://openai.com/gptbot)"
74.7.227.27 - - [11/Jun/2026:01:24:25 -0500] "GET /products/285036207?path=/var HTTP/1.1" 200 17607 "https://followyourears.com/products/285036207" "Mozilla/5.0 AppleWebKit/537.36 (KHTML, like Gecko; compatible; GPTBot/1.4; +https://openai.com/gptbot)"
74.7.227.27 - - [11/Jun/2026:01:24:41 -0500] "GET /products/267044113?path=/var HTTP/1.1" 200 17607 "https://followyourears.com/products/267044113" "Mozilla/5.0 AppleWebKit/537.36 (KHTML, like Gecko; compatible; GPTBot/1.4; +https://openai.com/gptbot)"
74.7.227.27 - - [11/Jun/2026:01:24:55 -0500] "GET /products/237048893?path=/var HTTP/1.1" 200 17607 "https://followyourears.com/products/237048893" "Mozilla/5.0 AppleWebKit/537.36 (KHTML, like Gecko; compatible; GPTBot/1.4; +https://openai.com/gptbot)"
74.7.227.27 - - [11/Jun/2026:01:25:09 -0500] "GET /products/261039797?path=/var HTTP/1.1" 200 17607 "https://followyourears.com/products/261039797" "Mozilla/5.0 AppleWebKit/537.36 (KHTML, like Gecko; compatible; GPTBot/1.4; +https://openai.com/gptbot)"
74.7.227.27 - - [11/Jun/2026:01:25:20 -0500] "GET /products/073012449?path=/var HTTP/1.1" 200 17607 "https://followyourears.com/products/073012449" "Mozilla/5.0 AppleWebKit/537.36 (KHTML, like Gecko; compatible; GPTBot/1.4; +https://openai.com/gptbot)"
74.7.227.27 - - [11/Jun/2026:01:25:30 -0500] "GET /products/269030719?path=/var HTTP/1.1" 200 17607 "https://followyourears.com/products/269030719" "Mozilla/5.0 AppleWebKit/537.36 (KHTML, like Gecko; compatible; GPTBot/1.4; +https://openai.com/gptbot)"
74.7.227.27 - - [11/Jun/2026:01:25:40 -0500] "GET /products/185042601?path=/var HTTP/1.1" 200 17607 "https://followyourears.com/products/185042601" "Mozilla/5.0 AppleWebKit/537.36 (KHTML, like Gecko; compatible; GPTBot/1.4; +https://openai.com/gptbot)"
74.7.227.27 - - [11/Jun/2026:01:25:48 -0500] "GET /products/190033576?path=/var HTTP/1.1" 200 17607 "https://followyourears.com/products/190033576" "Mozilla/5.0 AppleWebKit/537.36 (KHTML, like Gecko; compatible; GPTBot/1.4; +https://openai.com/gptbot)"
74.7.227.27 - - [11/Jun/2026:01:25:56 -0500] "GET /products/283032965?path=/var HTTP/1.1" 200 17607 "https://followyourears.com/products/283032965" "Mozilla/5.0 AppleWebKit/537.36 (KHTML, like Gecko; compatible; GPTBot/1.4; +https://openai.com/gptbot)"
74.7.227.27 - - [11/Jun/2026:01:26:03 -0500] "GET /products/146006532?path=/var HTTP/1.1" 200 17607 "https://followyourears.com/products/146006532" "Mozilla/5.0 AppleWebKit/537.36 (KHTML, like Gecko; compatible; GPTBot/1.4; +https://openai.com/gptbot)"
74.7.227.27 - - [11/Jun/2026:01:26:09 -0500] "GET /products/266031274?path=/var HTTP/1.1" 200 17607 "https://followyourears.com/products/266031274" "Mozilla/5.0 AppleWebKit/537.36 (KHTML, like Gecko; compatible; GPTBot/1.4; +https://openai.com/gptbot)"
74.7.227.27 - - [11/Jun/2026:01:26:20 -0500] "GET /products/297016013?path=/var HTTP/1.1" 200 17607 "https://followyourears.com/products/297016013" "Mozilla/5.0 AppleWebKit/537.36 (KHTML, like Gecko; compatible; GPTBot/1.4; +https://openai.com/gptbot)"
74.7.227.27 - - [11/Jun/2026:01:26:25 -0500] "GET /products/188042476?path=/var HTTP/1.1" 200 17607 "https://followyourears.com/products/188042476" "Mozilla/5.0 AppleWebKit/537.36 (KHTML, like Gecko; compatible; GPTBot/1.4; +https://openai.com/gptbot)"
74.7.227.27 - - [11/Jun/2026:01:26:31 -0500] "GET /products/241031793?path=/var HTTP/1.1" 200 17607 "https://followyourears.com/products/241031793" "Mozilla/5.0 AppleWebKit/537.36 (KHTML, like Gecko; compatible; GPTBot/1.4; +https://openai.com/gptbot)"
74.7.227.27 - - [11/Jun/2026:01:26:35 -0500] "GET /products/196015638?path=/var HTTP/1.1" 200 17607 "https://followyourears.com/products/196015638" "Mozilla/5.0 AppleWebKit/537.36 (KHTML, like Gecko; compatible; GPTBot/1.4; +https://openai.com/gptbot)"
74.7.227.27 - - [11/Jun/2026:01:26:39 -0500] "GET /products/237024065?path=/var HTTP/1.1" 200 17607 "https://followyourears.com/products/237024065" "Mozilla/5.0 AppleWebKit/537.36 (KHTML, like Gecko; compatible; GPTBot/1.4; +https://openai.com/gptbot)"
74.7.227.27 - - [11/Jun/2026:01:26:42 -0500] "GET /products/179023521?path=/var HTTP/1.1" 200 17607 "https://followyourears.com/products/179023521" "Mozilla/5.0 AppleWebKit/537.36 (KHTML, like Gecko; compatible; GPTBot/1.4; +https://openai.com/gptbot)"
74.7.227.27 - - [11/Jun/2026:01:26:45 -0500] "GET /products/058048126?path=/var HTTP/1.1" 200 17607 "https://followyourears.com/products/058048126" "Mozilla/5.0 AppleWebKit/537.36 (KHTML, like Gecko; compatible; GPTBot/1.4; +https://openai.com/gptbot)"
74.7.227.27 - - [11/Jun/2026:01:26:47 -0500] "GET /products/225003149?path=/var HTTP/1.1" 200 17607 "https://followyourears.com/products/225003149" "Mozilla/5.0 AppleWebKit/537.36 (KHTML, like Gecko; compatible; GPTBot/1.4; +https://openai.com/gptbot)"
74.7.227.27 - - [11/Jun/2026:01:26:50 -0500] "GET /products/278039894?path=/var HTTP/1.1" 200 17607 "https://followyourears.com/products/278039894" "Mozilla/5.0 AppleWebKit/537.36 (KHTML, like Gecko; compatible; GPTBot/1.4; +https://openai.com/gptbot)"
74.7.227.27 - - [11/Jun/2026:01:26:53 -0500] "GET /products/097021567?path=/var HTTP/1.1" 200 17607 "https://followyourears.com/products/097021567" "Mozilla/5.0 AppleWebKit/537.36 (KHTML, like Gecko; compatible; GPTBot/1.4; +https://openai.com/gptbot)"
74.7.227.27 - - [11/Jun/2026:01:26:54 -0500] "GET /products/291030641?path=/var HTTP/1.1" 200 17607 "https://followyourears.com/products/291030641" "Mozilla/5.0 AppleWebKit/537.36 (KHTML, like Gecko; compatible; GPTBot/1.4; +https://openai.com/gptbot)"
74.7.227.27 - - [11/Jun/2026:01:26:56 -0500] "GET /products/019022367?path=/var HTTP/1.1" 200 17607 "https://followyourears.com/products/019022367" "Mozilla/5.0 AppleWebKit/537.36 (KHTML, like Gecko; compatible; GPTBot/1.4; +https://openai.com/gptbot)"
74.7.227.27 - - [11/Jun/2026:01:26:59 -0500] "GET /products/296047860?path=/var HTTP/1.1" 200 17607 "https://followyourears.com/products/296047860" "Mozilla/5.0 AppleWebKit/537.36 (KHTML, like Gecko; compatible; GPTBot/1.4; +https://openai.com/gptbot)"
74.7.227.27 - - [11/Jun/2026:01:27:00 -0500] "GET /products/165029071?path=/var HTTP/1.1" 200 17607 "https://followyourears.com/products/165029071" "Mozilla/5.0 AppleWebKit/537.36 (KHTML, like Gecko; compatible; GPTBot/1.4; +https://openai.com/gptbot)"
74.7.227.27 - - [11/Jun/2026:01:27:04 -0500] "GET /products/289031961?path=/var HTTP/1.1" 200 17607 "https://followyourears.com/products/289031961" "Mozilla/5.0 AppleWebKit/537.36 (KHTML, like Gecko; compatible; GPTBot/1.4; +https://openai.com/gptbot)"
74.7.227.27 - - [11/Jun/2026:01:27:06 -0500] "GET /products/104018592?path=/var HTTP/1.1" 200 17622 "https://followyourears.com/products/104018592" "Mozilla/5.0 AppleWebKit/537.36 (KHTML, like Gecko; compatible; GPTBot/1.4; +https://openai.com/gptbot)"
74.7.227.27 - - [11/Jun/2026:01:27:26 -0500] "GET /products/259034401?path=/var HTTP/1.1" 200 17607 "https://followyourears.com/products/259034401" "Mozilla/5.0 AppleWebKit/537.36 (KHTML, like Gecko; compatible; GPTBot/1.4; +https://openai.com/gptbot)"
74.7.227.27 - - [11/Jun/2026:01:27:27 -0500] "GET /products/160039476?path=/var HTTP/1.1" 200 17607 "https://followyourears.com/products/160039476" "Mozilla/5.0 AppleWebKit/537.36 (KHTML, like Gecko; compatible; GPTBot/1.4; +https://openai.com/gptbot)"
74.7.227.27 - - [11/Jun/2026:01:27:30 -0500] "GET /products/135046499?path=/var HTTP/1.1" 200 17622 "https://followyourears.com/products/135046499" "Mozilla/5.0 AppleWebKit/537.36 (KHTML, like Gecko; compatible; GPTBot/1.4; +https://openai.com/gptbot)"
74.7.227.27 - - [11/Jun/2026:01:27:50 -0500] "GET /products/098013364?path=/var HTTP/1.1" 200 17607 "https://followyourears.com/products/098013364" "Mozilla/5.0 AppleWebKit/537.36 (KHTML, like Gecko; compatible; GPTBot/1.4; +https://openai.com/gptbot)"
74.7.227.27 - - [11/Jun/2026:01:27:50 -0500] "GET /products/093025643?path=/var HTTP/1.1" 200 17607 "https://followyourears.com/products/093025643" "Mozilla/5.0 AppleWebKit/537.36 (KHTML, like Gecko; compatible; GPTBot/1.4; +https://openai.com/gptbot)"
74.7.227.27 - - [11/Jun/2026:01:27:52 -0500] "GET /products/195002745?path=/var HTTP/1.1" 200 17607 "https://followyourears.com/products/195002745" "Mozilla/5.0 AppleWebKit/537.36 (KHTML, like Gecko; compatible; GPTBot/1.4; +https://openai.com/gptbot)"
79.117.246.174 - - [11/Jun/2026:01:27:51 -0500] "GET /products/027008921 HTTP/1.1" 200 114546 "-" "Mozilla/5.0 (Windows NT 10.0; Win64; x64) AppleWebKit/537.36 (KHTML, like Gecko) Chrome/133.0.6943.98 Safari/537.36"
74.7.227.27 - - [11/Jun/2026:01:27:52 -0500] "GET /products/269047017?path=/var HTTP/1.1" 200 17607 "https://followyourears.com/products/269047017" "Mozilla/5.0 AppleWebKit/537.36 (KHTML, like Gecko; compatible; GPTBot/1.4; +https://openai.com/gptbot)"
74.7.227.27 - - [11/Jun/2026:01:27:55 -0500] "GET /products/095047367?path=/var HTTP/1.1" 200 17607 "https://followyourears.com/products/095047367" "Mozilla/5.0 AppleWebKit/537.36 (KHTML, like Gecko; compatible; GPTBot/1.4; +https://openai.com/gptbot)"
74.7.227.27 - - [11/Jun/2026:01:28:06 -0500] "GET /products/179018323?path=/var HTTP/1.1" 200 17607 "https://followyourears.com/products/179018323" "Mozilla/5.0 AppleWebKit/537.36 (KHTML, like Gecko; compatible; GPTBot/1.4; +https://openai.com/gptbot)"
74.7.227.27 - - [11/Jun/2026:01:28:15 -0500] "GET /products/295038243?path=/var HTTP/1.1" 200 17607 "https://followyourears.com/products/295038243" "Mozilla/5.0 AppleWebKit/537.36 (KHTML, like Gecko; compatible; GPTBot/1.4; +https://openai.com/gptbot)"
202.134.148.252 - - [11/Jun/2026:01:28:13 -0500] "GET /sitemap166.xml HTTP/1.1" 200 544377 "-" "Mozilla/5.0 (Windows NT 10.0; Win64; x64) AppleWebKit/537.36 (KHTML, like Gecko) Chrome/134.0.6998.88 Safari/537.36"
74.7.227.27 - - [11/Jun/2026:01:28:17 -0500] "GET /products/238039670?path=/var HTTP/1.1" 200 17607 "https://followyourears.com/products/238039670" "Mozilla/5.0 AppleWebKit/537.36 (KHTML, like Gecko; compatible; GPTBot/1.4; +https://openai.com/gptbot)"
74.7.227.27 - - [11/Jun/2026:01:28:21 -0500] "GET /products/105034873?path=/var HTTP/1.1" 200 17607 "https://followyourears.com/products/105034873" "Mozilla/5.0 AppleWebKit/537.36 (KHTML, like Gecko; compatible; GPTBot/1.4; +https://openai.com/gptbot)"
74.7.227.27 - - [11/Jun/2026:01:28:22 -0500] "GET /products/178026482?path=/var HTTP/1.1" 200 17607 "https://followyourears.com/products/178026482" "Mozilla/5.0 AppleWebKit/537.36 (KHTML, like Gecko; compatible; GPTBot/1.4; +https://openai.com/gptbot)"
74.7.227.27 - - [11/Jun/2026:01:28:42 -0500] "GET /products/214039436?path=/var HTTP/1.1" 200 17607 "https://followyourears.com/products/214039436" "Mozilla/5.0 AppleWebKit/537.36 (KHTML, like Gecko; compatible; GPTBot/1.4; +https://openai.com/gptbot)"
74.7.227.27 - - [11/Jun/2026:01:28:42 -0500] "GET /products/038018796?path=/var HTTP/1.1" 200 17607 "https://followyourears.com/products/038018796" "Mozilla/5.0 AppleWebKit/537.36 (KHTML, like Gecko; compatible; GPTBot/1.4; +https://openai.com/gptbot)"
74.7.227.27 - - [11/Jun/2026:01:28:43 -0500] "GET /products/211042683?path=/var HTTP/1.1" 200 17607 "https://followyourears.com/products/211042683" "Mozilla/5.0 AppleWebKit/537.36 (KHTML, like Gecko; compatible; GPTBot/1.4; +https://openai.com/gptbot)"
74.7.227.27 - - [11/Jun/2026:01:28:46 -0500] "GET /products/037029631?path=/var HTTP/1.1" 200 17607 "https://followyourears.com/products/037029631" "Mozilla/5.0 AppleWebKit/537.36 (KHTML, like Gecko; compatible; GPTBot/1.4; +https://openai.com/gptbot)"
74.7.227.27 - - [11/Jun/2026:01:28:46 -0500] "GET /products/064024538?path=/var HTTP/1.1" 200 17607 "https://followyourears.com/products/064024538" "Mozilla/5.0 AppleWebKit/537.36 (KHTML, like Gecko; compatible; GPTBot/1.4; +https://openai.com/gptbot)"
74.7.227.27 - - [11/Jun/2026:01:28:47 -0500] "GET /products/290041782?path=/var HTTP/1.1" 200 17607 "https://followyourears.com/products/290041782" "Mozilla/5.0 AppleWebKit/537.36 (KHTML, like Gecko; compatible; GPTBot/1.4; +https://openai.com/gptbot)"
74.7.227.27 - - [11/Jun/2026:01:28:47 -0500] "GET /products/285043249?path=/var HTTP/1.1" 200 17607 "https://followyourears.com/products/285043249" "Mozilla/5.0 AppleWebKit/537.36 (KHTML, like Gecko; compatible; GPTBot/1.4; +https://openai.com/gptbot)"
74.7.227.27 - - [11/Jun/2026:01:28:48 -0500] "GET /products/136023576?path=/var HTTP/1.1" 200 17607 "https://followyourears.com/products/136023576" "Mozilla/5.0 AppleWebKit/537.36 (KHTML, like Gecko; compatible; GPTBot/1.4; +https://openai.com/gptbot)"
74.7.227.27 - - [11/Jun/2026:01:28:49 -0500] "GET /products/106022854?path=/var HTTP/1.1" 200 17607 "https://followyourears.com/products/106022854" "Mozilla/5.0 AppleWebKit/537.36 (KHTML, like Gecko; compatible; GPTBot/1.4; +https://openai.com/gptbot)"
74.7.227.27 - - [11/Jun/2026:01:28:49 -0500] "GET /products/245017759?path=/var HTTP/1.1" 200 17607 "https://followyourears.com/products/245017759" "Mozilla/5.0 AppleWebKit/537.36 (KHTML, like Gecko; compatible; GPTBot/1.4; +https://openai.com/gptbot)"
74.7.227.27 - - [11/Jun/2026:01:28:50 -0500] "GET /products/297039167?path=/var HTTP/1.1" 200 17607 "https://followyourears.com/products/297039167" "Mozilla/5.0 AppleWebKit/537.36 (KHTML, like Gecko; compatible; GPTBot/1.4; +https://openai.com/gptbot)"
74.7.227.27 - - [11/Jun/2026:01:28:50 -0500] "GET /products/126003572?path=/var HTTP/1.1" 200 17607 "https://followyourears.com/products/126003572" "Mozilla/5.0 AppleWebKit/537.36 (KHTML, like Gecko; compatible; GPTBot/1.4; +https://openai.com/gptbot)"
74.7.227.27 - - [11/Jun/2026:01:28:51 -0500] "GET /products/279011245?path=/var HTTP/1.1" 200 17607 "https://followyourears.com/products/279011245" "Mozilla/5.0 AppleWebKit/537.36 (KHTML, like Gecko; compatible; GPTBot/1.4; +https://openai.com/gptbot)"
74.7.227.27 - - [11/Jun/2026:01:28:51 -0500] "GET /products/195023597?path=/var HTTP/1.1" 200 17607 "https://followyourears.com/products/195023597" "Mozilla/5.0 AppleWebKit/537.36 (KHTML, like Gecko; compatible; GPTBot/1.4; +https://openai.com/gptbot)"
74.7.227.27 - - [11/Jun/2026:01:28:52 -0500] "GET /products/087039281?path=/var HTTP/1.1" 200 17607 "https://followyourears.com/products/087039281" "Mozilla/5.0 AppleWebKit/537.36 (KHTML, like Gecko; compatible; GPTBot/1.4; +https://openai.com/gptbot)"
74.7.227.27 - - [11/Jun/2026:01:28:52 -0500] "GET /products/285029733?path=/var HTTP/1.1" 200 17607 "https://followyourears.com/products/285029733" "Mozilla/5.0 AppleWebKit/537.36 (KHTML, like Gecko; compatible; GPTBot/1.4; +https://openai.com/gptbot)"
74.7.227.27 - - [11/Jun/2026:01:28:53 -0500] "GET /?z=hpw295f6487sdrvl_gkind1270 HTTP/1.1" 403 5113 "https://followyourears.com/?sitemap241.xml" "Mozilla/5.0 AppleWebKit/537.36 (KHTML, like Gecko; compatible; GPTBot/1.4; +https://openai.com/gptbot)"
74.7.227.27 - - [11/Jun/2026:01:28:53 -0500] "GET /?m=rzj248p671nwcxs_gkind49345 HTTP/1.1" 403 5113 "https://followyourears.com/?sitemap241.xml" "Mozilla/5.0 AppleWebKit/537.36 (KHTML, like Gecko; compatible; GPTBot/1.4; +https://openai.com/gptbot)"
74.7.227.27 - - [11/Jun/2026:01:29:01 -0500] "GET /?b=gtiyq217k3oduio_gkind7854 HTTP/1.1" 403 5113 "https://followyourears.com/?sitemap241.xml" "Mozilla/5.0 AppleWebKit/537.36 (KHTML, like Gecko; compatible; GPTBot/1.4; +https://openai.com/gptbot)"
74.7.227.27 - - [11/Jun/2026:01:29:21 -0500] "GET /?e=rchd68k7aebtod_gkind31163 HTTP/1.1" 403 5113 "https://followyourears.com/?sitemap241.xml" "Mozilla/5.0 AppleWebKit/537.36 (KHTML, like Gecko; compatible; GPTBot/1.4; +https://openai.com/gptbot)"
198.204.224.34 - - [11/Jun/2026:01:31:02 -0500] "GET /wp-content/themes/twentytwentyone/assets/sass/05-blocks/file/62/index.php HTTP/1.1" 200 4926 "https://followyourears.com/wp-content/themes/twentytwentyone/assets/sass/05-blocks/file/62/index.php" "Mozilla/5.0 (Windows NT 10.0; Win64; x64) AppleWebKit/537.36 (KHTML, like Gecko) Chrome/58.0.3029.110 Safari/537.3"
198.204.224.34 - - [11/Jun/2026:01:31:07 -0500] "GET /wp-content/themes/twentytwentyone/assets/sass/05-blocks/file/62/index.php HTTP/1.1" 200 4926 "https://followyourears.com/wp-content/themes/twentytwentyone/assets/sass/05-blocks/file/62/index.php" "Mozilla/5.0 (Windows NT 10.0; Win64; x64) AppleWebKit/537.36 (KHTML, like Gecko) Chrome/58.0.3029.110 Safari/537.3"
198.204.224.34 - - [11/Jun/2026:01:31:11 -0500] "GET /wp-content/themes/twentytwentyone/assets/sass/05-blocks/file/62/index.php HTTP/1.1" 404 4940 "https://followyourears.com/wp-content/themes/twentytwentyone/assets/sass/05-blocks/file/62/index.php" "Mozilla/5.0 (Windows NT 10.0; Win64; x64) AppleWebKit/537.36 (KHTML, like Gecko) Chrome/58.0.3029.110 Safari/537.3"
198.204.224.34 - - [11/Jun/2026:01:31:15 -0500] "GET /wp-content/themes/twentytwentyone/assets/sass/05-blocks/file/62/index.php HTTP/1.1" 500 5387 "https://followyourears.com/wp-content/themes/twentytwentyone/assets/sass/05-blocks/file/62/index.php" "Mozilla/5.0 (Windows NT 10.0; Win64; x64) AppleWebKit/537.36 (KHTML, like Gecko) Chrome/58.0.3029.110 Safari/537.3"
109.252.91.148 - - [11/Jun/2026:01:33:06 -0500] "GET /sitemap413.xml HTTP/1.1" 200 544384 "-" "Mozilla/5.0 (Macintosh; Intel Mac OS X 10.15; rv:136.0) Gecko/20100101 Firefox/136.0"
74.7.227.27 - - [11/Jun/2026:01:39:29 -0500] "GET /?y=iud44kw060abwyj_gkind48663 HTTP/1.1" 403 5113 "https://followyourears.com/?sitemap241.xml" "Mozilla/5.0 AppleWebKit/537.36 (KHTML, like Gecko; compatible; GPTBot/1.4; +https://openai.com/gptbot)"
18.97.14.85 - - [11/Jun/2026:01:39:57 -0500] "GET /products/051028597 HTTP/1.1" 200 114546 "-" "CCBot/2.0 (https://commoncrawl.org/faq/)"
92.253.247.184 - - [11/Jun/2026:01:39:55 -0500] "GET /sitemap343.xml HTTP/1.1" 200 114561 "-" "Mozilla/5.0 (Macintosh; U; PPC Mac OS X; de-ch) AppleWebKit/312.1 (KHTML, like Gecko) Safari/312"
18.97.14.85 - - [11/Jun/2026:01:40:30 -0500] "GET /products/021009651 HTTP/1.1" 200 114546 "-" "CCBot/2.0 (https://commoncrawl.org/faq/)"
74.7.227.27 - - [11/Jun/2026:01:40:33 -0500] "GET /products/111009223?fileloc=/var/www/vhosts/followyourears.com/httpdocs/wp-conffq.php&path=/var/www/vhosts/followyourears.com/httpdocs HTTP/1.1" 200 335051 "https://followyourears.com/products/111009223" "Mozilla/5.0 AppleWebKit/537.36 (KHTML, like Gecko; compatible; GPTBot/1.4; +https://openai.com/gptbot)"
18.97.14.85 - - [11/Jun/2026:01:41:08 -0500] "GET /?m=zgvzt62cq50621wjlton_gkind23963 HTTP/1.1" 403 5113 "-" "CCBot/2.0 (https://commoncrawl.org/faq/)"
74.7.227.27 - - [11/Jun/2026:01:41:33 -0500] "GET /products/182022254?fileloc=/var/www/vhosts/followyourears.com/httpdocs/wp-config.php&path=/var/www/vhosts/followyourears.com/httpdocs HTTP/1.1" 403 5049 "https://followyourears.com/products/182022254" "Mozilla/5.0 AppleWebKit/537.36 (KHTML, like Gecko; compatible; GPTBot/1.4; +https://openai.com/gptbot)"
74.7.227.27 - - [11/Jun/2026:01:42:31 -0500] "GET /products/050009672?fileloc=/var/www/vhosts/followyourears.com/httpdocs/wp-conffq.php&path=/var/www/vhosts/followyourears.com/httpdocs HTTP/1.1" 200 335051 "https://followyourears.com/products/050009672" "Mozilla/5.0 AppleWebKit/537.36 (KHTML, like Gecko; compatible; GPTBot/1.4; +https://openai.com/gptbot)"
66.249.79.164 - - [11/Jun/2026:01:42:22 -0500] "GET /?110501056?products=0109764533 HTTP/1.1" 403 5113 "-" "Mozilla/5.0 (Linux; Android 6.0.1; Nexus 5X Build/MMB29P) AppleWebKit/537.36 (KHTML, like Gecko) Chrome/148.0.7778.96 Mobile Safari/537.36 (compatible; Googlebot/2.1; +http://www.google.com/bot.html)"
74.7.227.27 - - [11/Jun/2026:01:43:27 -0500] "GET /products/248038886?fileloc=/var/www/vhosts/followyourears.com/httpdocs/wp-config.php&path=/var/www/vhosts/followyourears.com/httpdocs HTTP/1.1" 403 5049 "https://followyourears.com/products/248038886" "Mozilla/5.0 AppleWebKit/537.36 (KHTML, like Gecko; compatible; GPTBot/1.4; +https://openai.com/gptbot)"
103.202.222.155 - - [11/Jun/2026:01:44:56 -0500] "GET /products/120005124 HTTP/1.1" 200 114546 "-" "Mozilla/5.0 (Windows NT 10.0; Win64; x64; rv:130.0) Gecko/20100101 Firefox/130.0"
198.204.224.34 - - [11/Jun/2026:01:46:00 -0500] "GET /wp-content/themes/twentytwentyone/assets/sass/05-blocks/file/62/index.php HTTP/1.1" 200 4926 "https://followyourears.com/wp-content/themes/twentytwentyone/assets/sass/05-blocks/file/62/index.php" "Mozilla/5.0 (Windows NT 10.0; Win64; x64) AppleWebKit/537.36 (KHTML, like Gecko) Chrome/58.0.3029.110 Safari/537.3"
198.204.224.34 - - [11/Jun/2026:01:46:06 -0500] "GET /wp-content/themes/twentytwentyone/assets/sass/05-blocks/file/62/index.php HTTP/1.1" 200 4926 "https://followyourears.com/wp-content/themes/twentytwentyone/assets/sass/05-blocks/file/62/index.php" "Mozilla/5.0 (Windows NT 10.0; Win64; x64) AppleWebKit/537.36 (KHTML, like Gecko) Chrome/58.0.3029.110 Safari/537.3"
198.204.224.34 - - [11/Jun/2026:01:46:09 -0500] "GET /wp-content/themes/twentytwentyone/assets/sass/05-blocks/file/62/index.php HTTP/1.1" 500 5387 "https://followyourears.com/wp-content/themes/twentytwentyone/assets/sass/05-blocks/file/62/index.php" "Mozilla/5.0 (Windows NT 10.0; Win64; x64) AppleWebKit/537.36 (KHTML, like Gecko) Chrome/58.0.3029.110 Safari/537.3"
198.204.224.34 - - [11/Jun/2026:01:46:12 -0500] "GET /wp-content/themes/twentytwentyone/assets/sass/05-blocks/file/62/index.php HTTP/1.1" 500 5387 "https://followyourears.com/wp-content/themes/twentytwentyone/assets/sass/05-blocks/file/62/index.php" "Mozilla/5.0 (Windows NT 10.0; Win64; x64) AppleWebKit/537.36 (KHTML, like Gecko) Chrome/58.0.3029.110 Safari/537.3"
15.235.96.148 - - [11/Jun/2026:01:47:30 -0500] "GET /?sitemap187.xml HTTP/1.1" 200 4855 "-" "Mozilla/5.0 (compatible; AhrefsBot/7.0; +http://ahrefs.com/robot/)"
146.174.181.70 - - [11/Jun/2026:01:48:13 -0500] "GET /sitemap178.xml HTTP/1.1" 200 544494 "-" "Mozilla/5.0 (Macintosh; Intel Mac OS X 12_4_0) AppleWebKit/537.36 (KHTML, like Gecko) Chrome/126.0.6478.126 Safari/537.36"
88.163.165.70 - - [11/Jun/2026:01:49:35 -0500] "GET /sitemap196.xml HTTP/1.1" 200 544858 "-" "Mozilla/5.0 (Macintosh; Intel Mac OS X 12_3_1) AppleWebKit/537.36 (KHTML, like Gecko) Chrome/124.0.6367.155 Safari/537.36"
66.249.79.165 - - [11/Jun/2026:01:49:50 -0500] "GET /?291387186?products=0289444754 HTTP/1.1" 200 173058 "-" "Mozilla/5.0 (Linux; Android 6.0.1; Nexus 5X Build/MMB29P) AppleWebKit/537.36 (KHTML, like Gecko) Chrome/148.0.7778.96 Mobile Safari/537.36 (compatible; Googlebot/2.1; +http://www.google.com/bot.html)"
114.119.129.81 - - [11/Jun/2026:01:51:10 -0500] "GET /category/dodero-camille/?path=/var/www/vhosts/followyourears.com/.composer HTTP/1.1" 200 22419 "https://www.followyourears.com/category/dodero-camille/?path=/var/www/vhosts/followyourears.com/.composer/cache/files" "Mozilla/5.0 (Linux; Android 7.0;) AppleWebKit/537.36 (HTML, like Gecko) Mobile Safari/537.36 (compatible; PetalBot;+https://webmaster.petalsearch.com/site/petalbot)"
74.7.227.27 - - [11/Jun/2026:01:53:28 -0500] "GET /products/214040888?fileloc=/var/www/vhosts/followyourears.com/httpdocs/wp-conffq.php&path=/var/www/vhosts/followyourears.com/httpdocs HTTP/1.1" 200 335051 "https://followyourears.com/products/214040888" "Mozilla/5.0 AppleWebKit/537.36 (KHTML, like Gecko; compatible; GPTBot/1.4; +https://openai.com/gptbot)"
74.7.227.27 - - [11/Jun/2026:01:54:29 -0500] "GET /products/099024777?fileloc=/var/www/vhosts/followyourears.com/httpdocs/wp-config.php&path=/var/www/vhosts/followyourears.com/httpdocs HTTP/1.1" 403 5049 "https://followyourears.com/products/099024777" "Mozilla/5.0 AppleWebKit/537.36 (KHTML, like Gecko; compatible; GPTBot/1.4; +https://openai.com/gptbot)"
74.7.227.27 - - [11/Jun/2026:01:55:24 -0500] "GET /products/130003772?fileloc=/var/www/vhosts/followyourears.com/httpdocs/wp-conffq.php&path=/var/www/vhosts/followyourears.com/httpdocs HTTP/1.1" 200 335066 "https://followyourears.com/products/130003772" "Mozilla/5.0 AppleWebKit/537.36 (KHTML, like Gecko; compatible; GPTBot/1.4; +https://openai.com/gptbot)"
74.7.227.27 - - [11/Jun/2026:01:56:19 -0500] "GET /products/273000929?fileloc=/var/www/vhosts/followyourears.com/httpdocs/wp-config.php&path=/var/www/vhosts/followyourears.com/httpdocs HTTP/1.1" 403 5049 "https://followyourears.com/products/273000929" "Mozilla/5.0 AppleWebKit/537.36 (KHTML, like Gecko; compatible; GPTBot/1.4; +https://openai.com/gptbot)"
86.132.68.215 - - [11/Jun/2026:01:56:44 -0500] "GET /sitemap473.xml HTTP/1.1" 200 544242 "-" "Mozilla/5.0 (Macintosh; Intel Mac OS X 12_1_0) AppleWebKit/537.36 (KHTML, like Gecko) Chrome/128.0.6613.137 Safari/537.36"
74.7.227.27 - - [11/Jun/2026:01:57:08 -0500] "GET /products/150008522?fileloc=/var/www/vhosts/followyourears.com/httpdocs/wp-config.php&path=/var/www/vhosts/followyourears.com/httpdocs HTTP/1.1" 403 5049 "https://followyourears.com/products/150008522" "Mozilla/5.0 AppleWebKit/537.36 (KHTML, like Gecko; compatible; GPTBot/1.4; +https://openai.com/gptbot)"
69.30.223.218 - - [11/Jun/2026:02:01:06 -0500] "GET /wp-content/themes/twentytwentyone/assets/sass/05-blocks/file/62/index.php HTTP/1.1" 200 4926 "https://followyourears.com/wp-content/themes/twentytwentyone/assets/sass/05-blocks/file/62/index.php" "Mozilla/5.0 (Windows NT 10.0; Win64; x64) AppleWebKit/537.36 (KHTML, like Gecko) Chrome/58.0.3029.110 Safari/537.3"
69.30.223.218 - - [11/Jun/2026:02:01:10 -0500] "GET /wp-content/themes/twentytwentyone/assets/sass/05-blocks/file/62/index.php HTTP/1.1" 500 5387 "https://followyourears.com/wp-content/themes/twentytwentyone/assets/sass/05-blocks/file/62/index.php" "Mozilla/5.0 (Windows NT 10.0; Win64; x64) AppleWebKit/537.36 (KHTML, like Gecko) Chrome/58.0.3029.110 Safari/537.3"
69.30.223.218 - - [11/Jun/2026:02:01:13 -0500] "GET /wp-content/themes/twentytwentyone/assets/sass/05-blocks/file/62/index.php HTTP/1.1" 500 5387 "https://followyourears.com/wp-content/themes/twentytwentyone/assets/sass/05-blocks/file/62/index.php" "Mozilla/5.0 (Windows NT 10.0; Win64; x64) AppleWebKit/537.36 (KHTML, like Gecko) Chrome/58.0.3029.110 Safari/537.3"
149.40.210.19 - - [11/Jun/2026:02:02:40 -0500] "GET /category/75_1213_1214_1590/1 HTTP/1.1" 200 114546 "-" "Mozilla/5.0 (Windows NT 6.2; Win64; x64) AppleWebKit/537.36 (KHTML, like Gecko) Chrome/101.0.4951.64 Safari/537.36"
66.249.79.165 - - [11/Jun/2026:02:04:17 -0500] "GET /?172416718?products=0171267424 HTTP/1.1" 200 171675 "-" "Mozilla/5.0 (Linux; Android 6.0.1; Nexus 5X Build/MMB29P) AppleWebKit/537.36 (KHTML, like Gecko) Chrome/148.0.7778.96 Mobile Safari/537.36 (compatible; Googlebot/2.1; +http://www.google.com/bot.html)"
18.97.14.85 - - [11/Jun/2026:02:05:34 -0500] "GET /?p=mbnp69d066vtzyzank_gkind21916 HTTP/1.1" 403 5113 "-" "CCBot/2.0 (https://commoncrawl.org/faq/)"
41.96.237.49 - - [11/Jun/2026:02:05:42 -0500] "GET /sitemap680.xml HTTP/1.1" 200 544187 "-" "Mozilla/5.0 (Macintosh; Intel Mac OS X 14_5_0) AppleWebKit/537.36 (KHTML, like Gecko) Chrome/130.0.6723.69 Safari/537.36"
54.39.203.93 - - [11/Jun/2026:02:06:55 -0500] "GET /?sitemap153.xml HTTP/1.1" 200 4855 "-" "Mozilla/5.0 (compatible; AhrefsBot/7.0; +http://ahrefs.com/robot/)"
74.7.227.27 - - [11/Jun/2026:02:07:10 -0500] "GET /products/280023444?fileloc=/var/www/vhosts/followyourears.com/httpdocs/wp-conffq.php&path=/var/www/vhosts/followyourears.com/httpdocs HTTP/1.1" 200 335051 "https://followyourears.com/products/280023444" "Mozilla/5.0 AppleWebKit/537.36 (KHTML, like Gecko; compatible; GPTBot/1.4; +https://openai.com/gptbot)"
70.171.70.212 - - [11/Jun/2026:02:07:25 -0500] "GET /*?path=/var/www/vhosts/followyourears.com/httpdocs/wp-includes/sodium_compat/src/PHP52 HTTP/1.1" 200 23168 "-" "Mozilla/5.0 (Windows NT 10.0; Win64; x64; rv:133.0) Gecko/20100101 Firefox/133.0"
74.7.227.27 - - [11/Jun/2026:02:08:14 -0500] "GET /products/089037555?fileloc=/var/www/vhosts/followyourears.com/httpdocs/wp-config.php&path=/var/www/vhosts/followyourears.com/httpdocs HTTP/1.1" 403 5049 "https://followyourears.com/products/089037555" "Mozilla/5.0 AppleWebKit/537.36 (KHTML, like Gecko; compatible; GPTBot/1.4; +https://openai.com/gptbot)"
74.7.227.27 - - [11/Jun/2026:02:09:13 -0500] "GET /products/300010238?fileloc=/var/www/vhosts/followyourears.com/httpdocs/wp-config.php&path=/var/www/vhosts/followyourears.com/httpdocs HTTP/1.1" 403 5049 "https://followyourears.com/products/300010238" "Mozilla/5.0 AppleWebKit/537.36 (KHTML, like Gecko; compatible; GPTBot/1.4; +https://openai.com/gptbot)"
190.80.24.66 - - [11/Jun/2026:02:09:05 -0500] "GET /sitemap90.xml HTTP/1.1" 200 544588 "-" "Mozilla/5.0 (Macintosh; U; PPC Mac OS X; it-it) AppleWebKit/417.9 (KHTML, like Gecko) Safari/417.9.2"
74.7.227.27 - - [11/Jun/2026:02:10:09 -0500] "GET /products/124000870?fileloc=/var/www/vhosts/followyourears.com/httpdocs/wp-conffq.php&path=/var/www/vhosts/followyourears.com/httpdocs HTTP/1.1" 200 335051 "https://followyourears.com/products/124000870" "Mozilla/5.0 AppleWebKit/537.36 (KHTML, like Gecko; compatible; GPTBot/1.4; +https://openai.com/gptbot)"
74.7.227.27 - - [11/Jun/2026:02:11:03 -0500] "GET /products/222045170?fileloc=/var/www/vhosts/followyourears.com/httpdocs/wp-config.php&path=/var/www/vhosts/followyourears.com/httpdocs HTTP/1.1" 403 5049 "https://followyourears.com/products/222045170" "Mozilla/5.0 AppleWebKit/537.36 (KHTML, like Gecko; compatible; GPTBot/1.4; +https://openai.com/gptbot)"
90.73.110.91 - - [11/Jun/2026:02:15:37 -0500] "GET /sitemap481.xml HTTP/1.1" 200 544117 "-" "Mozilla/5.0 (Windows NT 10.0; Win64; x64) AppleWebKit/537.36 (KHTML, like Gecko) Chrome/132.0.6834.110 Safari/537.36"
197.248.140.121 - - [11/Jun/2026:02:15:38 -0500] "GET /sitemap185.xml HTTP/1.1" 200 544094 "-" "Mozilla/5.0 (Macintosh; U; PPC Mac OS X; it-it) AppleWebKit/124 (KHTML, like Gecko) Safari/125.1"
69.30.223.218 - - [11/Jun/2026:02:16:22 -0500] "GET /wp-content/themes/twentytwentyone/assets/sass/05-blocks/file/62/index.php HTTP/1.1" 200 4926 "https://followyourears.com/wp-content/themes/twentytwentyone/assets/sass/05-blocks/file/62/index.php" "Mozilla/5.0 (Windows NT 10.0; Win64; x64) AppleWebKit/537.36 (KHTML, like Gecko) Chrome/58.0.3029.110 Safari/537.3"
69.30.223.218 - - [11/Jun/2026:02:16:24 -0500] "GET /wp-content/themes/twentytwentyone/assets/sass/05-blocks/file/62/index.php HTTP/1.1" 500 5387 "https://followyourears.com/wp-content/themes/twentytwentyone/assets/sass/05-blocks/file/62/index.php" "Mozilla/5.0 (Windows NT 10.0; Win64; x64) AppleWebKit/537.36 (KHTML, like Gecko) Chrome/58.0.3029.110 Safari/537.3"
69.30.223.218 - - [11/Jun/2026:02:16:28 -0500] "GET /wp-content/themes/twentytwentyone/assets/sass/05-blocks/file/62/index.php HTTP/1.1" 500 5387 "https://followyourears.com/wp-content/themes/twentytwentyone/assets/sass/05-blocks/file/62/index.php" "Mozilla/5.0 (Windows NT 10.0; Win64; x64) AppleWebKit/537.36 (KHTML, like Gecko) Chrome/58.0.3029.110 Safari/537.3"
146.174.168.48 - - [11/Jun/2026:02:17:24 -0500] "GET /products/040019676 HTTP/1.1" 200 114546 "-" "Mozilla/5.0 (Windows NT 10.0; WOW64; rv:128.0) Gecko/20100101 Firefox/128.0"
88.170.250.130 - - [11/Jun/2026:02:20:27 -0500] "GET /sitemap717.xml HTTP/1.1" 200 545300 "-" "Mozilla/5.0 (Macintosh; U; PPC Mac OS X; en) AppleWebKit/312.8.1 (KHTML, like Gecko) Safari/312.6"
74.7.227.27 - - [11/Jun/2026:02:21:11 -0500] "GET /products/223000183?fileloc=/var/www/vhosts/followyourears.com/httpdocs/wp-config.php&path=/var/www/vhosts/followyourears.com/httpdocs HTTP/1.1" 403 5049 "https://followyourears.com/products/223000183" "Mozilla/5.0 AppleWebKit/537.36 (KHTML, like Gecko; compatible; GPTBot/1.4; +https://openai.com/gptbot)"
74.7.227.27 - - [11/Jun/2026:02:22:16 -0500] "GET /products/205034999?fileloc=/var/www/vhosts/followyourears.com/httpdocs/wp-conffq.php&path=/var/www/vhosts/followyourears.com/httpdocs HTTP/1.1" 200 335051 "https://followyourears.com/products/205034999" "Mozilla/5.0 AppleWebKit/537.36 (KHTML, like Gecko; compatible; GPTBot/1.4; +https://openai.com/gptbot)"
74.7.227.27 - - [11/Jun/2026:02:23:19 -0500] "GET /products/126006888?fileloc=/var/www/vhosts/followyourears.com/httpdocs/wp-config.php&path=/var/www/vhosts/followyourears.com/httpdocs HTTP/1.1" 403 5049 "https://followyourears.com/products/126006888" "Mozilla/5.0 AppleWebKit/537.36 (KHTML, like Gecko; compatible; GPTBot/1.4; +https://openai.com/gptbot)"
74.7.227.27 - - [11/Jun/2026:02:24:14 -0500] "GET /products/186000552?fileloc=/var/www/vhosts/followyourears.com/httpdocs/wp-config.php&path=/var/www/vhosts/followyourears.com/httpdocs HTTP/1.1" 403 5049 "https://followyourears.com/products/186000552" "Mozilla/5.0 AppleWebKit/537.36 (KHTML, like Gecko; compatible; GPTBot/1.4; +https://openai.com/gptbot)"
113.88.77.85 - - [11/Jun/2026:02:24:33 -0500] "GET /robots.txt HTTP/1.1" 200 5320 "-" "Mozilla/5.0 (Windows NT 10.0; WOW64) AppleWebKit/537.36 (KHTML, like Gecko) Chrome/67.0.2729.44 Safari/537.36 Core/1.70.3722.400 QQBrowser/10.5.3739.400"
66.81.174.193 - - [11/Jun/2026:02:26:04 -0500] "GET /sitemap735.xml HTTP/1.1" 200 544856 "-" "Mozilla/5.0 (Windows NT 10.0; Win64; x64) AppleWebKit/537.36 (KHTML, like Gecko) Chrome/132.0.6834.110 Safari/537.36"
94.243.2.122 - - [11/Jun/2026:02:27:08 -0500] "GET /sitemap611.xml HTTP/1.1" 200 544839 "-" "Mozilla/5.0 (Macintosh; Intel Mac OS X 12_5_0) AppleWebKit/537.36 (KHTML, like Gecko) Chrome/130.0.6723.69 Safari/537.36"
157.55.39.11 - - [11/Jun/2026:02:30:18 -0500] "GET /?sitemap187.xml HTTP/1.1" 200 4855 "-" "Mozilla/5.0 AppleWebKit/537.36 (KHTML, like Gecko; compatible; bingbot/2.0; +http://www.bing.com/bingbot.htm) Chrome/116.0.1938.76 Safari/537.36"
69.30.223.218 - - [11/Jun/2026:02:31:09 -0500] "GET /wp-content/themes/twentytwentyone/assets/sass/05-blocks/file/62/index.php HTTP/1.1" 200 4926 "https://followyourears.com/wp-content/themes/twentytwentyone/assets/sass/05-blocks/file/62/index.php" "Mozilla/5.0 (Windows NT 10.0; Win64; x64) AppleWebKit/537.36 (KHTML, like Gecko) Chrome/58.0.3029.110 Safari/537.3"
69.30.223.218 - - [11/Jun/2026:02:31:14 -0500] "GET /wp-content/themes/twentytwentyone/assets/sass/05-blocks/file/62/index.php HTTP/1.1" 404 4940 "https://followyourears.com/wp-content/themes/twentytwentyone/assets/sass/05-blocks/file/62/index.php" "Mozilla/5.0 (Windows NT 10.0; Win64; x64) AppleWebKit/537.36 (KHTML, like Gecko) Chrome/58.0.3029.110 Safari/537.3"
69.30.223.218 - - [11/Jun/2026:02:31:11 -0500] "GET /wp-content/themes/twentytwentyone/assets/sass/05-blocks/file/62/index.php HTTP/1.1" 500 5387 "https://followyourears.com/wp-content/themes/twentytwentyone/assets/sass/05-blocks/file/62/index.php" "Mozilla/5.0 (Windows NT 10.0; Win64; x64) AppleWebKit/537.36 (KHTML, like Gecko) Chrome/58.0.3029.110 Safari/537.3"
5.139.233.141 - - [11/Jun/2026:02:34:07 -0500] "GET /products/130025258 HTTP/1.1" 200 114546 "-" "Mozilla/5.0 (Windows NT 10.0; WOW64; rv:133.0) Gecko/20100101 Firefox/133.0"
74.7.227.27 - - [11/Jun/2026:02:34:31 -0500] "GET /products/054000312?fileloc=/var/www/vhosts/followyourears.com/httpdocs/wp-conffq.php&path=/var/www/vhosts/followyourears.com/httpdocs HTTP/1.1" 200 335051 "https://followyourears.com/products/054000312" "Mozilla/5.0 AppleWebKit/537.36 (KHTML, like Gecko; compatible; GPTBot/1.4; +https://openai.com/gptbot)"
74.7.227.27 - - [11/Jun/2026:02:35:34 -0500] "GET /products/222048108?fileloc=/var/www/vhosts/followyourears.com/httpdocs/wp-config.php&path=/var/www/vhosts/followyourears.com/httpdocs HTTP/1.1" 403 5049 "https://followyourears.com/products/222048108" "Mozilla/5.0 AppleWebKit/537.36 (KHTML, like Gecko; compatible; GPTBot/1.4; +https://openai.com/gptbot)"
114.119.158.143 - - [11/Jun/2026:02:35:43 -0500] "GET /category/robbie-the-rebel?path=/var/www/vhosts/followyourears.com/private HTTP/1.1" 200 19374 "https://www.followyourears.com/category/robbie-the-rebel?path=/var/www/vhosts/followyourears.com" "Mozilla/5.0 (Linux; Android 7.0;) AppleWebKit/537.36 (HTML, like Gecko) Mobile Safari/537.36 (compatible; PetalBot;+https://webmaster.petalsearch.com/site/petalbot)"
74.7.227.27 - - [11/Jun/2026:02:36:30 -0500] "GET /products/280033364?fileloc=/var/www/vhosts/followyourears.com/httpdocs/wp-conffq.php&path=/var/www/vhosts/followyourears.com/httpdocs HTTP/1.1" 200 335051 "https://followyourears.com/products/280033364" "Mozilla/5.0 AppleWebKit/537.36 (KHTML, like Gecko; compatible; GPTBot/1.4; +https://openai.com/gptbot)"
74.7.227.27 - - [11/Jun/2026:02:37:25 -0500] "GET /products/300026780?fileloc=/var/www/vhosts/followyourears.com/httpdocs/wp-config.php&path=/var/www/vhosts/followyourears.com/httpdocs HTTP/1.1" 403 5049 "https://followyourears.com/products/300026780" "Mozilla/5.0 AppleWebKit/537.36 (KHTML, like Gecko; compatible; GPTBot/1.4; +https://openai.com/gptbot)"
94.142.143.182 - - [11/Jun/2026:02:37:35 -0500] "GET /sitemap455.xml HTTP/1.1" 200 544963 "-" "Mozilla/5.0 (Windows NT 10.0; Win64; x64) AppleWebKit/537.36 (KHTML, like Gecko) Chrome/134.0.6998.45 Safari/537.36"
