HEX
Server: Apache
System: Linux edrants.com 3.10.0-1160.119.1.el7.x86_64 #1 SMP Tue Jun 4 14:43:51 UTC 2024 x86_64
User: fye (10002)
PHP: 7.4.33
Disabled: opcache_get_status
Upload Files
File: /var/www/vhosts/followyourears.com/logs/access_ssl_log
74.7.227.160 - - [10/Jun/2026:00:56:06 -0500] "GET /products/061023133?fileloc=/var/www/vhosts/followyourears.com/httpdocs/CyiAqULgX.ogm&path=/var/www/vhosts/followyourears.com/httpdocs HTTP/1.1" 200 21884 "https://followyourears.com/products/061023133" "Mozilla/5.0 AppleWebKit/537.36 (KHTML, like Gecko; compatible; GPTBot/1.4; +https://openai.com/gptbot)"
74.7.227.160 - - [10/Jun/2026:00:56:47 -0500] "GET /products/020024532?fileloc=/var/www/vhosts/followyourears.com/httpdocs/CyiAqULgX.ogm&path=/var/www/vhosts/followyourears.com/httpdocs HTTP/1.1" 200 21884 "https://followyourears.com/products/020024532" "Mozilla/5.0 AppleWebKit/537.36 (KHTML, like Gecko; compatible; GPTBot/1.4; +https://openai.com/gptbot)"
74.7.227.160 - - [10/Jun/2026:00:57:26 -0500] "GET /products/101035951?fileloc=/var/www/vhosts/followyourears.com/httpdocs/CyiAqULgX.ogm&path=/var/www/vhosts/followyourears.com/httpdocs HTTP/1.1" 200 21899 "https://followyourears.com/products/101035951" "Mozilla/5.0 AppleWebKit/537.36 (KHTML, like Gecko; compatible; GPTBot/1.4; +https://openai.com/gptbot)"
74.7.227.160 - - [10/Jun/2026:00:58:01 -0500] "GET /?i=hxpe57xr2mavnmd_gkind652 HTTP/1.1" 403 5113 "https://followyourears.com/?sitemap153.xml" "Mozilla/5.0 AppleWebKit/537.36 (KHTML, like Gecko; compatible; GPTBot/1.4; +https://openai.com/gptbot)"
86.221.205.228 - - [10/Jun/2026:00:58:25 -0500] "GET /sitemap374.xml HTTP/1.1" 200 544134 "-" "Mozilla/5.0 (Macintosh; Intel Mac OS X 11.5; rv:136.0) Gecko/20100101 Firefox/136.0"
74.7.227.160 - - [10/Jun/2026:00:58:31 -0500] "GET /?b=qkoon180w000pzqayo_gkind817 HTTP/1.1" 403 5113 "https://followyourears.com/?sitemap153.xml" "Mozilla/5.0 AppleWebKit/537.36 (KHTML, like Gecko; compatible; GPTBot/1.4; +https://openai.com/gptbot)"
74.7.227.160 - - [10/Jun/2026:00:59:02 -0500] "GET /?p=xcvs193v6seqzz_gkind2228 HTTP/1.1" 403 5113 "https://followyourears.com/?sitemap153.xml" "Mozilla/5.0 AppleWebKit/537.36 (KHTML, like Gecko; compatible; GPTBot/1.4; +https://openai.com/gptbot)"
92.171.16.187 - - [10/Jun/2026:01:01:43 -0500] "GET /sitemap229.xml HTTP/1.1" 200 544393 "-" "Mozilla/5.0 (Macintosh; Intel Mac OS X 12_5_0) AppleWebKit/537.36 (KHTML, like Gecko) Chrome/130.0.6723.69 Safari/537.36"
66.249.79.165 - - [10/Jun/2026:01:03:06 -0500] "GET /?297270308?products=0295288655 HTTP/1.1" 200 163261 "-" "Mozilla/5.0 (Linux; Android 6.0.1; Nexus 5X Build/MMB29P) AppleWebKit/537.36 (KHTML, like Gecko) Chrome/148.0.7778.96 Mobile Safari/537.36 (compatible; Googlebot/2.1; +http://www.google.com/bot.html)"
109.107.242.124 - - [10/Jun/2026:01:06:42 -0500] "GET /products/213013183 HTTP/1.1" 200 114546 "-" "Mozilla/5.0 (Macintosh; Intel Mac OS X 13_5_1) AppleWebKit/537.36 (KHTML, like Gecko) Chrome/125.0.6422.60 Safari/537.36"
69.30.223.218 - - [10/Jun/2026:01:07:12 -0500] "GET /wp-content/themes/twentytwentyone/assets/sass/05-blocks/file/62/index.php HTTP/1.1" 200 4926 "https://followyourears.com/wp-content/themes/twentytwentyone/assets/sass/05-blocks/file/62/index.php" "Mozilla/5.0 (Windows NT 10.0; Win64; x64) AppleWebKit/537.36 (KHTML, like Gecko) Chrome/58.0.3029.110 Safari/537.3"
69.30.223.218 - - [10/Jun/2026:01:07:15 -0500] "GET /wp-content/themes/twentytwentyone/assets/sass/05-blocks/file/62/index.php HTTP/1.1" 500 5387 "https://followyourears.com/wp-content/themes/twentytwentyone/assets/sass/05-blocks/file/62/index.php" "Mozilla/5.0 (Windows NT 10.0; Win64; x64) AppleWebKit/537.36 (KHTML, like Gecko) Chrome/58.0.3029.110 Safari/537.3"
69.30.223.218 - - [10/Jun/2026:01:07:18 -0500] "GET /wp-content/themes/twentytwentyone/assets/sass/05-blocks/file/62/index.php HTTP/1.1" 500 5387 "https://followyourears.com/wp-content/themes/twentytwentyone/assets/sass/05-blocks/file/62/index.php" "Mozilla/5.0 (Windows NT 10.0; Win64; x64) AppleWebKit/537.36 (KHTML, like Gecko) Chrome/58.0.3029.110 Safari/537.3"
74.7.227.160 - - [10/Jun/2026:01:09:28 -0500] "GET /products/096048844?path=/var/www/vhosts/followyourears.com HTTP/1.1" 200 43481 "https://followyourears.com/products/096048844" "Mozilla/5.0 AppleWebKit/537.36 (KHTML, like Gecko; compatible; GPTBot/1.4; +https://openai.com/gptbot)"
74.7.227.160 - - [10/Jun/2026:01:10:28 -0500] "GET /products/165004607?path=/var/www/vhosts/followyourears.com HTTP/1.1" 200 43496 "https://followyourears.com/products/165004607" "Mozilla/5.0 AppleWebKit/537.36 (KHTML, like Gecko; compatible; GPTBot/1.4; +https://openai.com/gptbot)"
74.7.227.160 - - [10/Jun/2026:01:11:25 -0500] "GET /products/195047041?path=/var/www/vhosts/followyourears.com HTTP/1.1" 200 43481 "https://followyourears.com/products/195047041" "Mozilla/5.0 AppleWebKit/537.36 (KHTML, like Gecko; compatible; GPTBot/1.4; +https://openai.com/gptbot)"
74.7.227.160 - - [10/Jun/2026:01:12:16 -0500] "GET /products/091010329?path=/var/www/vhosts/followyourears.com HTTP/1.1" 200 43481 "https://followyourears.com/products/091010329" "Mozilla/5.0 AppleWebKit/537.36 (KHTML, like Gecko; compatible; GPTBot/1.4; +https://openai.com/gptbot)"
40.77.167.93 - - [10/Jun/2026:01:12:50 -0500] "GET /robots.txt HTTP/1.1" 200 5320 "-" "Mozilla/5.0 AppleWebKit/537.36 (KHTML, like Gecko; compatible; bingbot/2.0; +http://www.bing.com/bingbot.htm) Chrome/116.0.1938.76 Safari/537.36"
40.77.167.93 - - [10/Jun/2026:01:12:50 -0500] "GET /robots.txt HTTP/1.1" 200 5320 "-" "Mozilla/5.0 AppleWebKit/537.36 (KHTML, like Gecko; compatible; bingbot/2.0; +http://www.bing.com/bingbot.htm) Chrome/116.0.1938.76 Safari/537.36"
52.167.144.211 - - [10/Jun/2026:01:12:59 -0500] "GET /26749954?products=0026571770 HTTP/1.1" 200 4931 "-" "Mozilla/5.0 AppleWebKit/537.36 (KHTML, like Gecko; compatible; bingbot/2.0; +http://www.bing.com/bingbot.htm) Chrome/116.0.1938.76 Safari/537.36"
74.7.227.160 - - [10/Jun/2026:01:13:00 -0500] "GET /products/118035006?path=/var/www/vhosts/followyourears.com HTTP/1.1" 200 43496 "https://followyourears.com/products/118035006" "Mozilla/5.0 AppleWebKit/537.36 (KHTML, like Gecko; compatible; GPTBot/1.4; +https://openai.com/gptbot)"
74.7.227.160 - - [10/Jun/2026:01:13:43 -0500] "GET /products/023007341?path=/var/www/vhosts/followyourears.com HTTP/1.1" 200 43481 "https://followyourears.com/products/023007341" "Mozilla/5.0 AppleWebKit/537.36 (KHTML, like Gecko; compatible; GPTBot/1.4; +https://openai.com/gptbot)"
74.7.227.160 - - [10/Jun/2026:01:14:20 -0500] "GET /products/096030686?path=/var/www/vhosts/followyourears.com HTTP/1.1" 200 43510 "https://followyourears.com/products/096030686" "Mozilla/5.0 AppleWebKit/537.36 (KHTML, like Gecko; compatible; GPTBot/1.4; +https://openai.com/gptbot)"
41.139.235.113 - - [10/Jun/2026:01:14:51 -0500] "GET /products/289003789 HTTP/1.1" 200 114546 "-" "Mozilla/5.0 (Macintosh; Intel Mac OS X 12.2; rv:130.0) Gecko/20100101 Firefox/130.0"
74.7.227.160 - - [10/Jun/2026:01:14:52 -0500] "GET /products/049008221?path=/var/www/vhosts/followyourears.com HTTP/1.1" 200 43481 "https://followyourears.com/products/049008221" "Mozilla/5.0 AppleWebKit/537.36 (KHTML, like Gecko; compatible; GPTBot/1.4; +https://openai.com/gptbot)"
54.39.203.139 - - [10/Jun/2026:01:15:09 -0500] "GET /?sitemap898.xml HTTP/1.1" 200 4855 "-" "Mozilla/5.0 (compatible; AhrefsBot/7.0; +http://ahrefs.com/robot/)"
74.7.227.160 - - [10/Jun/2026:01:15:23 -0500] "GET /products/135019239?path=/var/www/vhosts/followyourears.com HTTP/1.1" 200 43481 "https://followyourears.com/products/135019239" "Mozilla/5.0 AppleWebKit/537.36 (KHTML, like Gecko; compatible; GPTBot/1.4; +https://openai.com/gptbot)"
74.7.227.160 - - [10/Jun/2026:01:15:50 -0500] "GET /products/108029728?path=/var/www/vhosts/followyourears.com HTTP/1.1" 200 43510 "https://followyourears.com/products/108029728" "Mozilla/5.0 AppleWebKit/537.36 (KHTML, like Gecko; compatible; GPTBot/1.4; +https://openai.com/gptbot)"
74.7.227.160 - - [10/Jun/2026:01:16:14 -0500] "GET /products/035003889?fileloc=/var/www/vhosts/followyourears.com/httpdocs/wp-includes/class-walker-category-dropdown.php&path=/var/www/vhosts/followyourears.com/httpdocs/wp-includes HTTP/1.1" 200 19822 "https://followyourears.com/products/035003889?path=/var/www/vhosts/followyourears.com/httpdocs/wp-includes" "Mozilla/5.0 AppleWebKit/537.36 (KHTML, like Gecko; compatible; GPTBot/1.4; +https://openai.com/gptbot)"
74.7.227.160 - - [10/Jun/2026:01:16:35 -0500] "GET /?p=req57auu80cyjzn_gkind1172 HTTP/1.1" 403 5113 "https://followyourears.com/?sitemap187.xml" "Mozilla/5.0 AppleWebKit/537.36 (KHTML, like Gecko; compatible; GPTBot/1.4; +https://openai.com/gptbot)"
74.7.227.160 - - [10/Jun/2026:01:16:56 -0500] "GET /?r=tafxs295p4urwjk_gkind3798 HTTP/1.1" 403 5113 "https://followyourears.com/?sitemap153.xml" "Mozilla/5.0 AppleWebKit/537.36 (KHTML, like Gecko; compatible; GPTBot/1.4; +https://openai.com/gptbot)"
74.7.227.160 - - [10/Jun/2026:01:17:16 -0500] "GET /products/195047041?fileloc=/var/www/vhosts/followyourears.com/postnews.php&path=/var/www/vhosts/followyourears.com HTTP/1.1" 200 23343 "https://followyourears.com/products/195047041?path=/var/www/vhosts/followyourears.com" "Mozilla/5.0 AppleWebKit/537.36 (KHTML, like Gecko; compatible; GPTBot/1.4; +https://openai.com/gptbot)"
79.146.181.212 - - [10/Jun/2026:01:17:33 -0500] "GET /sitemap807.xml HTTP/1.1" 200 544439 "-" "Mozilla/5.0 (Macintosh; Intel Mac OS X 12_2_1) AppleWebKit/537.36 (KHTML, like Gecko) Chrome/126.0.6478.55 Safari/537.36"
74.7.227.160 - - [10/Jun/2026:01:17:37 -0500] "GET /?l=scrjx139h45kszhb_gkind216 HTTP/1.1" 403 5113 "https://followyourears.com/?sitemap187.xml" "Mozilla/5.0 AppleWebKit/537.36 (KHTML, like Gecko; compatible; GPTBot/1.4; +https://openai.com/gptbot)"
66.249.79.166 - - [10/Jun/2026:01:18:34 -0500] "GET /?151724518?products=0150713172 HTTP/1.1" 200 166297 "-" "Mozilla/5.0 (Linux; Android 6.0.1; Nexus 5X Build/MMB29P) AppleWebKit/537.36 (KHTML, like Gecko) Chrome/148.0.7778.96 Mobile Safari/537.36 (compatible; Googlebot/2.1; +http://www.google.com/bot.html)"
98.233.12.38 - - [10/Jun/2026:01:23:14 -0500] "GET /*?path=/var/www/vhosts/followyourears.com/httpdocs/wp-includes/js/crop HTTP/1.1" 200 26304 "-" "Mozilla/5.0 (Macintosh; Intel Mac OS X 14.2; rv:132.0) Gecko/20100101 Firefox/132.0"
188.135.39.125 - - [10/Jun/2026:01:26:02 -0500] "GET /?shop%2Fshowerful%2Fambuscado381759257436.phtml%3Fpath=%2Fvar%2Fwww%2Fvhosts%2Ffollowyourears.com%2Fhttpdocs%2Fwp-includes HTTP/1.1" 403 5113 "-" "Mozilla/5.0 (Windows NT 6.1) AppleWebKit/537.36 (KHTML, like Gecko) Chrome/84.0.4147.140 Safari/537.36"
66.245.235.20 - - [10/Jun/2026:01:26:05 -0500] "GET /sitemap38.xml HTTP/1.1" 200 544583 "-" "Mozilla/5.0 (Windows NT 10.0; WOW64; rv:131.0) Gecko/20100101 Firefox/131.0"
37.230.95.143 - - [10/Jun/2026:01:26:13 -0500] "GET /sitemap23.xml HTTP/1.1" 200 544594 "-" "Mozilla/5.0 (Macintosh; Intel Mac OS X 12.7; rv:133.0) Gecko/20100101 Firefox/133.0"
188.215.100.157 - - [10/Jun/2026:01:27:09 -0500] "GET /sitemap855.xml HTTP/1.1" 200 544635 "-" "Mozilla/5.0 (Macintosh; Intel Mac OS X 13_6_0) AppleWebKit/537.36 (KHTML, like Gecko) Chrome/128.0.6613.36 Safari/537.36"
74.7.227.160 - - [10/Jun/2026:01:27:52 -0500] "GET /?o=ese276f873wgrlqh_gkind18883 HTTP/1.1" 403 5113 "https://followyourears.com/?sitemap153.xml" "Mozilla/5.0 AppleWebKit/537.36 (KHTML, like Gecko; compatible; GPTBot/1.4; +https://openai.com/gptbot)"
74.7.227.160 - - [10/Jun/2026:01:28:56 -0500] "GET /?b=mzr268g090qlars_gkind30253 HTTP/1.1" 403 5113 "https://followyourears.com/?sitemap187.xml" "Mozilla/5.0 AppleWebKit/537.36 (KHTML, like Gecko; compatible; GPTBot/1.4; +https://openai.com/gptbot)"
74.7.227.160 - - [10/Jun/2026:01:29:59 -0500] "GET /products/181008409?fileloc=/var/www/vhosts/followyourears.com/httpdocs/XcTpIYCBeUaHtGJj.mkv&path=/var/www/vhosts/followyourears.com/httpdocs HTTP/1.1" 200 21891 "https://followyourears.com/products/181008409" "Mozilla/5.0 AppleWebKit/537.36 (KHTML, like Gecko; compatible; GPTBot/1.4; +https://openai.com/gptbot)"
88.30.251.83 - - [10/Jun/2026:01:30:32 -0500] "GET /sitemap669.xml HTTP/1.1" 200 544792 "-" "Mozilla/5.0 (Windows NT 10.0; Win64; x64; rv:130.0) Gecko/20100101 Firefox/130.0"
74.7.227.160 - - [10/Jun/2026:01:31:02 -0500] "GET /products/175036033?fileloc=/var/www/vhosts/followyourears.com/httpdocs/XcTpIYCBeUaHtGJj.mkv&path=/var/www/vhosts/followyourears.com/httpdocs HTTP/1.1" 200 21891 "https://followyourears.com/products/175036033" "Mozilla/5.0 AppleWebKit/537.36 (KHTML, like Gecko; compatible; GPTBot/1.4; +https://openai.com/gptbot)"
74.7.227.160 - - [10/Jun/2026:01:32:01 -0500] "GET /products/045014731?fileloc=/var/www/vhosts/followyourears.com/httpdocs/XcTpIYCBeUaHtGJj.mkv&path=/var/www/vhosts/followyourears.com/httpdocs HTTP/1.1" 200 21891 "https://followyourears.com/products/045014731" "Mozilla/5.0 AppleWebKit/537.36 (KHTML, like Gecko; compatible; GPTBot/1.4; +https://openai.com/gptbot)"
69.30.223.218 - - [10/Jun/2026:01:32:47 -0500] "GET /wp-content/themes/twentytwentyone/assets/sass/05-blocks/file/62/index.php HTTP/1.1" 200 4926 "https://followyourears.com/wp-content/themes/twentytwentyone/assets/sass/05-blocks/file/62/index.php" "Mozilla/5.0 (Windows NT 10.0; Win64; x64) AppleWebKit/537.36 (KHTML, like Gecko) Chrome/58.0.3029.110 Safari/537.3"
74.7.227.160 - - [10/Jun/2026:01:32:52 -0500] "GET /products/042029600?fileloc=/var/www/vhosts/followyourears.com/httpdocs/XcTpIYCBeUaHtGJj.mkv&path=/var/www/vhosts/followyourears.com/httpdocs HTTP/1.1" 200 21891 "https://followyourears.com/products/042029600" "Mozilla/5.0 AppleWebKit/537.36 (KHTML, like Gecko; compatible; GPTBot/1.4; +https://openai.com/gptbot)"
69.30.223.218 - - [10/Jun/2026:01:32:48 -0500] "GET /wp-content/themes/twentytwentyone/assets/sass/05-blocks/file/62/index.php HTTP/1.1" 500 5387 "https://followyourears.com/wp-content/themes/twentytwentyone/assets/sass/05-blocks/file/62/index.php" "Mozilla/5.0 (Windows NT 10.0; Win64; x64) AppleWebKit/537.36 (KHTML, like Gecko) Chrome/58.0.3029.110 Safari/537.3"
202.76.141.208 - - [10/Jun/2026:01:33:33 -0500] "GET /sitemap215.xml HTTP/1.1" 200 544697 "-" "Mozilla/5.0 (Macintosh; Intel Mac OS X 12.6; rv:136.0) Gecko/20100101 Firefox/136.0"
69.30.223.218 - - [10/Jun/2026:01:32:51 -0500] "GET /wp-content/themes/twentytwentyone/assets/sass/05-blocks/file/62/index.php HTTP/1.1" 500 5387 "https://followyourears.com/wp-content/themes/twentytwentyone/assets/sass/05-blocks/file/62/index.php" "Mozilla/5.0 (Windows NT 10.0; Win64; x64) AppleWebKit/537.36 (KHTML, like Gecko) Chrome/58.0.3029.110 Safari/537.3"
74.7.227.160 - - [10/Jun/2026:01:33:37 -0500] "GET /products/204005356?fileloc=/var/www/vhosts/followyourears.com/httpdocs/XcTpIYCBeUaHtGJj.mkv&path=/var/www/vhosts/followyourears.com/httpdocs HTTP/1.1" 200 21891 "https://followyourears.com/products/204005356" "Mozilla/5.0 AppleWebKit/537.36 (KHTML, like Gecko; compatible; GPTBot/1.4; +https://openai.com/gptbot)"
74.7.227.160 - - [10/Jun/2026:01:34:19 -0500] "GET /products/226007838?fileloc=/var/www/vhosts/followyourears.com/httpdocs/XcTpIYCBeUaHtGJj.mkv&path=/var/www/vhosts/followyourears.com/httpdocs HTTP/1.1" 200 21891 "https://followyourears.com/products/226007838" "Mozilla/5.0 AppleWebKit/537.36 (KHTML, like Gecko; compatible; GPTBot/1.4; +https://openai.com/gptbot)"
66.249.79.165 - - [10/Jun/2026:01:34:16 -0500] "GET /?102303032?products=0101621161 HTTP/1.1" 200 166719 "-" "Mozilla/5.0 (Linux; Android 6.0.1; Nexus 5X Build/MMB29P) AppleWebKit/537.36 (KHTML, like Gecko) Chrome/148.0.7778.96 Mobile Safari/537.36 (compatible; Googlebot/2.1; +http://www.google.com/bot.html)"
74.7.227.160 - - [10/Jun/2026:01:34:56 -0500] "GET /products/149041423?fileloc=/var/www/vhosts/followyourears.com/httpdocs/XcTpIYCBeUaHtGJj.mkv&path=/var/www/vhosts/followyourears.com/httpdocs HTTP/1.1" 200 21891 "https://followyourears.com/products/149041423" "Mozilla/5.0 AppleWebKit/537.36 (KHTML, like Gecko; compatible; GPTBot/1.4; +https://openai.com/gptbot)"
74.7.227.160 - - [10/Jun/2026:01:35:30 -0500] "GET /products/005032339?fileloc=/var/www/vhosts/followyourears.com/httpdocs/XcTpIYCBeUaHtGJj.mkv&path=/var/www/vhosts/followyourears.com/httpdocs HTTP/1.1" 200 21906 "https://followyourears.com/products/005032339" "Mozilla/5.0 AppleWebKit/537.36 (KHTML, like Gecko; compatible; GPTBot/1.4; +https://openai.com/gptbot)"
74.7.227.160 - - [10/Jun/2026:01:35:58 -0500] "GET /products/117024287?fileloc=/var/www/vhosts/followyourears.com/httpdocs/XcTpIYCBeUaHtGJj.mkv&path=/var/www/vhosts/followyourears.com/httpdocs HTTP/1.1" 200 21906 "https://followyourears.com/products/117024287" "Mozilla/5.0 AppleWebKit/537.36 (KHTML, like Gecko; compatible; GPTBot/1.4; +https://openai.com/gptbot)"
74.7.227.160 - - [10/Jun/2026:01:36:25 -0500] "GET /products/026031924?fileloc=/var/www/vhosts/followyourears.com/httpdocs/XcTpIYCBeUaHtGJj.mkv&path=/var/www/vhosts/followyourears.com/httpdocs HTTP/1.1" 200 21891 "https://followyourears.com/products/026031924" "Mozilla/5.0 AppleWebKit/537.36 (KHTML, like Gecko; compatible; GPTBot/1.4; +https://openai.com/gptbot)"
74.7.227.160 - - [10/Jun/2026:01:36:50 -0500] "GET /products/071030969?fileloc=/var/www/vhosts/followyourears.com/httpdocs/XcTpIYCBeUaHtGJj.mkv&path=/var/www/vhosts/followyourears.com/httpdocs HTTP/1.1" 200 21891 "https://followyourears.com/products/071030969" "Mozilla/5.0 AppleWebKit/537.36 (KHTML, like Gecko; compatible; GPTBot/1.4; +https://openai.com/gptbot)"
74.7.227.160 - - [10/Jun/2026:01:37:13 -0500] "GET /products/078027110?fileloc=/var/www/vhosts/followyourears.com/httpdocs/XcTpIYCBeUaHtGJj.mkv&path=/var/www/vhosts/followyourears.com/httpdocs HTTP/1.1" 200 21891 "https://followyourears.com/products/078027110" "Mozilla/5.0 AppleWebKit/537.36 (KHTML, like Gecko; compatible; GPTBot/1.4; +https://openai.com/gptbot)"
74.7.227.160 - - [10/Jun/2026:01:37:32 -0500] "GET /products/237004965?fileloc=/var/www/vhosts/followyourears.com/httpdocs/XcTpIYCBeUaHtGJj.mkv&path=/var/www/vhosts/followyourears.com/httpdocs HTTP/1.1" 200 21891 "https://followyourears.com/products/237004965" "Mozilla/5.0 AppleWebKit/537.36 (KHTML, like Gecko; compatible; GPTBot/1.4; +https://openai.com/gptbot)"
74.7.227.160 - - [10/Jun/2026:01:37:49 -0500] "GET /products/208047214?fileloc=/var/www/vhosts/followyourears.com/httpdocs/XcTpIYCBeUaHtGJj.mkv&path=/var/www/vhosts/followyourears.com/httpdocs HTTP/1.1" 200 21891 "https://followyourears.com/products/208047214" "Mozilla/5.0 AppleWebKit/537.36 (KHTML, like Gecko; compatible; GPTBot/1.4; +https://openai.com/gptbot)"
74.7.227.160 - - [10/Jun/2026:01:38:04 -0500] "GET /products/219002611?fileloc=/var/www/vhosts/followyourears.com/httpdocs/XcTpIYCBeUaHtGJj.mkv&path=/var/www/vhosts/followyourears.com/httpdocs HTTP/1.1" 200 21891 "https://followyourears.com/products/219002611" "Mozilla/5.0 AppleWebKit/537.36 (KHTML, like Gecko; compatible; GPTBot/1.4; +https://openai.com/gptbot)"
74.7.227.160 - - [10/Jun/2026:01:38:19 -0500] "GET /products/266027056?fileloc=/var/www/vhosts/followyourears.com/httpdocs/XcTpIYCBeUaHtGJj.mkv&path=/var/www/vhosts/followyourears.com/httpdocs HTTP/1.1" 200 21891 "https://followyourears.com/products/266027056" "Mozilla/5.0 AppleWebKit/537.36 (KHTML, like Gecko; compatible; GPTBot/1.4; +https://openai.com/gptbot)"
88.9.128.168 - - [10/Jun/2026:01:38:26 -0500] "GET /sitemap455.xml HTTP/1.1" 200 544276 "-" "Mozilla/5.0 (Macintosh; Intel Mac OS X 14_5_0) AppleWebKit/537.36 (KHTML, like Gecko) Chrome/130.0.6723.69 Safari/537.36"
74.7.227.160 - - [10/Jun/2026:01:38:32 -0500] "GET /products/051018317?fileloc=/var/www/vhosts/followyourears.com/httpdocs/XcTpIYCBeUaHtGJj.mkv&path=/var/www/vhosts/followyourears.com/httpdocs HTTP/1.1" 200 21891 "https://followyourears.com/products/051018317" "Mozilla/5.0 AppleWebKit/537.36 (KHTML, like Gecko; compatible; GPTBot/1.4; +https://openai.com/gptbot)"
74.7.227.160 - - [10/Jun/2026:01:38:44 -0500] "GET /products/196049790?fileloc=/var/www/vhosts/followyourears.com/httpdocs/XcTpIYCBeUaHtGJj.mkv&path=/var/www/vhosts/followyourears.com/httpdocs HTTP/1.1" 200 21891 "https://followyourears.com/products/196049790" "Mozilla/5.0 AppleWebKit/537.36 (KHTML, like Gecko; compatible; GPTBot/1.4; +https://openai.com/gptbot)"
74.7.227.160 - - [10/Jun/2026:01:38:54 -0500] "GET /products/092025932?fileloc=/var/www/vhosts/followyourears.com/httpdocs/XcTpIYCBeUaHtGJj.mkv&path=/var/www/vhosts/followyourears.com/httpdocs HTTP/1.1" 200 21891 "https://followyourears.com/products/092025932" "Mozilla/5.0 AppleWebKit/537.36 (KHTML, like Gecko; compatible; GPTBot/1.4; +https://openai.com/gptbot)"
74.7.227.160 - - [10/Jun/2026:01:39:04 -0500] "GET /products/175048319?fileloc=/var/www/vhosts/followyourears.com/httpdocs/XcTpIYCBeUaHtGJj.mkv&path=/var/www/vhosts/followyourears.com/httpdocs HTTP/1.1" 200 21891 "https://followyourears.com/products/175048319" "Mozilla/5.0 AppleWebKit/537.36 (KHTML, like Gecko; compatible; GPTBot/1.4; +https://openai.com/gptbot)"
74.7.227.160 - - [10/Jun/2026:01:39:12 -0500] "GET /products/070019860?fileloc=/var/www/vhosts/followyourears.com/httpdocs/XcTpIYCBeUaHtGJj.mkv&path=/var/www/vhosts/followyourears.com/httpdocs HTTP/1.1" 200 21891 "https://followyourears.com/products/070019860" "Mozilla/5.0 AppleWebKit/537.36 (KHTML, like Gecko; compatible; GPTBot/1.4; +https://openai.com/gptbot)"
74.7.227.160 - - [10/Jun/2026:01:39:21 -0500] "GET /products/241006597?fileloc=/var/www/vhosts/followyourears.com/httpdocs/XcTpIYCBeUaHtGJj.mkv&path=/var/www/vhosts/followyourears.com/httpdocs HTTP/1.1" 200 21891 "https://followyourears.com/products/241006597" "Mozilla/5.0 AppleWebKit/537.36 (KHTML, like Gecko; compatible; GPTBot/1.4; +https://openai.com/gptbot)"
74.7.227.160 - - [10/Jun/2026:01:39:28 -0500] "GET /products/266026020?path=/var/www/vhosts/followyourears.com/httpdocs/wp-content HTTP/1.1" 200 39346 "https://followyourears.com/products/266026020" "Mozilla/5.0 AppleWebKit/537.36 (KHTML, like Gecko; compatible; GPTBot/1.4; +https://openai.com/gptbot)"
74.7.227.160 - - [10/Jun/2026:01:39:34 -0500] "GET /products/020008222?path=/var/www/vhosts/followyourears.com/httpdocs/wp-content HTTP/1.1" 200 39346 "https://followyourears.com/products/020008222" "Mozilla/5.0 AppleWebKit/537.36 (KHTML, like Gecko; compatible; GPTBot/1.4; +https://openai.com/gptbot)"
74.7.227.160 - - [10/Jun/2026:01:39:40 -0500] "GET /products/017040911?path=/var/www/vhosts/followyourears.com/httpdocs/wp-content HTTP/1.1" 200 39346 "https://followyourears.com/products/017040911" "Mozilla/5.0 AppleWebKit/537.36 (KHTML, like Gecko; compatible; GPTBot/1.4; +https://openai.com/gptbot)"
74.7.227.160 - - [10/Jun/2026:01:39:45 -0500] "GET /products/155006139?path=/var/www/vhosts/followyourears.com/httpdocs/wp-content HTTP/1.1" 200 39346 "https://followyourears.com/products/155006139" "Mozilla/5.0 AppleWebKit/537.36 (KHTML, like Gecko; compatible; GPTBot/1.4; +https://openai.com/gptbot)"
74.7.227.160 - - [10/Jun/2026:01:39:49 -0500] "GET /products/264007822?path=/var/www/vhosts/followyourears.com/httpdocs/wp-content HTTP/1.1" 200 39346 "https://followyourears.com/products/264007822" "Mozilla/5.0 AppleWebKit/537.36 (KHTML, like Gecko; compatible; GPTBot/1.4; +https://openai.com/gptbot)"
74.7.227.160 - - [10/Jun/2026:01:39:53 -0500] "GET /products/199025969?path=/var/www/vhosts/followyourears.com/httpdocs/wp-content HTTP/1.1" 200 39346 "https://followyourears.com/products/199025969" "Mozilla/5.0 AppleWebKit/537.36 (KHTML, like Gecko; compatible; GPTBot/1.4; +https://openai.com/gptbot)"
74.7.227.160 - - [10/Jun/2026:01:39:57 -0500] "GET /products/056046602?path=/var/www/vhosts/followyourears.com/httpdocs/wp-content HTTP/1.1" 200 39346 "https://followyourears.com/products/056046602" "Mozilla/5.0 AppleWebKit/537.36 (KHTML, like Gecko; compatible; GPTBot/1.4; +https://openai.com/gptbot)"
74.7.227.160 - - [10/Jun/2026:01:40:00 -0500] "GET /products/235013511?path=/var/www/vhosts/followyourears.com/httpdocs/wp-content HTTP/1.1" 200 39346 "https://followyourears.com/products/235013511" "Mozilla/5.0 AppleWebKit/537.36 (KHTML, like Gecko; compatible; GPTBot/1.4; +https://openai.com/gptbot)"
74.7.227.160 - - [10/Jun/2026:01:40:03 -0500] "GET /products/235024273?path=/var/www/vhosts/followyourears.com/httpdocs/wp-content HTTP/1.1" 200 39346 "https://followyourears.com/products/235024273" "Mozilla/5.0 AppleWebKit/537.36 (KHTML, like Gecko; compatible; GPTBot/1.4; +https://openai.com/gptbot)"
74.7.227.160 - - [10/Jun/2026:01:40:06 -0500] "GET /products/005018959?path=/var/www/vhosts/followyourears.com/httpdocs/wp-content HTTP/1.1" 200 39361 "https://followyourears.com/products/005018959" "Mozilla/5.0 AppleWebKit/537.36 (KHTML, like Gecko; compatible; GPTBot/1.4; +https://openai.com/gptbot)"
74.7.227.160 - - [10/Jun/2026:01:40:26 -0500] "GET /products/163025633?path=/var/www/vhosts/followyourears.com/httpdocs/wp-content HTTP/1.1" 200 39346 "https://followyourears.com/products/163025633" "Mozilla/5.0 AppleWebKit/537.36 (KHTML, like Gecko; compatible; GPTBot/1.4; +https://openai.com/gptbot)"
74.7.227.160 - - [10/Jun/2026:01:40:28 -0500] "GET /products/275008557?path=/var/www/vhosts/followyourears.com/httpdocs/wp-content HTTP/1.1" 200 39346 "https://followyourears.com/products/275008557" "Mozilla/5.0 AppleWebKit/537.36 (KHTML, like Gecko; compatible; GPTBot/1.4; +https://openai.com/gptbot)"
74.7.227.160 - - [10/Jun/2026:01:40:34 -0500] "GET /products/205008875?path=/var/www/vhosts/followyourears.com/httpdocs/wp-content HTTP/1.1" 200 39346 "https://followyourears.com/products/205008875" "Mozilla/5.0 AppleWebKit/537.36 (KHTML, like Gecko; compatible; GPTBot/1.4; +https://openai.com/gptbot)"
74.7.227.160 - - [10/Jun/2026:01:40:36 -0500] "GET /products/117003709?path=/var/www/vhosts/followyourears.com/httpdocs/wp-content HTTP/1.1" 200 39346 "https://followyourears.com/products/117003709" "Mozilla/5.0 AppleWebKit/537.36 (KHTML, like Gecko; compatible; GPTBot/1.4; +https://openai.com/gptbot)"
74.7.227.160 - - [10/Jun/2026:01:40:39 -0500] "GET /products/155006139?path=/var/www/vhosts/followyourears.com/httpdocs/wp-content/plugins HTTP/1.1" 200 32003 "https://followyourears.com/products/155006139?path=/var/www/vhosts/followyourears.com/httpdocs/wp-content" "Mozilla/5.0 AppleWebKit/537.36 (KHTML, like Gecko; compatible; GPTBot/1.4; +https://openai.com/gptbot)"
74.7.227.160 - - [10/Jun/2026:01:40:40 -0500] "GET /products/177032811?path=/var/www/vhosts/followyourears.com/httpdocs/wp-content HTTP/1.1" 200 39346 "https://followyourears.com/products/177032811" "Mozilla/5.0 AppleWebKit/537.36 (KHTML, like Gecko; compatible; GPTBot/1.4; +https://openai.com/gptbot)"
74.7.227.160 - - [10/Jun/2026:01:40:43 -0500] "GET /products/078019996?path=/var/www/vhosts/followyourears.com/httpdocs/wp-content HTTP/1.1" 200 39346 "https://followyourears.com/products/078019996" "Mozilla/5.0 AppleWebKit/537.36 (KHTML, like Gecko; compatible; GPTBot/1.4; +https://openai.com/gptbot)"
74.7.227.160 - - [10/Jun/2026:01:41:03 -0500] "GET /products/170032632?path=/var/www/vhosts/followyourears.com/httpdocs/wp-content HTTP/1.1" 200 39346 "https://followyourears.com/products/170032632" "Mozilla/5.0 AppleWebKit/537.36 (KHTML, like Gecko; compatible; GPTBot/1.4; +https://openai.com/gptbot)"
74.7.227.160 - - [10/Jun/2026:01:41:04 -0500] "GET /products/282018826?path=/var/www/vhosts/followyourears.com/httpdocs/wp-content HTTP/1.1" 200 39346 "https://followyourears.com/products/282018826" "Mozilla/5.0 AppleWebKit/537.36 (KHTML, like Gecko; compatible; GPTBot/1.4; +https://openai.com/gptbot)"
74.7.227.160 - - [10/Jun/2026:01:41:05 -0500] "GET /products/232016900?path=/var/www/vhosts/followyourears.com/httpdocs/wp-content HTTP/1.1" 200 39346 "https://followyourears.com/products/232016900" "Mozilla/5.0 AppleWebKit/537.36 (KHTML, like Gecko; compatible; GPTBot/1.4; +https://openai.com/gptbot)"
74.7.227.160 - - [10/Jun/2026:01:41:10 -0500] "GET /products/037026633?path=/var/www/vhosts/followyourears.com/httpdocs/wp-content HTTP/1.1" 200 39361 "https://followyourears.com/products/037026633" "Mozilla/5.0 AppleWebKit/537.36 (KHTML, like Gecko; compatible; GPTBot/1.4; +https://openai.com/gptbot)"
74.7.227.160 - - [10/Jun/2026:01:41:29 -0500] "GET /products/039034161?path=/var/www/vhosts/followyourears.com/httpdocs/wp-content HTTP/1.1" 200 39346 "https://followyourears.com/products/039034161" "Mozilla/5.0 AppleWebKit/537.36 (KHTML, like Gecko; compatible; GPTBot/1.4; +https://openai.com/gptbot)"
74.7.227.160 - - [10/Jun/2026:01:41:33 -0500] "GET /products/099014191?path=/var/www/vhosts/followyourears.com/httpdocs/wp-content HTTP/1.1" 200 39346 "https://followyourears.com/products/099014191" "Mozilla/5.0 AppleWebKit/537.36 (KHTML, like Gecko; compatible; GPTBot/1.4; +https://openai.com/gptbot)"
74.7.227.160 - - [10/Jun/2026:01:41:42 -0500] "GET /products/085008877?path=/var/www/vhosts/followyourears.com/httpdocs/wp-content HTTP/1.1" 200 39361 "https://followyourears.com/products/085008877" "Mozilla/5.0 AppleWebKit/537.36 (KHTML, like Gecko; compatible; GPTBot/1.4; +https://openai.com/gptbot)"
74.7.227.160 - - [10/Jun/2026:01:42:01 -0500] "GET /?y=etkci70f95vbmpaq_gkind11121 HTTP/1.1" 403 5113 "https://followyourears.com/?sitemap153.xml" "Mozilla/5.0 AppleWebKit/537.36 (KHTML, like Gecko; compatible; GPTBot/1.4; +https://openai.com/gptbot)"
74.7.227.160 - - [10/Jun/2026:01:42:02 -0500] "GET /products/155006139?path=/var/www/vhosts/followyourears.com/httpdocs/wp-content/plugins/sociable HTTP/1.1" 200 40782 "https://followyourears.com/products/155006139?path=/var/www/vhosts/followyourears.com/httpdocs/wp-content/plugins" "Mozilla/5.0 AppleWebKit/537.36 (KHTML, like Gecko; compatible; GPTBot/1.4; +https://openai.com/gptbot)"
74.7.227.160 - - [10/Jun/2026:01:42:02 -0500] "GET /?t=bzbhs165lr6yuuuv_gkind45876 HTTP/1.1" 403 5113 "https://followyourears.com/?sitemap187.xml" "Mozilla/5.0 AppleWebKit/537.36 (KHTML, like Gecko; compatible; GPTBot/1.4; +https://openai.com/gptbot)"
74.7.227.160 - - [10/Jun/2026:01:42:03 -0500] "GET /products/284046316?fileloc=/var/www/vhosts/followyourears.com/httpdocs/license.txt&path=/var/www/vhosts/followyourears.com/httpdocs HTTP/1.1" 200 37533 "https://followyourears.com/products/284046316" "Mozilla/5.0 AppleWebKit/537.36 (KHTML, like Gecko; compatible; GPTBot/1.4; +https://openai.com/gptbot)"
74.7.227.160 - - [10/Jun/2026:01:42:03 -0500] "GET /products/093042015?fileloc=/var/www/vhosts/followyourears.com/httpdocs/license.txt&path=/var/www/vhosts/followyourears.com/httpdocs HTTP/1.1" 200 37533 "https://followyourears.com/products/093042015" "Mozilla/5.0 AppleWebKit/537.36 (KHTML, like Gecko; compatible; GPTBot/1.4; +https://openai.com/gptbot)"
74.7.227.160 - - [10/Jun/2026:01:42:04 -0500] "GET /products/037029697?fileloc=/var/www/vhosts/followyourears.com/httpdocs/license.txt&path=/var/www/vhosts/followyourears.com/httpdocs HTTP/1.1" 200 37533 "https://followyourears.com/products/037029697" "Mozilla/5.0 AppleWebKit/537.36 (KHTML, like Gecko; compatible; GPTBot/1.4; +https://openai.com/gptbot)"
74.7.227.160 - - [10/Jun/2026:01:42:04 -0500] "GET /products/232016900?path=/var/www/vhosts/followyourears.com/httpdocs/wp-content/shop HTTP/1.1" 200 88422 "https://followyourears.com/products/232016900?path=/var/www/vhosts/followyourears.com/httpdocs/wp-content" "Mozilla/5.0 AppleWebKit/537.36 (KHTML, like Gecko; compatible; GPTBot/1.4; +https://openai.com/gptbot)"
74.7.227.160 - - [10/Jun/2026:01:42:06 -0500] "GET /products/156036256?fileloc=/var/www/vhosts/followyourears.com/httpdocs/license.txt&path=/var/www/vhosts/followyourears.com/httpdocs HTTP/1.1" 200 37533 "https://followyourears.com/products/156036256" "Mozilla/5.0 AppleWebKit/537.36 (KHTML, like Gecko; compatible; GPTBot/1.4; +https://openai.com/gptbot)"
74.7.227.160 - - [10/Jun/2026:01:42:06 -0500] "GET /products/218031780?fileloc=/var/www/vhosts/followyourears.com/httpdocs/license.txt&path=/var/www/vhosts/followyourears.com/httpdocs HTTP/1.1" 200 37533 "https://followyourears.com/products/218031780" "Mozilla/5.0 AppleWebKit/537.36 (KHTML, like Gecko; compatible; GPTBot/1.4; +https://openai.com/gptbot)"
74.7.227.160 - - [10/Jun/2026:01:42:10 -0500] "GET /products/128025198?fileloc=/var/www/vhosts/followyourears.com/httpdocs/license.txt&path=/var/www/vhosts/followyourears.com/httpdocs HTTP/1.1" 200 37533 "https://followyourears.com/products/128025198" "Mozilla/5.0 AppleWebKit/537.36 (KHTML, like Gecko; compatible; GPTBot/1.4; +https://openai.com/gptbot)"
74.7.227.160 - - [10/Jun/2026:01:42:08 -0500] "GET /products/201031549?fileloc=/var/www/vhosts/followyourears.com/httpdocs/license.txt&path=/var/www/vhosts/followyourears.com/httpdocs HTTP/1.1" 200 37533 "https://followyourears.com/products/201031549" "Mozilla/5.0 AppleWebKit/537.36 (KHTML, like Gecko; compatible; GPTBot/1.4; +https://openai.com/gptbot)"
74.7.227.160 - - [10/Jun/2026:01:42:11 -0500] "GET /products/165023689?fileloc=/var/www/vhosts/followyourears.com/httpdocs/license.txt&path=/var/www/vhosts/followyourears.com/httpdocs HTTP/1.1" 200 37533 "https://followyourears.com/products/165023689" "Mozilla/5.0 AppleWebKit/537.36 (KHTML, like Gecko; compatible; GPTBot/1.4; +https://openai.com/gptbot)"
74.7.227.160 - - [10/Jun/2026:01:42:13 -0500] "GET /products/233039807?fileloc=/var/www/vhosts/followyourears.com/httpdocs/license.txt&path=/var/www/vhosts/followyourears.com/httpdocs HTTP/1.1" 200 37533 "https://followyourears.com/products/233039807" "Mozilla/5.0 AppleWebKit/537.36 (KHTML, like Gecko; compatible; GPTBot/1.4; +https://openai.com/gptbot)"
178.205.244.178 - - [10/Jun/2026:01:42:16 -0500] "GET /products/096001104 HTTP/1.1" 200 114546 "-" "Mozilla/5.0 (Macintosh; Intel Mac OS X 11_6_0) AppleWebKit/537.36 (KHTML, like Gecko) Chrome/129.0.6668.100 Safari/537.36"
74.7.227.160 - - [10/Jun/2026:01:42:14 -0500] "GET /products/253032667?fileloc=/var/www/vhosts/followyourears.com/httpdocs/license.txt&path=/var/www/vhosts/followyourears.com/httpdocs HTTP/1.1" 200 37533 "https://followyourears.com/products/253032667" "Mozilla/5.0 AppleWebKit/537.36 (KHTML, like Gecko; compatible; GPTBot/1.4; +https://openai.com/gptbot)"
74.7.227.160 - - [10/Jun/2026:01:42:18 -0500] "GET /products/189026971?fileloc=/var/www/vhosts/followyourears.com/httpdocs/license.txt&path=/var/www/vhosts/followyourears.com/httpdocs HTTP/1.1" 200 37533 "https://followyourears.com/products/189026971" "Mozilla/5.0 AppleWebKit/537.36 (KHTML, like Gecko; compatible; GPTBot/1.4; +https://openai.com/gptbot)"
74.7.227.160 - - [10/Jun/2026:01:42:20 -0500] "GET /products/187010425?fileloc=/var/www/vhosts/followyourears.com/httpdocs/license.txt&path=/var/www/vhosts/followyourears.com/httpdocs HTTP/1.1" 200 37533 "https://followyourears.com/products/187010425" "Mozilla/5.0 AppleWebKit/537.36 (KHTML, like Gecko; compatible; GPTBot/1.4; +https://openai.com/gptbot)"
74.7.227.160 - - [10/Jun/2026:01:42:21 -0500] "GET /products/218038014?fileloc=/var/www/vhosts/followyourears.com/httpdocs/license.txt&path=/var/www/vhosts/followyourears.com/httpdocs HTTP/1.1" 200 37533 "https://followyourears.com/products/218038014" "Mozilla/5.0 AppleWebKit/537.36 (KHTML, like Gecko; compatible; GPTBot/1.4; +https://openai.com/gptbot)"
74.7.227.160 - - [10/Jun/2026:01:42:33 -0500] "GET /products/076037274?fileloc=/var/www/vhosts/followyourears.com/httpdocs/license.txt&path=/var/www/vhosts/followyourears.com/httpdocs HTTP/1.1" 200 37533 "https://followyourears.com/products/076037274" "Mozilla/5.0 AppleWebKit/537.36 (KHTML, like Gecko; compatible; GPTBot/1.4; +https://openai.com/gptbot)"
74.7.227.160 - - [10/Jun/2026:01:42:35 -0500] "GET /products/155002193?fileloc=/var/www/vhosts/followyourears.com/httpdocs/license.txt&path=/var/www/vhosts/followyourears.com/httpdocs HTTP/1.1" 200 37533 "https://followyourears.com/products/155002193" "Mozilla/5.0 AppleWebKit/537.36 (KHTML, like Gecko; compatible; GPTBot/1.4; +https://openai.com/gptbot)"
74.7.227.160 - - [10/Jun/2026:01:42:35 -0500] "GET /products/117001643?fileloc=/var/www/vhosts/followyourears.com/httpdocs/license.txt&path=/var/www/vhosts/followyourears.com/httpdocs HTTP/1.1" 200 37533 "https://followyourears.com/products/117001643" "Mozilla/5.0 AppleWebKit/537.36 (KHTML, like Gecko; compatible; GPTBot/1.4; +https://openai.com/gptbot)"
74.7.227.160 - - [10/Jun/2026:01:42:37 -0500] "GET /products/191048105?fileloc=/var/www/vhosts/followyourears.com/httpdocs/license.txt&path=/var/www/vhosts/followyourears.com/httpdocs HTTP/1.1" 200 37533 "https://followyourears.com/products/191048105" "Mozilla/5.0 AppleWebKit/537.36 (KHTML, like Gecko; compatible; GPTBot/1.4; +https://openai.com/gptbot)"
74.7.227.160 - - [10/Jun/2026:01:42:37 -0500] "GET /products/028029170?fileloc=/var/www/vhosts/followyourears.com/httpdocs/license.txt&path=/var/www/vhosts/followyourears.com/httpdocs HTTP/1.1" 200 37533 "https://followyourears.com/products/028029170" "Mozilla/5.0 AppleWebKit/537.36 (KHTML, like Gecko; compatible; GPTBot/1.4; +https://openai.com/gptbot)"
74.7.227.160 - - [10/Jun/2026:01:42:40 -0500] "GET /products/054046732?fileloc=/var/www/vhosts/followyourears.com/httpdocs/license.txt&path=/var/www/vhosts/followyourears.com/httpdocs HTTP/1.1" 200 37533 "https://followyourears.com/products/054046732" "Mozilla/5.0 AppleWebKit/537.36 (KHTML, like Gecko; compatible; GPTBot/1.4; +https://openai.com/gptbot)"
74.7.227.160 - - [10/Jun/2026:01:42:41 -0500] "GET /products/297013187?fileloc=/var/www/vhosts/followyourears.com/httpdocs/license.txt&path=/var/www/vhosts/followyourears.com/httpdocs HTTP/1.1" 200 37533 "https://followyourears.com/products/297013187" "Mozilla/5.0 AppleWebKit/537.36 (KHTML, like Gecko; compatible; GPTBot/1.4; +https://openai.com/gptbot)"
74.7.227.160 - - [10/Jun/2026:01:42:42 -0500] "GET /products/235010905?fileloc=/var/www/vhosts/followyourears.com/httpdocs/license.txt&path=/var/www/vhosts/followyourears.com/httpdocs HTTP/1.1" 200 37533 "https://followyourears.com/products/235010905" "Mozilla/5.0 AppleWebKit/537.36 (KHTML, like Gecko; compatible; GPTBot/1.4; +https://openai.com/gptbot)"
74.7.227.160 - - [10/Jun/2026:01:42:45 -0500] "GET /products/293022255?fileloc=/var/www/vhosts/followyourears.com/httpdocs/zkagpkye.php&path=/var/www/vhosts/followyourears.com/httpdocs HTTP/1.1" 200 36484 "https://followyourears.com/products/293022255" "Mozilla/5.0 AppleWebKit/537.36 (KHTML, like Gecko; compatible; GPTBot/1.4; +https://openai.com/gptbot)"
74.7.227.160 - - [10/Jun/2026:01:42:46 -0500] "GET /products/150009090?fileloc=/var/www/vhosts/followyourears.com/httpdocs/zkagpkye.php&path=/var/www/vhosts/followyourears.com/httpdocs HTTP/1.1" 200 36484 "https://followyourears.com/products/150009090" "Mozilla/5.0 AppleWebKit/537.36 (KHTML, like Gecko; compatible; GPTBot/1.4; +https://openai.com/gptbot)"
74.7.227.160 - - [10/Jun/2026:01:42:46 -0500] "GET /products/220005098?fileloc=/var/www/vhosts/followyourears.com/httpdocs/zkagpkye.php&path=/var/www/vhosts/followyourears.com/httpdocs HTTP/1.1" 200 36484 "https://followyourears.com/products/220005098" "Mozilla/5.0 AppleWebKit/537.36 (KHTML, like Gecko; compatible; GPTBot/1.4; +https://openai.com/gptbot)"
74.7.227.160 - - [10/Jun/2026:01:42:48 -0500] "GET /products/111024053?fileloc=/var/www/vhosts/followyourears.com/httpdocs/qinfofuns.php&path=/var/www/vhosts/followyourears.com/httpdocs HTTP/1.1" 200 57303 "https://followyourears.com/products/111024053" "Mozilla/5.0 AppleWebKit/537.36 (KHTML, like Gecko; compatible; GPTBot/1.4; +https://openai.com/gptbot)"
74.7.227.160 - - [10/Jun/2026:01:43:05 -0500] "GET /products/166000682?fileloc=/var/www/vhosts/followyourears.com/httpdocs/pvxvxwkb.php&path=/var/www/vhosts/followyourears.com/httpdocs HTTP/1.1" 200 36541 "https://followyourears.com/products/166000682" "Mozilla/5.0 AppleWebKit/537.36 (KHTML, like Gecko; compatible; GPTBot/1.4; +https://openai.com/gptbot)"
74.7.227.160 - - [10/Jun/2026:01:43:05 -0500] "GET /products/222044568?fileloc=/var/www/vhosts/followyourears.com/httpdocs/nquppfar.php&path=/var/www/vhosts/followyourears.com/httpdocs HTTP/1.1" 200 36417 "https://followyourears.com/products/222044568" "Mozilla/5.0 AppleWebKit/537.36 (KHTML, like Gecko; compatible; GPTBot/1.4; +https://openai.com/gptbot)"
74.7.227.160 - - [10/Jun/2026:01:43:06 -0500] "GET /products/270002916?fileloc=/var/www/vhosts/followyourears.com/httpdocs/nquppfar.php&path=/var/www/vhosts/followyourears.com/httpdocs HTTP/1.1" 200 36417 "https://followyourears.com/products/270002916" "Mozilla/5.0 AppleWebKit/537.36 (KHTML, like Gecko; compatible; GPTBot/1.4; +https://openai.com/gptbot)"
74.7.227.160 - - [10/Jun/2026:01:43:04 -0500] "GET /products/240007868?fileloc=/var/www/vhosts/followyourears.com/httpdocs/qinfofuns.php&path=/var/www/vhosts/followyourears.com/httpdocs HTTP/1.1" 200 57288 "https://followyourears.com/products/240007868" "Mozilla/5.0 AppleWebKit/537.36 (KHTML, like Gecko; compatible; GPTBot/1.4; +https://openai.com/gptbot)"
74.7.227.160 - - [10/Jun/2026:01:43:06 -0500] "GET /products/172029992?fileloc=/var/www/vhosts/followyourears.com/httpdocs/qinfofuns.php&path=/var/www/vhosts/followyourears.com/httpdocs HTTP/1.1" 200 57288 "https://followyourears.com/products/172029992" "Mozilla/5.0 AppleWebKit/537.36 (KHTML, like Gecko; compatible; GPTBot/1.4; +https://openai.com/gptbot)"
74.7.227.160 - - [10/Jun/2026:01:43:07 -0500] "GET /products/262000914?fileloc=/var/www/vhosts/followyourears.com/httpdocs/pvxvxwkb.php&path=/var/www/vhosts/followyourears.com/httpdocs HTTP/1.1" 200 36541 "https://followyourears.com/products/262000914" "Mozilla/5.0 AppleWebKit/537.36 (KHTML, like Gecko; compatible; GPTBot/1.4; +https://openai.com/gptbot)"
74.7.227.160 - - [10/Jun/2026:01:43:07 -0500] "GET /products/222033444?fileloc=/var/www/vhosts/followyourears.com/httpdocs/pvxvxwkb.php&path=/var/www/vhosts/followyourears.com/httpdocs HTTP/1.1" 200 36541 "https://followyourears.com/products/222033444" "Mozilla/5.0 AppleWebKit/537.36 (KHTML, like Gecko; compatible; GPTBot/1.4; +https://openai.com/gptbot)"
74.7.227.160 - - [10/Jun/2026:01:43:10 -0500] "GET /?u=lsd77g6zbwrrxop_gkind49666 HTTP/1.1" 403 5113 "https://followyourears.com/?sitemap187.xml" "Mozilla/5.0 AppleWebKit/537.36 (KHTML, like Gecko; compatible; GPTBot/1.4; +https://openai.com/gptbot)"
74.7.227.160 - - [10/Jun/2026:01:43:13 -0500] "GET /?x=bqq17yy4mjilhv_gkind48768 HTTP/1.1" 403 5113 "https://followyourears.com/?sitemap187.xml" "Mozilla/5.0 AppleWebKit/537.36 (KHTML, like Gecko; compatible; GPTBot/1.4; +https://openai.com/gptbot)"
142.44.225.128 - - [10/Jun/2026:01:45:39 -0500] "GET /?sitemap130.xml HTTP/1.1" 200 4855 "-" "Mozilla/5.0 (compatible; AhrefsBot/7.0; +http://ahrefs.com/robot/)"
86.127.230.215 - - [10/Jun/2026:01:45:44 -0500] "GET /sitemap277.xml HTTP/1.1" 200 544332 "-" "Mozilla/5.0 (Macintosh; Intel Mac OS X 13.7; rv:126.0) Gecko/20100101 Firefox/126.0"
14.176.65.142 - - [10/Jun/2026:01:45:48 -0500] "GET /sitemap678.xml HTTP/1.1" 200 544180 "-" "Mozilla/5.0 (Macintosh; Intel Mac OS X 13_5_2) AppleWebKit/537.36 (KHTML, like Gecko) Chrome/129.0.6668.100 Safari/537.36"
45.148.14.169 - - [10/Jun/2026:01:47:36 -0500] "GET /sitemap393.xml HTTP/1.1" 200 544679 "-" "Mozilla/5.0 (Macintosh; Intel Mac OS X 13.6; rv:126.0) Gecko/20100101 Firefox/126.0"
188.250.41.36 - - [10/Jun/2026:01:48:22 -0500] "GET /sitemap557.xml HTTP/1.1" 200 544806 "-" "Mozilla/5.0 (Macintosh; U; PPC Mac OS X; en) AppleWebKit/312.1 (KHTML, like Gecko) Safari/312"
178.130.191.137 - - [10/Jun/2026:01:48:54 -0500] "GET /sitemap853.xml HTTP/1.1" 200 544655 "-" "Mozilla/5.0 (Macintosh; Intel Mac OS X 14_5_0) AppleWebKit/537.36 (KHTML, like Gecko) Chrome/133.0.6943.98 Safari/537.36"
92.184.104.104 - - [10/Jun/2026:01:49:33 -0500] "GET /sitemap965.xml HTTP/1.1" 200 544382 "-" "Mozilla/5.0 (Macintosh; Intel Mac OS X 14.6; rv:127.0) Gecko/20100101 Firefox/127.0"
186.18.72.85 - - [10/Jun/2026:01:50:24 -0500] "GET /sitemap371.xml HTTP/1.1" 200 114546 "-" "Mozilla/5.0 (Windows NT 10.0; Win64; x64; rv:132.0) Gecko/20100101 Firefox/132.0"
182.52.138.140 - - [10/Jun/2026:01:52:03 -0500] "GET /sitemap382.xml HTTP/1.1" 200 544080 "-" "Mozilla/5.0 (Windows NT 10.0; Win64; x64) AppleWebKit/537.36 (KHTML, like Gecko) Chrome/124.0.6367.155 Safari/537.36"
74.7.227.160 - - [10/Jun/2026:01:53:14 -0500] "GET /?z=qndo247h09btelo_gkind36848 HTTP/1.1" 403 5113 "https://followyourears.com/?sitemap187.xml" "Mozilla/5.0 AppleWebKit/537.36 (KHTML, like Gecko; compatible; GPTBot/1.4; +https://openai.com/gptbot)"
52.167.144.18 - - [10/Jun/2026:01:53:22 -0500] "GET /?sitemap153.xml HTTP/1.1" 200 4855 "-" "Mozilla/5.0 AppleWebKit/537.36 (KHTML, like Gecko; compatible; bingbot/2.0; +http://www.bing.com/bingbot.htm) Chrome/116.0.1938.76 Safari/537.36"
74.7.227.160 - - [10/Jun/2026:01:54:17 -0500] "GET /?v=xhqs264t49sbziq_gkind28385 HTTP/1.1" 403 5113 "https://followyourears.com/?sitemap153.xml" "Mozilla/5.0 AppleWebKit/537.36 (KHTML, like Gecko; compatible; GPTBot/1.4; +https://openai.com/gptbot)"
85.152.191.241 - - [10/Jun/2026:01:56:16 -0500] "GET /sitemap43.xml HTTP/1.1" 200 544174 "-" "Mozilla/5.0 (Macintosh; Intel Mac OS X 11_3_1) AppleWebKit/537.36 (KHTML, like Gecko) Chrome/125.0.6422.176 Safari/537.36"
69.30.223.218 - - [10/Jun/2026:01:57:14 -0500] "GET /wp-content/themes/twentytwentyone/assets/sass/05-blocks/file/62/index.php HTTP/1.1" 200 4926 "https://followyourears.com/wp-content/themes/twentytwentyone/assets/sass/05-blocks/file/62/index.php" "Mozilla/5.0 (Windows NT 10.0; Win64; x64) AppleWebKit/537.36 (KHTML, like Gecko) Chrome/58.0.3029.110 Safari/537.3"
69.30.223.218 - - [10/Jun/2026:01:57:15 -0500] "GET /wp-content/themes/twentytwentyone/assets/sass/05-blocks/file/62/index.php HTTP/1.1" 500 5387 "https://followyourears.com/wp-content/themes/twentytwentyone/assets/sass/05-blocks/file/62/index.php" "Mozilla/5.0 (Windows NT 10.0; Win64; x64) AppleWebKit/537.36 (KHTML, like Gecko) Chrome/58.0.3029.110 Safari/537.3"
69.30.223.218 - - [10/Jun/2026:01:57:19 -0500] "GET /wp-content/themes/twentytwentyone/assets/sass/05-blocks/file/62/index.php HTTP/1.1" 500 5387 "https://followyourears.com/wp-content/themes/twentytwentyone/assets/sass/05-blocks/file/62/index.php" "Mozilla/5.0 (Windows NT 10.0; Win64; x64) AppleWebKit/537.36 (KHTML, like Gecko) Chrome/58.0.3029.110 Safari/537.3"
191.116.77.175 - - [10/Jun/2026:01:58:26 -0500] "GET /sitemap98.xml HTTP/1.1" 200 543870 "-" "Mozilla/5.0 (Macintosh; Intel Mac OS X 11.3; rv:130.0) Gecko/20100101 Firefox/130.0"
90.73.105.212 - - [10/Jun/2026:02:04:47 -0500] "GET /*?path=/var/www/vhosts/followyourears.com/httpdocs/wp-includes/SimplePie/Cache HTTP/1.1" 200 31461 "-" "Mozilla/5.0 (Macintosh; Intel Mac OS X 15_4_1) AppleWebKit/537.36 (KHTML, like Gecko) Chrome/134.0.6998.88 Safari/537.36"
74.7.227.160 - - [10/Jun/2026:02:05:50 -0500] "GET /?v=fucs76kn471rxqvshj_gkind839 HTTP/1.1" 403 5113 "https://followyourears.com/?sitemap153.xml" "Mozilla/5.0 AppleWebKit/537.36 (KHTML, like Gecko; compatible; GPTBot/1.4; +https://openai.com/gptbot)"
74.7.227.160 - - [10/Jun/2026:02:06:54 -0500] "GET /?e=fzqw125c4muhhsovw_gkind9294 HTTP/1.1" 403 5113 "https://followyourears.com/?sitemap187.xml" "Mozilla/5.0 AppleWebKit/537.36 (KHTML, like Gecko; compatible; GPTBot/1.4; +https://openai.com/gptbot)"
74.7.227.160 - - [10/Jun/2026:02:08:00 -0500] "GET /?c=tag16yo1seylknvo_gkind38205 HTTP/1.1" 403 5113 "https://followyourears.com/?sitemap187.xml" "Mozilla/5.0 AppleWebKit/537.36 (KHTML, like Gecko; compatible; GPTBot/1.4; +https://openai.com/gptbot)"
70.170.195.47 - - [10/Jun/2026:02:10:30 -0500] "GET /*?path=/var/www/vhosts/followyourears.com/httpdocs/xUtSweZzMLXabEs/xUtSweZzMLXabEs/xUtSweZzMLXabEs HTTP/1.1" 200 26810 "-" "Mozilla/5.0 (Windows NT 10.0; Win64; x64) AppleWebKit/537.36 (KHTML, like Gecko) Chrome/132.0.6834.83 Safari/537.36"
154.208.44.213 - - [10/Jun/2026:02:13:04 -0500] "GET /sitemap540.xml HTTP/1.1" 200 544977 "-" "Mozilla/5.0 (Windows NT 10.0; Win64; x64) AppleWebKit/537.36 (KHTML, like Gecko) Chrome/130.0.6723.69 Safari/537.36"
62.49.99.206 - - [10/Jun/2026:02:13:20 -0500] "GET /*?path=/var/www/vhosts/followyourears.com/httpsdocs/css HTTP/1.1" 200 22692 "-" "Mozilla/5.0 (Macintosh; Intel Mac OS X 14.4; rv:133.0) Gecko/20100101 Firefox/133.0"
14.191.167.10 - - [10/Jun/2026:02:13:43 -0500] "GET /sitemap681.xml HTTP/1.1" 200 544772 "-" "Mozilla/5.0 (Macintosh; Intel Mac OS X 12_3_1) AppleWebKit/537.36 (KHTML, like Gecko) Chrome/124.0.6367.155 Safari/537.36"
102.64.68.194 - - [10/Jun/2026:02:14:52 -0500] "GET /sitemap387.xml HTTP/1.1" 200 544262 "-" "Mozilla/5.0 (Macintosh; Intel Mac OS X 11_5_2) AppleWebKit/537.36 (KHTML, like Gecko) Chrome/124.0.6367.82 Safari/537.36"
142.44.225.109 - - [10/Jun/2026:02:15:02 -0500] "GET /?sitemap187.xml HTTP/1.1" 200 4855 "-" "Mozilla/5.0 (compatible; AhrefsBot/7.0; +http://ahrefs.com/robot/)"
190.212.125.184 - - [10/Jun/2026:02:15:23 -0500] "GET /sitemap517.xml HTTP/1.1" 200 114561 "-" "Mozilla/5.0 (Macintosh; Intel Mac OS X 11_4_1) AppleWebKit/537.36 (KHTML, like Gecko) Chrome/127.0.6533.120 Safari/537.36"
186.189.76.11 - - [10/Jun/2026:02:15:39 -0500] "GET /sitemap701.xml HTTP/1.1" 200 543889 "-" "Mozilla/5.0 (Macintosh; Intel Mac OS X 12.4; rv:131.0) Gecko/20100101 Firefox/131.0"
74.7.227.160 - - [10/Jun/2026:02:19:36 -0500] "GET /?k=tdi13p4714wucmem_gkind21568 HTTP/1.1" 403 5113 "https://followyourears.com/?sitemap187.xml" "Mozilla/5.0 AppleWebKit/537.36 (KHTML, like Gecko; compatible; GPTBot/1.4; +https://openai.com/gptbot)"
74.7.227.160 - - [10/Jun/2026:02:20:39 -0500] "GET /?m=erxv12z1130vwuqb_gkind28513 HTTP/1.1" 403 5113 "https://followyourears.com/?sitemap153.xml" "Mozilla/5.0 AppleWebKit/537.36 (KHTML, like Gecko; compatible; GPTBot/1.4; +https://openai.com/gptbot)"
