114.119.151.131 - - [23/Apr/2026:18:53:19 -0500] "GET /feed/?path=/var/www/vhosts HTTP/1.0" 200 17574 "https://www.followyourears.com/feed/?path=/var/www/vhosts/followyourears.com" "Mozilla/5.0 (Linux; Android 7.0;) AppleWebKit/537.36 (KHTML, like Gecko) Mobile Safari/537.36 (compatible; PetalBot;+https://webmaster.petalsearch.com/site/petalbot)"
66.249.64.43 - - [23/Apr/2026:19:00:28 -0500] "GET /?373341596?products=0370852803 HTTP/1.0" 200 225737 "-" "Mozilla/5.0 (Linux; Android 6.0.1; Nexus 5X Build/MMB29P) AppleWebKit/537.36 (KHTML, like Gecko) Chrome/146.0.7680.177 Mobile Safari/537.36 (compatible; Googlebot/2.1; +http://www.google.com/bot.html)"
194.247.173.99 - - [23/Apr/2026:19:13:54 -0500] "GET /robots.txt HTTP/1.0" 200 5024 "-" "Mozilla/5.0 (compatible; MJ12bot/v1.4.8; http://mj12bot.com/)"
194.247.173.99 - - [23/Apr/2026:19:13:59 -0500] "GET /guests-a-z/?fileloc=/var/www/vhosts/followyourears.com/httpdocs/wp-config-sample.php&path=/var/www/vhosts/followyourears.com/httpdocs HTTP/1.0" 200 20383 "-" "Mozilla/5.0 (compatible; MJ12bot/v1.4.8; http://mj12bot.com/)"
47.128.21.147 - - [23/Apr/2026:19:16:25 -0500] "GET /robots.txt HTTP/1.0" 200 5024 "-" "Mozilla/5.0 (Linux; Android 5.0) AppleWebKit/537.36 (KHTML, like Gecko) Mobile Safari/537.36 (compatible; Bytespider; spider-feedback@bytedance.com)"
52.167.144.175 - - [23/Apr/2026:19:27:26 -0500] "GET /10171350?products=0010103692 HTTP/1.0" 200 233603 "-" "Mozilla/5.0 AppleWebKit/537.36 (KHTML, like Gecko; compatible; bingbot/2.0; +http://www.bing.com/bingbot.htm) Chrome/116.0.1938.76 Safari/537.36"
66.249.64.43 - - [23/Apr/2026:19:37:58 -0500] "GET /?162431210?products=0161348486 HTTP/1.0" 200 236219 "-" "Mozilla/5.0 (Linux; Android 6.0.1; Nexus 5X Build/MMB29P) AppleWebKit/537.36 (KHTML, like Gecko) Chrome/146.0.7680.177 Mobile Safari/537.36 (compatible; Googlebot/2.1; +http://www.google.com/bot.html)"
51.68.111.202 - - [23/Apr/2026:19:38:08 -0500] "GET /robots.txt HTTP/1.0" 200 5024 "-" "Mozilla/5.0 (compatible; MJ12bot/v2.0.5; http://mj12bot.com/)"
51.68.111.202 - - [23/Apr/2026:19:38:08 -0500] "GET / HTTP/1.0" 403 5064 "-" "Mozilla/5.0 (compatible; MJ12bot/v2.0.5; http://mj12bot.com/)"
40.77.167.20 - - [23/Apr/2026:20:03:08 -0500] "GET /9836964?products=0009771535 HTTP/1.0" 200 208370 "-" "Mozilla/5.0 AppleWebKit/537.36 (KHTML, like Gecko; compatible; bingbot/2.0; +http://www.bing.com/bingbot.htm) Chrome/116.0.1938.76 Safari/537.36"
66.249.64.41 - - [23/Apr/2026:20:12:06 -0500] "GET /?80828810?products=0080290102 HTTP/1.0" 200 215733 "-" "Mozilla/5.0 (Linux; Android 6.0.1; Nexus 5X Build/MMB29P) AppleWebKit/537.36 (KHTML, like Gecko) Chrome/146.0.7680.177 Mobile Safari/537.36 (compatible; Googlebot/2.1; +http://www.google.com/bot.html)"
114.119.134.123 - - [23/Apr/2026:20:42:56 -0500] "GET /category/bicycles/?path=/var/www/vhosts/followyourears.com/subdomains HTTP/1.0" 200 17725 "https://www.followyourears.com/category/bicycles/?path=/var/www/vhosts/followyourears.com" "Mozilla/5.0 (Linux; Android 7.0;) AppleWebKit/537.36 (HTML, like Gecko) Mobile Safari/537.36 (compatible; PetalBot;+https://webmaster.petalsearch.com/site/petalbot)"
207.46.13.170 - - [23/Apr/2026:20:47:18 -0500] "GET /16536256?products=0016426165 HTTP/1.0" 200 218257 "-" "Mozilla/5.0 AppleWebKit/537.36 (KHTML, like Gecko; compatible; bingbot/2.0; +http://www.bing.com/bingbot.htm) Chrome/116.0.1938.76 Safari/537.36"
66.249.64.42 - - [23/Apr/2026:21:06:01 -0500] "GET /?393148610?products=0390527770 HTTP/1.0" 200 236794 "-" "Mozilla/5.0 (Linux; Android 6.0.1; Nexus 5X Build/MMB29P) AppleWebKit/537.36 (KHTML, like Gecko) Chrome/146.0.7680.177 Mobile Safari/537.36 (compatible; Googlebot/2.1; +http://www.google.com/bot.html)"
3.213.16.195 - - [23/Apr/2026:21:25:07 -0500] "GET /robots.txt HTTP/1.0" 200 5024 "-" "Mozilla/5.0 (Macintosh; Intel Mac OS X 10_10_1) AppleWebKit/600.2.5 (KHTML, like Gecko) Version/8.0.2 Safari/600.2.5 (Gort)"
52.167.144.145 - - [23/Apr/2026:21:29:43 -0500] "GET /sitemap_index.xml HTTP/1.0" 200 16610 "-" "Mozilla/5.0 AppleWebKit/537.36 (KHTML, like Gecko; compatible; bingbot/2.0; +http://www.bing.com/bingbot.htm) Chrome/116.0.1938.76 Safari/537.36"
104.210.140.138 - - [23/Apr/2026:21:37:52 -0500] "GET /robots.txt HTTP/1.0" 200 5024 "-" "Mozilla/5.0 (Macintosh; Intel Mac OS X 10_15_7) AppleWebKit/537.36 (KHTML, like Gecko) Chrome/131.0.0.0 Safari/537.36; compatible; OAI-SearchBot/1.0; +https://openai.com/searchbot"
23.101.4.52 - - [23/Apr/2026:21:49:22 -0500] "GET /admin.php HTTP/1.0" 200 48189 "-" "Mozilla/5.0 (Windows NT 10.0; Win64; x64) AppleWebKit/537.36 (KHTML, like Gecko) Chrome/120.0.0.0 Safari/537.36"
149.154.161.250 - - [23/Apr/2026:21:49:45 -0500] "GET /admin.php HTTP/1.0" 200 48465 "-" "TelegramBot (like TwitterBot)"
52.167.144.175 - - [23/Apr/2026:21:54:06 -0500] "GET /374718494?products=0372220520 HTTP/1.0" 200 221771 "-" "Mozilla/5.0 AppleWebKit/537.36 (KHTML, like Gecko; compatible; bingbot/2.0; +http://www.bing.com/bingbot.htm) Chrome/116.0.1938.76 Safari/537.36"
114.119.134.123 - - [23/Apr/2026:22:13:06 -0500] "GET /tag/politics-2/ HTTP/1.0" 200 94089 "https://www.followyourears.com/wp-sitemap-taxonomies-post_tag-1.xml" "Mozilla/5.0 (Linux; Android 7.0;) AppleWebKit/537.36 (KHTML, like Gecko) Mobile Safari/537.36 (compatible; PetalBot;+https://webmaster.petalsearch.com/site/petalbot)"
114.119.135.78 - - [23/Apr/2026:22:14:25 -0500] "GET /feed/?path=/var/www/vhosts/followyourears.com/.composer HTTP/1.0" 200 22310 "https://www.followyourears.com/feed/?path=/var/www/vhosts/followyourears.com" "Mozilla/5.0 (Linux; Android 7.0;) AppleWebKit/537.36 (KHTML, like Gecko) Mobile Safari/537.36 (compatible; PetalBot;+https://webmaster.petalsearch.com/site/petalbot)"
114.119.134.123 - - [23/Apr/2026:22:15:45 -0500] "GET /category/bicycles/?path=/var/www/vhosts/followyourears.com/subdomains HTTP/1.0" 200 17725 "https://www.followyourears.com/category/bicycles/?path=/var/www/vhosts/followyourears.com" "Mozilla/5.0 (Linux; Android 7.0;) AppleWebKit/537.36 (KHTML, like Gecko) Mobile Safari/537.36 (compatible; PetalBot;+https://webmaster.petalsearch.com/site/petalbot)"
40.77.167.74 - - [23/Apr/2026:22:25:33 -0500] "GET /sitemaps.xml HTTP/1.0" 200 403631 "-" "Mozilla/5.0 AppleWebKit/537.36 (KHTML, like Gecko; compatible; bingbot/2.0; +http://www.bing.com/bingbot.htm) Chrome/116.0.1938.76 Safari/537.36"
114.119.151.131 - - [23/Apr/2026:22:34:53 -0500] "GET /category/politics HTTP/1.0" 200 94089 "-" "Mozilla/5.0 (Linux; Android 7.0;) AppleWebKit/537.36 (KHTML, like Gecko) Mobile Safari/537.36 (compatible; PetalBot;+https://webmaster.petalsearch.com/site/petalbot)"
66.249.64.41 - - [23/Apr/2026:22:45:28 -0500] "GET /?320881232?products=0318742173 HTTP/1.0" 200 218224 "-" "Mozilla/5.0 (Linux; Android 6.0.1; Nexus 5X Build/MMB29P) AppleWebKit/537.36 (KHTML, like Gecko) Chrome/146.0.7680.177 Mobile Safari/537.36 (compatible; Googlebot/2.1; +http://www.google.com/bot.html)"
66.249.64.43 - - [23/Apr/2026:23:21:34 -0500] "GET /?390171288?products=0387570297 HTTP/1.0" 200 220909 "-" "Mozilla/5.0 (Linux; Android 6.0.1; Nexus 5X Build/MMB29P) AppleWebKit/537.36 (KHTML, like Gecko) Chrome/146.0.7680.177 Mobile Safari/537.36 (compatible; Googlebot/2.1; +http://www.google.com/bot.html)"
66.249.64.43 - - [23/Apr/2026:23:40:03 -0500] "GET /?256685964?products=0254974875 HTTP/1.0" 200 219994 "-" "Mozilla/5.0 (Linux; Android 6.0.1; Nexus 5X Build/MMB29P) AppleWebKit/537.36 (KHTML, like Gecko) Chrome/146.0.7680.177 Mobile Safari/537.36 (compatible; Googlebot/2.1; +http://www.google.com/bot.html)"
52.167.144.205 - - [23/Apr/2026:23:44:47 -0500] "GET /8862032?products=0008803101 HTTP/1.0" 200 222889 "-" "Mozilla/5.0 AppleWebKit/537.36 (KHTML, like Gecko; compatible; bingbot/2.0; +http://www.bing.com/bingbot.htm) Chrome/116.0.1938.76 Safari/537.36"
66.249.64.41 - - [24/Apr/2026:00:02:46 -0500] "GET /?94488256?products=0093858485 HTTP/1.0" 200 218762 "-" "Mozilla/5.0 (Linux; Android 6.0.1; Nexus 5X Build/MMB29P) AppleWebKit/537.36 (KHTML, like Gecko) Chrome/146.0.7680.177 Mobile Safari/537.36 (compatible; Googlebot/2.1; +http://www.google.com/bot.html)"
66.249.64.41 - - [24/Apr/2026:00:02:48 -0500] "GET /?417810754?products=0415025498 HTTP/1.0" 200 220340 "-" "Mozilla/5.0 (Linux; Android 6.0.1; Nexus 5X Build/MMB29P) AppleWebKit/537.36 (KHTML, like Gecko) Chrome/146.0.7680.177 Mobile Safari/537.36 (compatible; Googlebot/2.1; +http://www.google.com/bot.html)"
66.249.64.42 - - [24/Apr/2026:00:02:51 -0500] "GET /?280910400?products=0279037813 HTTP/1.0" 403 5064 "-" "Mozilla/5.0 (Linux; Android 6.0.1; Nexus 5X Build/MMB29P) AppleWebKit/537.36 (KHTML, like Gecko) Chrome/146.0.7680.177 Mobile Safari/537.36 (compatible; Googlebot/2.1; +http://www.google.com/bot.html)"
17.22.253.205 - - [24/Apr/2026:00:18:00 -0500] "GET /robots.txt HTTP/1.0" 200 5024 "-" "Mozilla/5.0 (Macintosh; Intel Mac OS X 10_15_7) AppleWebKit/605.1.15 (KHTML, like Gecko) Version/17.4 Safari/605.1.15 (Applebot/0.1; +http://www.apple.com/go/applebot)"
17.22.253.205 - - [24/Apr/2026:00:18:00 -0500] "GET /tag/brooklyn-cycle-works/feed/ HTTP/1.0" 200 94089 "-" "Mozilla/5.0 (Macintosh; Intel Mac OS X 10_15_7) AppleWebKit/605.1.15 (KHTML, like Gecko) Version/17.4 Safari/605.1.15 (Applebot/0.1; +http://www.apple.com/go/applebot)"
116.179.37.154 - - [24/Apr/2026:00:30:18 -0500] "GET /wp-content/uploads/1d.jpg HTTP/1.0" 200 4891 "https://www.edrants.com/" "Mozilla/5.0 (compatible; Baiduspider-render/2.0; +http://www.baidu.com/search/spider.html)"
116.179.37.154 - - [24/Apr/2026:00:30:18 -0500] "GET /wp-content/uploads/1d.jpg HTTP/1.1" 200 28287 "https://www.edrants.com/" "Mozilla/5.0 (compatible; Baiduspider-render/2.0; +http://www.baidu.com/search/spider.html)"
40.77.167.63 - - [24/Apr/2026:00:58:54 -0500] "GET /9846750?products=0009781256 HTTP/1.0" 200 211605 "-" "Mozilla/5.0 AppleWebKit/537.36 (KHTML, like Gecko; compatible; bingbot/2.0; +http://www.bing.com/bingbot.htm) Chrome/116.0.1938.76 Safari/537.36"
54.37.252.118 - - [24/Apr/2026:01:08:56 -0500] "GET /robots.txt HTTP/1.0" 200 5024 "-" "Mozilla/5.0 (compatible; MJ12bot/v1.4.8; http://mj12bot.com/)"
54.37.252.118 - - [24/Apr/2026:01:08:59 -0500] "GET /comments/feed/?fileloc=/var/www/vhosts/followyourears.com/.htaccess&path=/var/www/vhosts/followyourears.com HTTP/1.0" 403 5064 "-" "Mozilla/5.0 (compatible; MJ12bot/v1.4.8; http://mj12bot.com/)"
54.37.252.118 - - [24/Apr/2026:01:09:03 -0500] "GET /comments/feed/?fileloc=/var/www/vhosts/followyourears.com/.imunify_patch_id&path=/var/www/vhosts/followyourears.com HTTP/1.0" 200 17377 "-" "Mozilla/5.0 (compatible; MJ12bot/v1.4.8; http://mj12bot.com/)"
54.37.252.118 - - [24/Apr/2026:01:09:08 -0500] "GET /comments/feed/?fileloc=/var/www/vhosts/followyourears.com/.myimunify_id&path=/var/www/vhosts/followyourears.com HTTP/1.0" 200 17369 "-" "Mozilla/5.0 (compatible; MJ12bot/v1.4.8; http://mj12bot.com/)"
54.37.252.118 - - [24/Apr/2026:01:09:13 -0500] "GET /comments/feed/?fileloc=/var/www/vhosts/followyourears.com/httpdocs/admin.php&path=/var/www/vhosts/followyourears.com/httpdocs HTTP/1.0" 200 1120848 "-" "Mozilla/5.0 (compatible; MJ12bot/v1.4.8; http://mj12bot.com/)"
54.37.252.118 - - [24/Apr/2026:01:09:18 -0500] "GET /comments/feed/?fileloc=/var/www/vhosts/followyourears.com/httpdocs/index.php0&path=/var/www/vhosts/followyourears.com/httpdocs HTTP/1.0" 200 17428 "-" "Mozilla/5.0 (compatible; MJ12bot/v1.4.8; http://mj12bot.com/)"
54.37.252.118 - - [24/Apr/2026:01:09:21 -0500] "GET /comments/feed/?fileloc=/var/www/vhosts/followyourears.com/httpdocs/wp-blog-header.php&path=/var/www/vhosts/followyourears.com/httpdocs HTTP/1.0" 200 17708 "-" "Mozilla/5.0 (compatible; MJ12bot/v1.4.8; http://mj12bot.com/)"
54.37.252.118 - - [24/Apr/2026:01:09:25 -0500] "GET /comments/feed/?fileloc=/var/www/vhosts/followyourears.com/httpdocs/wp-comments-post.php&path=/var/www/vhosts/followyourears.com/httpdocs HTTP/1.0" 200 19755 "-" "Mozilla/5.0 (compatible; MJ12bot/v1.4.8; http://mj12bot.com/)"
54.37.252.118 - - [24/Apr/2026:01:09:29 -0500] "GET /comments/feed/?fileloc=/var/www/vhosts/followyourears.com/httpdocs/wp-conffq.php&path=/var/www/vhosts/followyourears.com/httpdocs HTTP/1.0" 200 334674 "-" "Mozilla/5.0 (compatible; MJ12bot/v1.4.8; http://mj12bot.com/)"
54.37.252.118 - - [24/Apr/2026:01:09:33 -0500] "GET /comments/feed/?fileloc=/var/www/vhosts/followyourears.com/httpdocs/wp-config-sample.php&path=/var/www/vhosts/followyourears.com/httpdocs HTTP/1.0" 200 20383 "-" "Mozilla/5.0 (compatible; MJ12bot/v1.4.8; http://mj12bot.com/)"
54.37.252.118 - - [24/Apr/2026:01:09:38 -0500] "GET /comments/feed/?fileloc=/var/www/vhosts/followyourears.com/httpdocs/wp-config.php&path=/var/www/vhosts/followyourears.com/httpdocs HTTP/1.0" 403 5064 "-" "Mozilla/5.0 (compatible; MJ12bot/v1.4.8; http://mj12bot.com/)"
54.37.252.118 - - [24/Apr/2026:01:09:42 -0500] "GET /comments/feed/?fileloc=/var/www/vhosts/followyourears.com/httpdocs/wp-cron.php&path=/var/www/vhosts/followyourears.com/httpdocs HTTP/1.0" 200 21413 "-" "Mozilla/5.0 (compatible; MJ12bot/v1.4.8; http://mj12bot.com/)"
54.37.252.118 - - [24/Apr/2026:01:09:46 -0500] "GET /comments/feed/?fileloc=/var/www/vhosts/followyourears.com/httpdocs/wp-links-opml.php&path=/var/www/vhosts/followyourears.com/httpdocs HTTP/1.0" 200 20150 "-" "Mozilla/5.0 (compatible; MJ12bot/v1.4.8; http://mj12bot.com/)"
54.37.252.118 - - [24/Apr/2026:01:09:51 -0500] "GET /comments/feed/?fileloc=/var/www/vhosts/followyourears.com/httpdocs/wp-load.php&path=/var/www/vhosts/followyourears.com/httpdocs HTTP/1.0" 200 21476 "-" "Mozilla/5.0 (compatible; MJ12bot/v1.4.8; http://mj12bot.com/)"
54.37.252.118 - - [24/Apr/2026:01:09:55 -0500] "GET /comments/feed/?fileloc=/var/www/vhosts/followyourears.com/httpdocs/wp-mail.php&path=/var/www/vhosts/followyourears.com/httpdocs HTTP/1.0" 200 26148 "-" "Mozilla/5.0 (compatible; MJ12bot/v1.4.8; http://mj12bot.com/)"
54.37.252.118 - - [24/Apr/2026:01:09:59 -0500] "GET /comments/feed/?fileloc=/var/www/vhosts/followyourears.com/httpdocs/wp-settings.php&path=/var/www/vhosts/followyourears.com/httpdocs HTTP/1.0" 200 39789 "-" "Mozilla/5.0 (compatible; MJ12bot/v1.4.8; http://mj12bot.com/)"
54.37.252.118 - - [24/Apr/2026:01:10:03 -0500] "GET /comments/feed/?fileloc=/var/www/vhosts/followyourears.com/httpdocs/wp-signup.php&path=/var/www/vhosts/followyourears.com/httpdocs HTTP/1.0" 200 52283 "-" "Mozilla/5.0 (compatible; MJ12bot/v1.4.8; http://mj12bot.com/)"
52.167.144.173 - - [24/Apr/2026:01:10:06 -0500] "GET /sitemap-detail-3033.xml HTTP/1.0" 200 94104 "-" "Mozilla/5.0 AppleWebKit/537.36 (KHTML, like Gecko; compatible; bingbot/2.0; +http://www.bing.com/bingbot.htm) Chrome/116.0.1938.76 Safari/537.36"
54.37.252.118 - - [24/Apr/2026:01:10:07 -0500] "GET /comments/feed/?fileloc=/var/www/vhosts/followyourears.com/httpdocs/wp-trackback.php&path=/var/www/vhosts/followyourears.com/httpdocs HTTP/1.0" 200 22467 "-" "Mozilla/5.0 (compatible; MJ12bot/v1.4.8; http://mj12bot.com/)"
54.37.252.118 - - [24/Apr/2026:01:10:11 -0500] "GET /comments/feed/?fileloc=/var/www/vhosts/followyourears.com/httpdocs/zkagpkye.php&path=/var/www/vhosts/followyourears.com/httpdocs HTTP/1.0" 200 36375 "-" "Mozilla/5.0 (compatible; MJ12bot/v1.4.8; http://mj12bot.com/)"
52.167.144.213 - - [24/Apr/2026:01:10:14 -0500] "GET /sitemap-detail-1336.xml HTTP/1.0" 200 94104 "-" "Mozilla/5.0 AppleWebKit/537.36 (KHTML, like Gecko; compatible; bingbot/2.0; +http://www.bing.com/bingbot.htm) Chrome/116.0.1938.76 Safari/537.36"
54.37.252.118 - - [24/Apr/2026:01:10:15 -0500] "GET /comments/feed/?fileloc=/var/www/vhosts/followyourears.com/postnews.php&path=/var/www/vhosts/followyourears.com HTTP/1.0" 200 23234 "-" "Mozilla/5.0 (compatible; MJ12bot/v1.4.8; http://mj12bot.com/)"
54.37.252.118 - - [24/Apr/2026:01:10:18 -0500] "GET /comments/feed/?path=/var/www/vhosts/followyourears.com/.composer HTTP/1.0" 200 22310 "-" "Mozilla/5.0 (compatible; MJ12bot/v1.4.8; http://mj12bot.com/)"
54.37.252.118 - - [24/Apr/2026:01:10:22 -0500] "GET /comments/feed/?path=/var/www/vhosts/followyourears.com/.pki HTTP/1.0" 200 19111 "-" "Mozilla/5.0 (compatible; MJ12bot/v1.4.8; http://mj12bot.com/)"
52.167.144.173 - - [24/Apr/2026:01:10:24 -0500] "GET /sitemap-detail-3007.xml HTTP/1.0" 200 94104 "-" "Mozilla/5.0 AppleWebKit/537.36 (KHTML, like Gecko; compatible; bingbot/2.0; +http://www.bing.com/bingbot.htm) Chrome/116.0.1938.76 Safari/537.36"
54.37.252.118 - - [24/Apr/2026:01:10:27 -0500] "GET /comments/feed/?path=/var/www/vhosts/followyourears.com/.ssh HTTP/1.0" 200 20765 "-" "Mozilla/5.0 (compatible; MJ12bot/v1.4.8; http://mj12bot.com/)"
54.37.252.118 - - [24/Apr/2026:01:10:31 -0500] "GET /comments/feed/?path=/var/www/vhosts/followyourears.com/.wp-cli HTTP/1.0" 200 19126 "-" "Mozilla/5.0 (compatible; MJ12bot/v1.4.8; http://mj12bot.com/)"
54.37.252.118 - - [24/Apr/2026:01:10:35 -0500] "GET /comments/feed/?path=/var/www/vhosts/followyourears.com/anon_ftp HTTP/1.0" 200 22009 "-" "Mozilla/5.0 (compatible; MJ12bot/v1.4.8; http://mj12bot.com/)"
54.37.252.118 - - [24/Apr/2026:01:10:38 -0500] "GET /comments/feed/?path=/var/www/vhosts/followyourears.com/cgi-bin HTTP/1.0" 200 19122 "-" "Mozilla/5.0 (compatible; MJ12bot/v1.4.8; http://mj12bot.com/)"
54.37.252.118 - - [24/Apr/2026:01:10:42 -0500] "GET /comments/feed/?path=/var/www/vhosts/followyourears.com/error_docs HTTP/1.0" 200 38645 "-" "Mozilla/5.0 (compatible; MJ12bot/v1.4.8; http://mj12bot.com/)"
54.37.252.118 - - [24/Apr/2026:01:10:46 -0500] "GET /comments/feed/?path=/var/www/vhosts/followyourears.com/httpdocs/.tmb HTTP/1.0" 200 17795 "-" "Mozilla/5.0 (compatible; MJ12bot/v1.4.8; http://mj12bot.com/)"
54.37.252.118 - - [24/Apr/2026:01:10:51 -0500] "GET /comments/feed/?path=/var/www/vhosts/followyourears.com/httpdocs/03cdwp HTTP/1.0" 200 20947 "-" "Mozilla/5.0 (compatible; MJ12bot/v1.4.8; http://mj12bot.com/)"
54.37.252.118 - - [24/Apr/2026:01:10:56 -0500] "GET /comments/feed/?path=/var/www/vhosts/followyourears.com/httpdocs/3962wp HTTP/1.0" 200 20947 "-" "Mozilla/5.0 (compatible; MJ12bot/v1.4.8; http://mj12bot.com/)"
54.37.252.118 - - [24/Apr/2026:01:10:59 -0500] "GET /comments/feed/?path=/var/www/vhosts/followyourears.com/httpdocs/49d5wp HTTP/1.0" 200 53202 "-" "Mozilla/5.0 (compatible; MJ12bot/v1.4.8; http://mj12bot.com/)"
54.37.252.118 - - [24/Apr/2026:01:11:03 -0500] "GET /comments/feed/?path=/var/www/vhosts/followyourears.com/httpdocs/869cwp HTTP/1.0" 200 22411 "-" "Mozilla/5.0 (compatible; MJ12bot/v1.4.8; http://mj12bot.com/)"
54.37.252.118 - - [24/Apr/2026:01:11:08 -0500] "GET /comments/feed/?path=/var/www/vhosts/followyourears.com/httpdocs/8fd7wp HTTP/1.0" 200 22452 "-" "Mozilla/5.0 (compatible; MJ12bot/v1.4.8; http://mj12bot.com/)"
54.37.252.118 - - [24/Apr/2026:01:11:11 -0500] "GET /comments/feed/?path=/var/www/vhosts/followyourears.com/httpdocs/AXUzJyiVrYmB HTTP/1.0" 200 25790 "-" "Mozilla/5.0 (compatible; MJ12bot/v1.4.8; http://mj12bot.com/)"
54.37.252.118 - - [24/Apr/2026:01:11:16 -0500] "GET /comments/feed/?path=/var/www/vhosts/followyourears.com/httpdocs/JkYNqEIMfec HTTP/1.0" 200 25725 "-" "Mozilla/5.0 (compatible; MJ12bot/v1.4.8; http://mj12bot.com/)"
54.37.252.118 - - [24/Apr/2026:01:11:20 -0500] "GET /comments/feed/?path=/var/www/vhosts/followyourears.com/httpdocs/images HTTP/1.0" 200 19398 "-" "Mozilla/5.0 (compatible; MJ12bot/v1.4.8; http://mj12bot.com/)"
54.37.252.118 - - [24/Apr/2026:01:11:24 -0500] "GET /comments/feed/?path=/var/www/vhosts/followyourears.com/httpdocs/wp-admin HTTP/1.0" 200 179312 "-" "Mozilla/5.0 (compatible; MJ12bot/v1.4.8; http://mj12bot.com/)"
54.37.252.118 - - [24/Apr/2026:01:11:28 -0500] "GET /comments/feed/?path=/var/www/vhosts/followyourears.com/httpdocs/wp-content HTTP/1.0" 200 37788 "-" "Mozilla/5.0 (compatible; MJ12bot/v1.4.8; http://mj12bot.com/)"
54.37.252.118 - - [24/Apr/2026:01:11:32 -0500] "GET /comments/feed/?path=/var/www/vhosts/followyourears.com/httpdocs/wp-includes HTTP/1.0" 200 406647 "-" "Mozilla/5.0 (compatible; MJ12bot/v1.4.8; http://mj12bot.com/)"
54.37.252.118 - - [24/Apr/2026:01:11:36 -0500] "GET /comments/feed/?path=/var/www/vhosts/followyourears.com/httpdocs/xUtSweZzMLXabEs HTTP/1.0" 200 25861 "-" "Mozilla/5.0 (compatible; MJ12bot/v1.4.8; http://mj12bot.com/)"
54.37.252.118 - - [24/Apr/2026:01:11:40 -0500] "GET /comments/feed/?path=/var/www/vhosts/followyourears.com/httpsdocs HTTP/1.0" 200 32545 "-" "Mozilla/5.0 (compatible; MJ12bot/v1.4.8; http://mj12bot.com/)"
54.37.252.118 - - [24/Apr/2026:01:11:44 -0500] "GET /comments/feed/?path=/var/www/vhosts/followyourears.com/logs HTTP/1.0" 200 45932 "-" "Mozilla/5.0 (compatible; MJ12bot/v1.4.8; http://mj12bot.com/)"
54.37.252.118 - - [24/Apr/2026:01:11:48 -0500] "GET /comments/feed/?path=/var/www/vhosts/followyourears.com/private HTTP/1.0" 200 19265 "-" "Mozilla/5.0 (compatible; MJ12bot/v1.4.8; http://mj12bot.com/)"
54.37.252.118 - - [24/Apr/2026:01:11:52 -0500] "GET /comments/feed/?path=/var/www/vhosts/followyourears.com/subdomains HTTP/1.0" 200 17725 "-" "Mozilla/5.0 (compatible; MJ12bot/v1.4.8; http://mj12bot.com/)"
40.77.167.1 - - [24/Apr/2026:01:11:54 -0500] "GET /sitemap-detail-1748.xml HTTP/1.0" 200 94104 "-" "Mozilla/5.0 AppleWebKit/537.36 (KHTML, like Gecko; compatible; bingbot/2.0; +http://www.bing.com/bingbot.htm) Chrome/116.0.1938.76 Safari/537.36"
54.37.252.118 - - [24/Apr/2026:01:11:55 -0500] "GET /comments/feed/?path=/var/www/vhosts/followyourears.com/web_users HTTP/1.0" 200 17723 "-" "Mozilla/5.0 (compatible; MJ12bot/v1.4.8; http://mj12bot.com/)"
40.77.167.1 - - [24/Apr/2026:01:11:56 -0500] "GET /sitemap-detail-3046.xml HTTP/1.0" 200 94104 "-" "Mozilla/5.0 AppleWebKit/537.36 (KHTML, like Gecko; compatible; bingbot/2.0; +http://www.bing.com/bingbot.htm) Chrome/116.0.1938.76 Safari/537.36"
54.37.252.118 - - [24/Apr/2026:01:12:00 -0500] "GET /comments/feed/?path=/var/www/vhosts/followyourears.com/wordpress-backups HTTP/1.0" 200 17739 "-" "Mozilla/5.0 (compatible; MJ12bot/v1.4.8; http://mj12bot.com/)"
52.167.144.173 - - [24/Apr/2026:01:12:05 -0500] "GET /sitemap-detail-2434.xml HTTP/1.0" 200 94104 "-" "Mozilla/5.0 AppleWebKit/537.36 (KHTML, like Gecko; compatible; bingbot/2.0; +http://www.bing.com/bingbot.htm) Chrome/116.0.1938.76 Safari/537.36"
52.167.144.173 - - [24/Apr/2026:01:12:07 -0500] "GET /sitemap-detail-2382.xml HTTP/1.0" 200 94104 "-" "Mozilla/5.0 AppleWebKit/537.36 (KHTML, like Gecko; compatible; bingbot/2.0; +http://www.bing.com/bingbot.htm) Chrome/116.0.1938.76 Safari/537.36"
54.37.252.118 - - [24/Apr/2026:01:12:08 -0500] "GET /contact/?fileloc=/var/www/vhosts/followyourears.com/httpdocs/.htaccess&path=/var/www/vhosts/followyourears.com/httpdocs HTTP/1.0" 403 5058 "-" "Mozilla/5.0 (compatible; MJ12bot/v1.4.8; http://mj12bot.com/)"
52.167.144.173 - - [24/Apr/2026:01:12:25 -0500] "GET /sitemap-detail-2621.xml HTTP/1.0" 200 94104 "-" "Mozilla/5.0 AppleWebKit/537.36 (KHTML, like Gecko; compatible; bingbot/2.0; +http://www.bing.com/bingbot.htm) Chrome/116.0.1938.76 Safari/537.36"
52.167.144.173 - - [24/Apr/2026:01:13:35 -0500] "GET /sitemap-detail-2673.xml HTTP/1.0" 200 94104 "-" "Mozilla/5.0 AppleWebKit/537.36 (KHTML, like Gecko; compatible; bingbot/2.0; +http://www.bing.com/bingbot.htm) Chrome/116.0.1938.76 Safari/537.36"
52.167.144.213 - - [24/Apr/2026:01:13:44 -0500] "GET /sitemap-detail-2353.xml HTTP/1.0" 200 94104 "-" "Mozilla/5.0 AppleWebKit/537.36 (KHTML, like Gecko; compatible; bingbot/2.0; +http://www.bing.com/bingbot.htm) Chrome/116.0.1938.76 Safari/537.36"
52.167.144.213 - - [24/Apr/2026:01:13:48 -0500] "GET /sitemap-detail-1186.xml HTTP/1.0" 200 94104 "-" "Mozilla/5.0 AppleWebKit/537.36 (KHTML, like Gecko; compatible; bingbot/2.0; +http://www.bing.com/bingbot.htm) Chrome/116.0.1938.76 Safari/537.36"
52.167.144.173 - - [24/Apr/2026:01:13:54 -0500] "GET /sitemap-detail-2488.xml HTTP/1.0" 200 94104 "-" "Mozilla/5.0 AppleWebKit/537.36 (KHTML, like Gecko; compatible; bingbot/2.0; +http://www.bing.com/bingbot.htm) Chrome/116.0.1938.76 Safari/537.36"
52.167.144.213 - - [24/Apr/2026:01:14:14 -0500] "GET /sitemap-detail-3048.xml HTTP/1.0" 200 94104 "-" "Mozilla/5.0 AppleWebKit/537.36 (KHTML, like Gecko; compatible; bingbot/2.0; +http://www.bing.com/bingbot.htm) Chrome/116.0.1938.76 Safari/537.36"
52.167.144.213 - - [24/Apr/2026:01:14:35 -0500] "GET /sitemap-detail-983.xml HTTP/1.0" 200 94104 "-" "Mozilla/5.0 AppleWebKit/537.36 (KHTML, like Gecko; compatible; bingbot/2.0; +http://www.bing.com/bingbot.htm) Chrome/116.0.1938.76 Safari/537.36"
52.167.144.173 - - [24/Apr/2026:01:14:45 -0500] "GET /sitemap-detail-2694.xml HTTP/1.0" 200 94104 "-" "Mozilla/5.0 AppleWebKit/537.36 (KHTML, like Gecko; compatible; bingbot/2.0; +http://www.bing.com/bingbot.htm) Chrome/116.0.1938.76 Safari/537.36"
31.40.204.223 - - [24/Apr/2026:01:15:03 -0500] "GET / HTTP/1.0" 403 5064 "-" "Mozilla/5.0 (Windows NT 6.1; WOW64; rv:38.0) Gecko/20100101 Firefox/38.0 SeaMonkey/2.35"
40.77.167.1 - - [24/Apr/2026:01:15:24 -0500] "GET /sitemap-detail-369.xml HTTP/1.0" 200 94104 "-" "Mozilla/5.0 AppleWebKit/537.36 (KHTML, like Gecko; compatible; bingbot/2.0; +http://www.bing.com/bingbot.htm) Chrome/116.0.1938.76 Safari/537.36"
66.249.64.41 - - [24/Apr/2026:01:15:33 -0500] "GET /?392114056?products=0389500113 HTTP/1.0" 403 5064 "-" "Mozilla/5.0 (Linux; Android 6.0.1; Nexus 5X Build/MMB29P) AppleWebKit/537.36 (KHTML, like Gecko) Chrome/146.0.7680.177 Mobile Safari/537.36 (compatible; Googlebot/2.1; +http://www.google.com/bot.html)"
52.167.144.213 - - [24/Apr/2026:01:15:35 -0500] "GET /sitemap-detail-1208.xml HTTP/1.0" 200 94104 "-" "Mozilla/5.0 AppleWebKit/537.36 (KHTML, like Gecko; compatible; bingbot/2.0; +http://www.bing.com/bingbot.htm) Chrome/116.0.1938.76 Safari/537.36"
52.167.144.173 - - [24/Apr/2026:01:16:05 -0500] "GET /sitemap-detail-2228.xml HTTP/1.0" 200 94104 "-" "Mozilla/5.0 AppleWebKit/537.36 (KHTML, like Gecko; compatible; bingbot/2.0; +http://www.bing.com/bingbot.htm) Chrome/116.0.1938.76 Safari/537.36"
52.167.144.180 - - [24/Apr/2026:01:16:14 -0500] "GET /sitemap-detail-985.xml HTTP/1.0" 200 94104 "-" "Mozilla/5.0 AppleWebKit/537.36 (KHTML, like Gecko; compatible; bingbot/2.0; +http://www.bing.com/bingbot.htm) Chrome/116.0.1938.76 Safari/537.36"
40.77.167.1 - - [24/Apr/2026:01:16:19 -0500] "GET /sitemap-detail-2831.xml HTTP/1.0" 200 94104 "-" "Mozilla/5.0 AppleWebKit/537.36 (KHTML, like Gecko; compatible; bingbot/2.0; +http://www.bing.com/bingbot.htm) Chrome/116.0.1938.76 Safari/537.36"
52.167.144.173 - - [24/Apr/2026:01:16:25 -0500] "GET /sitemap-detail-484.xml HTTP/1.0" 200 94104 "-" "Mozilla/5.0 AppleWebKit/537.36 (KHTML, like Gecko; compatible; bingbot/2.0; +http://www.bing.com/bingbot.htm) Chrome/116.0.1938.76 Safari/537.36"
52.167.144.173 - - [24/Apr/2026:01:16:27 -0500] "GET /sitemap-detail-2913.xml HTTP/1.0" 200 94104 "-" "Mozilla/5.0 AppleWebKit/537.36 (KHTML, like Gecko; compatible; bingbot/2.0; +http://www.bing.com/bingbot.htm) Chrome/116.0.1938.76 Safari/537.36"
66.249.64.42 - - [24/Apr/2026:01:16:33 -0500] "GET /?294484456?products=0292521377 HTTP/1.0" 403 5064 "-" "Mozilla/5.0 (Linux; Android 6.0.1; Nexus 5X Build/MMB29P) AppleWebKit/537.36 (KHTML, like Gecko) Chrome/146.0.7680.177 Mobile Safari/537.36 (compatible; Googlebot/2.1; +http://www.google.com/bot.html)"
71.6.134.235 - - [24/Apr/2026:01:16:41 -0500] "GET / HTTP/1.0" 403 5064 "-" "Mozilla/5.0 (Windows NT 10.0; Win64; x64) AppleWebKit/537.36 (KHTML, like Gecko) Chrome/133.0.0.0 Safari/537.36"
71.6.134.235 - - [24/Apr/2026:01:16:58 -0500] "GET /favicon.ico HTTP/1.0" 200 94104 "-" "Mozilla/5.0 (Windows NT 10.0; Win64; x64) AppleWebKit/537.36 (KHTML, like Gecko) Chrome/133.0.0.0 Safari/537.36"
40.77.167.1 - - [24/Apr/2026:01:18:04 -0500] "GET /sitemap-detail-827.xml HTTP/1.0" 200 94104 "-" "Mozilla/5.0 AppleWebKit/537.36 (KHTML, like Gecko; compatible; bingbot/2.0; +http://www.bing.com/bingbot.htm) Chrome/116.0.1938.76 Safari/537.36"
40.77.167.25 - - [24/Apr/2026:01:18:15 -0500] "GET /sitemap-detail-905.xml HTTP/1.0" 200 94104 "-" "Mozilla/5.0 AppleWebKit/537.36 (KHTML, like Gecko; compatible; bingbot/2.0; +http://www.bing.com/bingbot.htm) Chrome/116.0.1938.76 Safari/537.36"
66.249.64.43 - - [24/Apr/2026:01:18:34 -0500] "GET /?159449242?products=0158386398 HTTP/1.0" 403 5064 "-" "Mozilla/5.0 (Linux; Android 6.0.1; Nexus 5X Build/MMB29P) AppleWebKit/537.36 (KHTML, like Gecko) Chrome/146.0.7680.177 Mobile Safari/537.36 (compatible; Googlebot/2.1; +http://www.google.com/bot.html)"
66.249.64.42 - - [24/Apr/2026:01:18:34 -0500] "GET /?189258600?products=0187997025 HTTP/1.0" 403 5064 "-" "Mozilla/5.0 (Linux; Android 6.0.1; Nexus 5X Build/MMB29P) AppleWebKit/537.36 (KHTML, like Gecko) Chrome/146.0.7680.177 Mobile Safari/537.36 (compatible; Googlebot/2.1; +http://www.google.com/bot.html)"
40.77.167.25 - - [24/Apr/2026:01:18:55 -0500] "GET /sitemap-detail-2595.xml HTTP/1.0" 200 94104 "-" "Mozilla/5.0 AppleWebKit/537.36 (KHTML, like Gecko; compatible; bingbot/2.0; +http://www.bing.com/bingbot.htm) Chrome/116.0.1938.76 Safari/537.36"
52.167.144.180 - - [24/Apr/2026:01:20:35 -0500] "GET /sitemap-detail-956.xml HTTP/1.0" 200 94104 "-" "Mozilla/5.0 AppleWebKit/537.36 (KHTML, like Gecko; compatible; bingbot/2.0; +http://www.bing.com/bingbot.htm) Chrome/116.0.1938.76 Safari/537.36"
40.77.167.25 - - [24/Apr/2026:01:20:46 -0500] "GET /sitemap-detail-732.xml HTTP/1.0" 200 94104 "-" "Mozilla/5.0 AppleWebKit/537.36 (KHTML, like Gecko; compatible; bingbot/2.0; +http://www.bing.com/bingbot.htm) Chrome/116.0.1938.76 Safari/537.36"
40.77.167.25 - - [24/Apr/2026:01:21:06 -0500] "GET /sitemap-detail-2572.xml HTTP/1.0" 200 94104 "-" "Mozilla/5.0 AppleWebKit/537.36 (KHTML, like Gecko; compatible; bingbot/2.0; +http://www.bing.com/bingbot.htm) Chrome/116.0.1938.76 Safari/537.36"
52.167.144.180 - - [24/Apr/2026:01:22:06 -0500] "GET /sitemap-detail-2555.xml HTTP/1.0" 200 94104 "-" "Mozilla/5.0 AppleWebKit/537.36 (KHTML, like Gecko; compatible; bingbot/2.0; +http://www.bing.com/bingbot.htm) Chrome/116.0.1938.76 Safari/537.36"
54.37.252.118 - - [24/Apr/2026:01:22:09 -0500] "GET /guns-part-one-fye-1/?fileloc=/var/www/vhosts/followyourears.com/httpdocs/adminfuns.php&path=/var/www/vhosts/followyourears.com/httpdocs HTTP/1.0" 200 196044 "-" "Mozilla/5.0 (compatible; MJ12bot/v1.4.8; http://mj12bot.com/)"
54.37.252.118 - - [24/Apr/2026:01:22:13 -0500] "GET /guns-part-one-fye-1/?fileloc=/var/www/vhosts/followyourears.com/httpdocs/bvjsb.php&path=/var/www/vhosts/followyourears.com/httpdocs HTTP/1.0" 200 48072 "-" "Mozilla/5.0 (compatible; MJ12bot/v1.4.8; http://mj12bot.com/)"
54.37.252.118 - - [24/Apr/2026:01:22:17 -0500] "GET /guns-part-one-fye-1/?fileloc=/var/www/vhosts/followyourears.com/httpdocs/ex.php&path=/var/www/vhosts/followyourears.com/httpdocs HTTP/1.0" 200 24070 "-" "Mozilla/5.0 (compatible; MJ12bot/v1.4.8; http://mj12bot.com/)"
54.37.252.118 - - [24/Apr/2026:01:22:21 -0500] "GET /guns-part-one-fye-1/?fileloc=/var/www/vhosts/followyourears.com/httpdocs/goods.php&path=/var/www/vhosts/followyourears.com/httpdocs HTTP/1.0" 200 196040 "-" "Mozilla/5.0 (compatible; MJ12bot/v1.4.8; http://mj12bot.com/)"
54.37.252.118 - - [24/Apr/2026:01:22:25 -0500] "GET /guns-part-one-fye-1/?fileloc=/var/www/vhosts/followyourears.com/httpdocs/hplfuns.php&path=/var/www/vhosts/followyourears.com/httpdocs HTTP/1.0" 200 196042 "-" "Mozilla/5.0 (compatible; MJ12bot/v1.4.8; http://mj12bot.com/)"
54.37.252.118 - - [24/Apr/2026:01:22:29 -0500] "GET /guns-part-one-fye-1/?fileloc=/var/www/vhosts/followyourears.com/httpdocs/index.php&path=/var/www/vhosts/followyourears.com/httpdocs HTTP/1.0" 200 17427 "-" "Mozilla/5.0 (compatible; MJ12bot/v1.4.8; http://mj12bot.com/)"
54.37.252.118 - - [24/Apr/2026:01:22:33 -0500] "GET /guns-part-one-fye-1/?fileloc=/var/www/vhosts/followyourears.com/httpdocs/kjxqsyms.php&path=/var/www/vhosts/followyourears.com/httpdocs HTTP/1.0" 200 37396 "-" "Mozilla/5.0 (compatible; MJ12bot/v1.4.8; http://mj12bot.com/)"
54.37.252.118 - - [24/Apr/2026:01:22:39 -0500] "GET /guns-part-one-fye-1/?fileloc=/var/www/vhosts/followyourears.com/httpdocs/license.txt&path=/var/www/vhosts/followyourears.com/httpdocs HTTP/1.0" 200 37424 "-" "Mozilla/5.0 (compatible; MJ12bot/v1.4.8; http://mj12bot.com/)"
54.37.252.118 - - [24/Apr/2026:01:22:43 -0500] "GET /guns-part-one-fye-1/?fileloc=/var/www/vhosts/followyourears.com/httpdocs/mah.php&path=/var/www/vhosts/followyourears.com/httpdocs HTTP/1.0" 200 21203 "-" "Mozilla/5.0 (compatible; MJ12bot/v1.4.8; http://mj12bot.com/)"
54.37.252.118 - - [24/Apr/2026:01:22:46 -0500] "GET /guns-part-one-fye-1/?fileloc=/var/www/vhosts/followyourears.com/httpdocs/nquppfar.php&path=/var/www/vhosts/followyourears.com/httpdocs HTTP/1.0" 200 36308 "-" "Mozilla/5.0 (compatible; MJ12bot/v1.4.8; http://mj12bot.com/)"
54.37.252.118 - - [24/Apr/2026:01:22:51 -0500] "GET /guns-part-one-fye-1/?fileloc=/var/www/vhosts/followyourears.com/httpdocs/pages.php&path=/var/www/vhosts/followyourears.com/httpdocs HTTP/1.0" 200 24073 "-" "Mozilla/5.0 (compatible; MJ12bot/v1.4.8; http://mj12bot.com/)"
54.37.252.118 - - [24/Apr/2026:01:22:55 -0500] "GET /guns-part-one-fye-1/?fileloc=/var/www/vhosts/followyourears.com/httpdocs/pvxvxwkb.php&path=/var/www/vhosts/followyourears.com/httpdocs HTTP/1.0" 200 36432 "-" "Mozilla/5.0 (compatible; MJ12bot/v1.4.8; http://mj12bot.com/)"
54.37.252.118 - - [24/Apr/2026:01:22:58 -0500] "GET /guns-part-one-fye-1/?fileloc=/var/www/vhosts/followyourears.com/httpdocs/radio.php&path=/var/www/vhosts/followyourears.com/httpdocs HTTP/1.0" 200 24073 "-" "Mozilla/5.0 (compatible; MJ12bot/v1.4.8; http://mj12bot.com/)"
54.37.252.118 - - [24/Apr/2026:01:23:02 -0500] "GET /guns-part-one-fye-1/?fileloc=/var/www/vhosts/followyourears.com/httpdocs/readme.html&path=/var/www/vhosts/followyourears.com/httpdocs HTTP/1.0" 200 26651 "-" "Mozilla/5.0 (compatible; MJ12bot/v1.4.8; http://mj12bot.com/)"
54.37.252.118 - - [24/Apr/2026:01:23:06 -0500] "GET /guns-part-one-fye-1/?fileloc=/var/www/vhosts/followyourears.com/httpdocs/robots.txt&path=/var/www/vhosts/followyourears.com/httpdocs HTTP/1.0" 200 17432 "-" "Mozilla/5.0 (compatible; MJ12bot/v1.4.8; http://mj12bot.com/)"
54.37.252.118 - - [24/Apr/2026:01:23:09 -0500] "GET /guns-part-one-fye-1/?fileloc=/var/www/vhosts/followyourears.com/httpdocs/wp-activate.php&path=/var/www/vhosts/followyourears.com/httpdocs HTTP/1.0" 200 25575 "-" "Mozilla/5.0 (compatible; MJ12bot/v1.4.8; http://mj12bot.com/)"
54.37.252.118 - - [24/Apr/2026:01:23:14 -0500] "GET /guns-part-one-fye-1/?fileloc=/var/www/vhosts/followyourears.com/httpdocs/wp-blog-header.php&path=/var/www/vhosts/followyourears.com/httpdocs HTTP/1.0" 200 17708 "-" "Mozilla/5.0 (compatible; MJ12bot/v1.4.8; http://mj12bot.com/)"
54.37.252.118 - - [24/Apr/2026:01:23:18 -0500] "GET /guns-part-one-fye-1/?fileloc=/var/www/vhosts/followyourears.com/httpdocs/wp-comments-post.php&path=/var/www/vhosts/followyourears.com/httpdocs HTTP/1.0" 200 19755 "-" "Mozilla/5.0 (compatible; MJ12bot/v1.4.8; http://mj12bot.com/)"
54.37.252.118 - - [24/Apr/2026:01:23:21 -0500] "GET /guns-part-one-fye-1/?fileloc=/var/www/vhosts/followyourears.com/httpdocs/wp-conffq.php&path=/var/www/vhosts/followyourears.com/httpdocs HTTP/1.0" 200 334674 "-" "Mozilla/5.0 (compatible; MJ12bot/v1.4.8; http://mj12bot.com/)"
54.37.252.118 - - [24/Apr/2026:01:23:26 -0500] "GET /guns-part-one-fye-1/?fileloc=/var/www/vhosts/followyourears.com/httpdocs/wp-config-sample.php&path=/var/www/vhosts/followyourears.com/httpdocs HTTP/1.0" 200 20383 "-" "Mozilla/5.0 (compatible; MJ12bot/v1.4.8; http://mj12bot.com/)"
54.37.252.118 - - [24/Apr/2026:01:23:30 -0500] "GET /guns-part-one-fye-1/?fileloc=/var/www/vhosts/followyourears.com/httpdocs/wp-config.php&path=/var/www/vhosts/followyourears.com/httpdocs HTTP/1.0" 403 5070 "-" "Mozilla/5.0 (compatible; MJ12bot/v1.4.8; http://mj12bot.com/)"
54.37.252.118 - - [24/Apr/2026:01:23:33 -0500] "GET /guns-part-one-fye-1/?fileloc=/var/www/vhosts/followyourears.com/httpdocs/wp-cron.php&path=/var/www/vhosts/followyourears.com/httpdocs HTTP/1.0" 200 21413 "-" "Mozilla/5.0 (compatible; MJ12bot/v1.4.8; http://mj12bot.com/)"
40.77.167.25 - - [24/Apr/2026:01:23:36 -0500] "GET /sitemap-detail-1228.xml HTTP/1.0" 200 94104 "-" "Mozilla/5.0 AppleWebKit/537.36 (KHTML, like Gecko; compatible; bingbot/2.0; +http://www.bing.com/bingbot.htm) Chrome/116.0.1938.76 Safari/537.36"
54.37.252.118 - - [24/Apr/2026:01:23:37 -0500] "GET /guns-part-one-fye-1/?fileloc=/var/www/vhosts/followyourears.com/httpdocs/wp-links-opml.php&path=/var/www/vhosts/followyourears.com/httpdocs HTTP/1.0" 200 20150 "-" "Mozilla/5.0 (compatible; MJ12bot/v1.4.8; http://mj12bot.com/)"
54.37.252.118 - - [24/Apr/2026:01:23:41 -0500] "GET /guns-part-one-fye-1/?fileloc=/var/www/vhosts/followyourears.com/httpdocs/wp-load.php&path=/var/www/vhosts/followyourears.com/httpdocs HTTP/1.0" 200 21476 "-" "Mozilla/5.0 (compatible; MJ12bot/v1.4.8; http://mj12bot.com/)"
54.37.252.118 - - [24/Apr/2026:01:23:44 -0500] "GET /guns-part-one-fye-1/?fileloc=/var/www/vhosts/followyourears.com/httpdocs/wp-mail.php&path=/var/www/vhosts/followyourears.com/httpdocs HTTP/1.0" 200 26148 "-" "Mozilla/5.0 (compatible; MJ12bot/v1.4.8; http://mj12bot.com/)"
54.37.252.118 - - [24/Apr/2026:01:23:48 -0500] "GET /guns-part-one-fye-1/?fileloc=/var/www/vhosts/followyourears.com/httpdocs/wp-settings.php&path=/var/www/vhosts/followyourears.com/httpdocs HTTP/1.0" 200 39789 "-" "Mozilla/5.0 (compatible; MJ12bot/v1.4.8; http://mj12bot.com/)"
54.37.252.118 - - [24/Apr/2026:01:23:52 -0500] "GET /guns-part-one-fye-1/?fileloc=/var/www/vhosts/followyourears.com/httpdocs/wp-signup.php&path=/var/www/vhosts/followyourears.com/httpdocs HTTP/1.0" 200 52283 "-" "Mozilla/5.0 (compatible; MJ12bot/v1.4.8; http://mj12bot.com/)"
40.77.167.136 - - [24/Apr/2026:01:23:56 -0500] "GET /sitemap-detail-1239.xml HTTP/1.0" 200 94104 "-" "Mozilla/5.0 AppleWebKit/537.36 (KHTML, like Gecko; compatible; bingbot/2.0; +http://www.bing.com/bingbot.htm) Chrome/116.0.1938.76 Safari/537.36"
54.37.252.118 - - [24/Apr/2026:01:23:56 -0500] "GET /guns-part-one-fye-1/?fileloc=/var/www/vhosts/followyourears.com/httpdocs/wp-trackback.php&path=/var/www/vhosts/followyourears.com/httpdocs HTTP/1.0" 200 22467 "-" "Mozilla/5.0 (compatible; MJ12bot/v1.4.8; http://mj12bot.com/)"
54.37.252.118 - - [24/Apr/2026:01:24:00 -0500] "GET /guns-part-one-fye-1/?fileloc=/var/www/vhosts/followyourears.com/httpdocs/xUtSweZzMLXabEs/.htaccess&path=/var/www/vhosts/followyourears.com/httpdocs/xUtSweZzMLXabEs HTTP/1.0" 403 5070 "-" "Mozilla/5.0 (compatible; MJ12bot/v1.4.8; http://mj12bot.com/)"
54.37.252.118 - - [24/Apr/2026:01:24:03 -0500] "GET /guns-part-one-fye-1/?fileloc=/var/www/vhosts/followyourears.com/httpdocs/xUtSweZzMLXabEs/cache.php&path=/var/www/vhosts/followyourears.com/httpdocs/xUtSweZzMLXabEs HTTP/1.0" 200 17877 "-" "Mozilla/5.0 (compatible; MJ12bot/v1.4.8; http://mj12bot.com/)"
54.37.252.118 - - [24/Apr/2026:01:24:07 -0500] "GET /guns-part-one-fye-1/?fileloc=/var/www/vhosts/followyourears.com/httpdocs/xUtSweZzMLXabEs/index.php&path=/var/www/vhosts/followyourears.com/httpdocs/xUtSweZzMLXabEs HTTP/1.0" 200 17919 "-" "Mozilla/5.0 (compatible; MJ12bot/v1.4.8; http://mj12bot.com/)"
54.37.252.118 - - [24/Apr/2026:01:24:11 -0500] "GET /guns-part-one-fye-1/?fileloc=/var/www/vhosts/followyourears.com/httpdocs/xUtSweZzMLXabEs/mpg_69aa75723b1ec.zip&path=/var/www/vhosts/followyourears.com/httpdocs/xUtSweZzMLXabEs HTTP/1.0" 200 17469 "-" "Mozilla/5.0 (compatible; MJ12bot/v1.4.8; http://mj12bot.com/)"
54.37.252.118 - - [24/Apr/2026:01:24:14 -0500] "GET /guns-part-one-fye-1/?fileloc=/var/www/vhosts/followyourears.com/httpdocs/zkagpkye.php&path=/var/www/vhosts/followyourears.com/httpdocs HTTP/1.0" 200 36375 "-" "Mozilla/5.0 (compatible; MJ12bot/v1.4.8; http://mj12bot.com/)"
54.37.252.118 - - [24/Apr/2026:01:24:18 -0500] "GET /guns-part-one-fye-1/?path=/ HTTP/1.0" 200 17469 "-" "Mozilla/5.0 (compatible; MJ12bot/v1.4.8; http://mj12bot.com/)"
54.37.252.118 - - [24/Apr/2026:01:24:22 -0500] "GET /guns-part-one-fye-1/?path=/var HTTP/1.0" 200 17498 "-" "Mozilla/5.0 (compatible; MJ12bot/v1.4.8; http://mj12bot.com/)"
54.37.252.118 - - [24/Apr/2026:01:24:26 -0500] "GET /guns-part-one-fye-1/?path=/var/www HTTP/1.0" 200 17531 "-" "Mozilla/5.0 (compatible; MJ12bot/v1.4.8; http://mj12bot.com/)"
54.37.252.118 - - [24/Apr/2026:01:24:29 -0500] "GET /guns-part-one-fye-1/?path=/var/www/vhosts HTTP/1.0" 200 17574 "-" "Mozilla/5.0 (compatible; MJ12bot/v1.4.8; http://mj12bot.com/)"
54.37.252.118 - - [24/Apr/2026:01:24:33 -0500] "GET /guns-part-one-fye-1/?path=/var/www/vhosts/followyourears.com HTTP/1.0" 200 43364 "-" "Mozilla/5.0 (compatible; MJ12bot/v1.4.8; http://mj12bot.com/)"
54.37.252.118 - - [24/Apr/2026:01:24:37 -0500] "GET /guns-part-one-fye-1/?path=/var/www/vhosts/followyourears.com/httpdocs HTTP/1.0" 200 94104 "-" "Mozilla/5.0 (compatible; MJ12bot/v1.4.8; http://mj12bot.com/)"
54.37.252.118 - - [24/Apr/2026:01:24:40 -0500] "GET /guns-part-one-fye-1/?path=/var/www/vhosts/followyourears.com/httpdocs/.tmb HTTP/1.0" 200 17795 "-" "Mozilla/5.0 (compatible; MJ12bot/v1.4.8; http://mj12bot.com/)"
54.37.252.118 - - [24/Apr/2026:01:24:44 -0500] "GET /guns-part-one-fye-1/?path=/var/www/vhosts/followyourears.com/httpdocs/8fd7wp HTTP/1.0" 200 22452 "-" "Mozilla/5.0 (compatible; MJ12bot/v1.4.8; http://mj12bot.com/)"
54.37.252.118 - - [24/Apr/2026:01:24:48 -0500] "GET /guns-part-one-fye-1/?path=/var/www/vhosts/followyourears.com/httpdocs/AXUzJyiVrYmB HTTP/1.0" 200 25790 "-" "Mozilla/5.0 (compatible; MJ12bot/v1.4.8; http://mj12bot.com/)"
54.37.252.118 - - [24/Apr/2026:01:24:52 -0500] "GET /guns-part-one-fye-1/?path=/var/www/vhosts/followyourears.com/httpdocs/JkYNqEIMfec HTTP/1.0" 200 25725 "-" "Mozilla/5.0 (compatible; MJ12bot/v1.4.8; http://mj12bot.com/)"
54.37.252.118 - - [24/Apr/2026:01:24:55 -0500] "GET /guns-part-one-fye-1/?path=/var/www/vhosts/followyourears.com/httpdocs/images HTTP/1.0" 200 19398 "-" "Mozilla/5.0 (compatible; MJ12bot/v1.4.8; http://mj12bot.com/)"
54.37.252.118 - - [24/Apr/2026:01:24:59 -0500] "GET /guns-part-one-fye-1/?path=/var/www/vhosts/followyourears.com/httpdocs/wp-admin HTTP/1.0" 200 179312 "-" "Mozilla/5.0 (compatible; MJ12bot/v1.4.8; http://mj12bot.com/)"
54.37.252.118 - - [24/Apr/2026:01:25:03 -0500] "GET /guns-part-one-fye-1/?path=/var/www/vhosts/followyourears.com/httpdocs/wp-content HTTP/1.0" 200 37788 "-" "Mozilla/5.0 (compatible; MJ12bot/v1.4.8; http://mj12bot.com/)"
54.37.252.118 - - [24/Apr/2026:01:25:06 -0500] "GET /guns-part-one-fye-1/?path=/var/www/vhosts/followyourears.com/httpdocs/xUtSweZzMLXabEs/xUtSweZzMLXabEs HTTP/1.0" 200 26187 "-" "Mozilla/5.0 (compatible; MJ12bot/v1.4.8; http://mj12bot.com/)"
40.77.167.25 - - [24/Apr/2026:01:25:26 -0500] "GET /sitemap-detail-2808.xml HTTP/1.0" 200 94104 "-" "Mozilla/5.0 AppleWebKit/537.36 (KHTML, like Gecko; compatible; bingbot/2.0; +http://www.bing.com/bingbot.htm) Chrome/116.0.1938.76 Safari/537.36"
40.77.167.25 - - [24/Apr/2026:01:26:26 -0500] "GET /sitemap-detail-2487.xml HTTP/1.0" 200 94104 "-" "Mozilla/5.0 AppleWebKit/537.36 (KHTML, like Gecko; compatible; bingbot/2.0; +http://www.bing.com/bingbot.htm) Chrome/116.0.1938.76 Safari/537.36"
40.77.167.25 - - [24/Apr/2026:01:27:05 -0500] "GET /sitemap-detail-1998.xml HTTP/1.0" 200 94104 "-" "Mozilla/5.0 AppleWebKit/537.36 (KHTML, like Gecko; compatible; bingbot/2.0; +http://www.bing.com/bingbot.htm) Chrome/116.0.1938.76 Safari/537.36"
40.77.167.25 - - [24/Apr/2026:01:27:26 -0500] "GET /sitemap-detail-453.xml HTTP/1.0" 200 94104 "-" "Mozilla/5.0 AppleWebKit/537.36 (KHTML, like Gecko; compatible; bingbot/2.0; +http://www.bing.com/bingbot.htm) Chrome/116.0.1938.76 Safari/537.36"
40.77.167.136 - - [24/Apr/2026:01:27:46 -0500] "GET /sitemap-detail-2422.xml HTTP/1.0" 200 403835 "-" "Mozilla/5.0 AppleWebKit/537.36 (KHTML, like Gecko; compatible; bingbot/2.0; +http://www.bing.com/bingbot.htm) Chrome/116.0.1938.76 Safari/537.36"
40.77.167.25 - - [24/Apr/2026:01:28:15 -0500] "GET /sitemap-detail-1441.xml HTTP/1.0" 200 403699 "-" "Mozilla/5.0 AppleWebKit/537.36 (KHTML, like Gecko; compatible; bingbot/2.0; +http://www.bing.com/bingbot.htm) Chrome/116.0.1938.76 Safari/537.36"
40.77.167.136 - - [24/Apr/2026:01:30:18 -0500] "GET /sitemap-detail-1194.xml HTTP/1.0" 200 403558 "-" "Mozilla/5.0 AppleWebKit/537.36 (KHTML, like Gecko; compatible; bingbot/2.0; +http://www.bing.com/bingbot.htm) Chrome/116.0.1938.76 Safari/537.36"
40.77.167.25 - - [24/Apr/2026:01:30:26 -0500] "GET /sitemap-detail-2225.xml HTTP/1.0" 200 403603 "-" "Mozilla/5.0 AppleWebKit/537.36 (KHTML, like Gecko; compatible; bingbot/2.0; +http://www.bing.com/bingbot.htm) Chrome/116.0.1938.76 Safari/537.36"
40.77.167.136 - - [24/Apr/2026:01:30:37 -0500] "GET /sitemap-detail-2970.xml HTTP/1.0" 200 403484 "-" "Mozilla/5.0 AppleWebKit/537.36 (KHTML, like Gecko; compatible; bingbot/2.0; +http://www.bing.com/bingbot.htm) Chrome/116.0.1938.76 Safari/537.36"
40.77.167.25 - - [24/Apr/2026:01:30:46 -0500] "GET /sitemap-detail-820.xml HTTP/1.0" 200 403402 "-" "Mozilla/5.0 AppleWebKit/537.36 (KHTML, like Gecko; compatible; bingbot/2.0; +http://www.bing.com/bingbot.htm) Chrome/116.0.1938.76 Safari/537.36"
40.77.167.136 - - [24/Apr/2026:01:30:50 -0500] "GET /sitemap-detail-988.xml HTTP/1.0" 200 403828 "-" "Mozilla/5.0 AppleWebKit/537.36 (KHTML, like Gecko; compatible; bingbot/2.0; +http://www.bing.com/bingbot.htm) Chrome/116.0.1938.76 Safari/537.36"
40.77.167.136 - - [24/Apr/2026:01:31:07 -0500] "GET /sitemap-detail-766.xml HTTP/1.0" 200 403952 "-" "Mozilla/5.0 AppleWebKit/537.36 (KHTML, like Gecko; compatible; bingbot/2.0; +http://www.bing.com/bingbot.htm) Chrome/116.0.1938.76 Safari/537.36"
40.77.167.8 - - [24/Apr/2026:01:33:46 -0500] "GET /sitemap-detail-1462.xml HTTP/1.0" 200 403657 "-" "Mozilla/5.0 AppleWebKit/537.36 (KHTML, like Gecko; compatible; bingbot/2.0; +http://www.bing.com/bingbot.htm) Chrome/116.0.1938.76 Safari/537.36"
40.77.167.8 - - [24/Apr/2026:01:33:49 -0500] "GET /sitemap-detail-3097.xml HTTP/1.0" 200 403558 "-" "Mozilla/5.0 AppleWebKit/537.36 (KHTML, like Gecko; compatible; bingbot/2.0; +http://www.bing.com/bingbot.htm) Chrome/116.0.1938.76 Safari/537.36"
40.77.167.8 - - [24/Apr/2026:01:33:52 -0500] "GET /sitemap-detail-760.xml HTTP/1.0" 200 403450 "-" "Mozilla/5.0 AppleWebKit/537.36 (KHTML, like Gecko; compatible; bingbot/2.0; +http://www.bing.com/bingbot.htm) Chrome/116.0.1938.76 Safari/537.36"
40.77.167.8 - - [24/Apr/2026:01:33:55 -0500] "GET /sitemap-detail-2477.xml HTTP/1.0" 200 403499 "-" "Mozilla/5.0 AppleWebKit/537.36 (KHTML, like Gecko; compatible; bingbot/2.0; +http://www.bing.com/bingbot.htm) Chrome/116.0.1938.76 Safari/537.36"
40.77.167.8 - - [24/Apr/2026:01:33:58 -0500] "GET /sitemap-detail-1259.xml HTTP/1.0" 200 403661 "-" "Mozilla/5.0 AppleWebKit/537.36 (KHTML, like Gecko; compatible; bingbot/2.0; +http://www.bing.com/bingbot.htm) Chrome/116.0.1938.76 Safari/537.36"
52.167.144.19 - - [24/Apr/2026:01:34:08 -0500] "GET /sitemap-detail-1517.xml HTTP/1.0" 200 94104 "-" "Mozilla/5.0 AppleWebKit/537.36 (KHTML, like Gecko; compatible; bingbot/2.0; +http://www.bing.com/bingbot.htm) Chrome/116.0.1938.76 Safari/537.36"
40.77.167.25 - - [24/Apr/2026:01:34:26 -0500] "GET /sitemap-detail-1211.xml HTTP/1.0" 200 403830 "-" "Mozilla/5.0 AppleWebKit/537.36 (KHTML, like Gecko; compatible; bingbot/2.0; +http://www.bing.com/bingbot.htm) Chrome/116.0.1938.76 Safari/537.36"
40.77.167.25 - - [24/Apr/2026:01:34:29 -0500] "GET /sitemap-detail-986.xml HTTP/1.0" 200 94104 "-" "Mozilla/5.0 AppleWebKit/537.36 (KHTML, like Gecko; compatible; bingbot/2.0; +http://www.bing.com/bingbot.htm) Chrome/116.0.1938.76 Safari/537.36"
52.167.144.19 - - [24/Apr/2026:01:34:31 -0500] "GET /sitemap-detail-1576.xml HTTP/1.0" 200 403958 "-" "Mozilla/5.0 AppleWebKit/537.36 (KHTML, like Gecko; compatible; bingbot/2.0; +http://www.bing.com/bingbot.htm) Chrome/116.0.1938.76 Safari/537.36"
40.77.167.8 - - [24/Apr/2026:01:34:37 -0500] "GET /sitemap-detail-2818.xml HTTP/1.0" 200 403530 "-" "Mozilla/5.0 AppleWebKit/537.36 (KHTML, like Gecko; compatible; bingbot/2.0; +http://www.bing.com/bingbot.htm) Chrome/116.0.1938.76 Safari/537.36"
40.77.167.25 - - [24/Apr/2026:01:34:46 -0500] "GET /sitemap-detail-332.xml HTTP/1.0" 200 403606 "-" "Mozilla/5.0 AppleWebKit/537.36 (KHTML, like Gecko; compatible; bingbot/2.0; +http://www.bing.com/bingbot.htm) Chrome/116.0.1938.76 Safari/537.36"
52.167.144.19 - - [24/Apr/2026:01:34:51 -0500] "GET /sitemap-detail-2681.xml HTTP/1.0" 200 94104 "-" "Mozilla/5.0 AppleWebKit/537.36 (KHTML, like Gecko; compatible; bingbot/2.0; +http://www.bing.com/bingbot.htm) Chrome/116.0.1938.76 Safari/537.36"
40.77.167.25 - - [24/Apr/2026:01:35:46 -0500] "GET /sitemap-detail-2389.xml HTTP/1.0" 200 403469 "-" "Mozilla/5.0 AppleWebKit/537.36 (KHTML, like Gecko; compatible; bingbot/2.0; +http://www.bing.com/bingbot.htm) Chrome/116.0.1938.76 Safari/537.36"
40.77.167.8 - - [24/Apr/2026:01:35:51 -0500] "GET /sitemap-detail-919.xml HTTP/1.0" 200 403877 "-" "Mozilla/5.0 AppleWebKit/537.36 (KHTML, like Gecko; compatible; bingbot/2.0; +http://www.bing.com/bingbot.htm) Chrome/116.0.1938.76 Safari/537.36"
66.249.64.41 - - [24/Apr/2026:01:36:41 -0500] "GET /?392422232?products=0389806233 HTTP/1.0" 200 210725 "-" "Mozilla/5.0 (Linux; Android 6.0.1; Nexus 5X Build/MMB29P) AppleWebKit/537.36 (KHTML, like Gecko) Chrome/146.0.7680.177 Mobile Safari/537.36 (compatible; Googlebot/2.1; +http://www.google.com/bot.html)"
40.77.167.25 - - [24/Apr/2026:01:37:17 -0500] "GET /sitemap-detail-891.xml HTTP/1.0" 200 403961 "-" "Mozilla/5.0 AppleWebKit/537.36 (KHTML, like Gecko; compatible; bingbot/2.0; +http://www.bing.com/bingbot.htm) Chrome/116.0.1938.76 Safari/537.36"
52.167.144.19 - - [24/Apr/2026:01:37:21 -0500] "GET /sitemap-detail-951.xml HTTP/1.0" 200 403136 "-" "Mozilla/5.0 AppleWebKit/537.36 (KHTML, like Gecko; compatible; bingbot/2.0; +http://www.bing.com/bingbot.htm) Chrome/116.0.1938.76 Safari/537.36"
